{"id":60384,"date":"2025-05-28T15:04:54","date_gmt":"2025-05-28T14:04:54","guid":{"rendered":"https:\/\/www.istegroup.com\/?post_type=product&#038;p=60384"},"modified":"2025-06-23T11:26:00","modified_gmt":"2025-06-23T10:26:00","slug":"mediation-et-hierarchisation-des-savoirs-sur-la-communication","status":"publish","type":"product","link":"https:\/\/www.istegroup.com\/fr\/produit\/mediation-et-hierarchisation-des-savoirs-sur-la-communication\/","title":{"rendered":"M\u00e9diation et hi\u00e9rarchisation des savoirs sur la communication"},"content":{"rendered":"<p>Cet ouvrage traite des formes de s\u00e9lection et de m\u00e9diation des savoirs sur la communication dans les organisations, en portant la focale sur les formations professionnelles \u00e0 la communication. Il d\u00e9montre en quoi, et pourquoi, ce sont principalement certains types de savoirs \u00ab savants \u00bb, ext\u00e9rieurs aux sciences de l\u2019information et de la communication, qui sont privil\u00e9gi\u00e9s et v\u00e9hicul\u00e9s dans ces formations.<\/p>\n<p>Dans la formation professionnelle des communicants, les mod\u00e8les th\u00e9oriques mobilis\u00e9s tiennent davantage de la raison exp\u00e9rimentale et de la vis\u00e9e explicative pour construire des affirmations v\u00e9rifiables et contr\u00f4lables. Cette qu\u00eate de certitude conduit \u00e0 prendre pour \u00e9talon de scientificit\u00e9 les sciences du vivant, ce qui op\u00e8re une forme de biologisation de la communication que cet ouvrage entend d\u00e9construire, \u00e0 travers une \u00e9tude de corpus de catalogues d\u2019offres de formation, une enqu\u00eate par entretiens men\u00e9e aupr\u00e8s de formateurs, ainsi que des observations ethnographiques de stages de formation professionnelle \u00e0 la communication.<\/p>\n","protected":false},"excerpt":{"rendered":"<p>Cet ouvrage traite des formes de s\u00e9lection et de m\u00e9diation des savoirs sur la communication dans les organisations, en portant la focale sur les formations professionnelles \u00e0 la communication. Il d\u00e9montre en quoi, et pourquoi, ce sont principalement certains types de savoirs \u00ab savants \u00bb, ext\u00e9rieurs aux sciences de l\u2019information et de la communication, qui [&hellip;]<\/p>\n","protected":false},"featured_media":60399,"template":"","meta":{"_acf_changed":false,"_links_to":"","_links_to_target":""},"product_brand":[],"product_cat":[654,4289],"product_tag":[],"class_list":{"0":"post-60384","1":"product","2":"type-product","3":"status-publish","4":"has-post-thumbnail","6":"product_cat-agronomie-et-science-des-aliments","7":"product_cat-sciences","9":"first","10":"instock","11":"shipping-taxable","12":"purchasable","13":"product-type-variable"},"acf":[],"yoast_head":"<!-- This site is optimized with the Yoast SEO plugin v27.2 - https:\/\/yoast.com\/product\/yoast-seo-wordpress\/ -->\n<title>M\u00e9diation et hi\u00e9rarchisation des savoirs sur la communication - ISTE Group<\/title>\n<meta name=\"description\" content=\"Cet ouvrage traite des formes de s\u00e9lection et de m\u00e9diation des savoirs sur la communication dans les organisations, en portant la focale sur les formations professionnelles \u00e0 la communication.\" \/>\n<meta name=\"robots\" content=\"index, follow, max-snippet:-1, max-image-preview:large, max-video-preview:-1\" \/>\n<link rel=\"canonical\" href=\"https:\/\/www.istegroup.com\/produit\/mediation-et-hierarchisation-des-savoirs-sur-la-communication\/\" \/>\n<meta property=\"og:locale\" content=\"fr_FR\" \/>\n<meta property=\"og:type\" content=\"article\" \/>\n<meta property=\"og:title\" content=\"M\u00e9diation et hi\u00e9rarchisation des savoirs sur la communication - ISTE Group\" \/>\n<meta property=\"og:description\" content=\"Cet ouvrage traite des formes de s\u00e9lection et de m\u00e9diation des savoirs sur la communication dans les organisations, en portant la focale sur les formations professionnelles \u00e0 la communication.\" \/>\n<meta property=\"og:url\" content=\"https:\/\/www.istegroup.com\/produit\/mediation-et-hierarchisation-des-savoirs-sur-la-communication\/\" \/>\n<meta property=\"og:site_name\" content=\"ISTE Group\" \/>\n<meta property=\"article:modified_time\" content=\"2025-06-23T10:26:00+00:00\" \/>\n<meta property=\"og:image\" content=\"https:\/\/www.istegroup.com\/wp-content\/uploads\/2024\/05\/Mediation-et-hierarchisation-des-savoirs-sur-la-communication.jpg\" \/>\n\t<meta property=\"og:image:width\" content=\"300\" \/>\n\t<meta property=\"og:image:height\" content=\"450\" \/>\n\t<meta property=\"og:image:type\" content=\"image\/jpeg\" \/>\n<meta name=\"twitter:card\" content=\"summary_large_image\" \/>\n<meta name=\"twitter:label1\" content=\"Est. reading time\" \/>\n\t<meta name=\"twitter:data1\" content=\"1 minute\" \/>\n<script type=\"application\/ld+json\" class=\"yoast-schema-graph\">{\"@context\":\"https:\/\/schema.org\",\"@graph\":[{\"@type\":\"WebPage\",\"@id\":\"https:\/\/www.istegroup.com\/produit\/mediation-et-hierarchisation-des-savoirs-sur-la-communication\/\",\"url\":\"https:\/\/www.istegroup.com\/produit\/mediation-et-hierarchisation-des-savoirs-sur-la-communication\/\",\"name\":\"M\u00e9diation et hi\u00e9rarchisation des savoirs sur la communication - ISTE Group\",\"isPartOf\":{\"@id\":\"https:\/\/www.istegroup.com\/#website\"},\"primaryImageOfPage\":{\"@id\":\"https:\/\/www.istegroup.com\/produit\/mediation-et-hierarchisation-des-savoirs-sur-la-communication\/#primaryimage\"},\"image\":{\"@id\":\"https:\/\/www.istegroup.com\/produit\/mediation-et-hierarchisation-des-savoirs-sur-la-communication\/#primaryimage\"},\"thumbnailUrl\":\"https:\/\/www.istegroup.com\/wp-content\/uploads\/2024\/05\/Mediation-et-hierarchisation-des-savoirs-sur-la-communication.jpg\",\"datePublished\":\"2025-05-28T14:04:54+00:00\",\"dateModified\":\"2025-06-23T10:26:00+00:00\",\"description\":\"Cet ouvrage traite des formes de s\u00e9lection et de m\u00e9diation des savoirs sur la communication dans les organisations, en portant la focale sur les formations professionnelles \u00e0 la communication.\",\"breadcrumb\":{\"@id\":\"https:\/\/www.istegroup.com\/produit\/mediation-et-hierarchisation-des-savoirs-sur-la-communication\/#breadcrumb\"},\"inLanguage\":\"fr-FR\",\"potentialAction\":[{\"@type\":\"ReadAction\",\"target\":[\"https:\/\/www.istegroup.com\/produit\/mediation-et-hierarchisation-des-savoirs-sur-la-communication\/\"]}]},{\"@type\":\"ImageObject\",\"inLanguage\":\"fr-FR\",\"@id\":\"https:\/\/www.istegroup.com\/produit\/mediation-et-hierarchisation-des-savoirs-sur-la-communication\/#primaryimage\",\"url\":\"https:\/\/www.istegroup.com\/wp-content\/uploads\/2024\/05\/Mediation-et-hierarchisation-des-savoirs-sur-la-communication.jpg\",\"contentUrl\":\"https:\/\/www.istegroup.com\/wp-content\/uploads\/2024\/05\/Mediation-et-hierarchisation-des-savoirs-sur-la-communication.jpg\",\"width\":300,\"height\":450},{\"@type\":\"BreadcrumbList\",\"@id\":\"https:\/\/www.istegroup.com\/produit\/mediation-et-hierarchisation-des-savoirs-sur-la-communication\/#breadcrumb\",\"itemListElement\":[{\"@type\":\"ListItem\",\"position\":1,\"name\":\"Home\",\"item\":\"https:\/\/www.istegroup.com\/\"},{\"@type\":\"ListItem\",\"position\":2,\"name\":\"Shop\",\"item\":\"https:\/\/www.istegroup.com\/fr\/nouveautes\/\"},{\"@type\":\"ListItem\",\"position\":3,\"name\":\"M\u00e9diation et hi\u00e9rarchisation des savoirs sur la communication\"}]},{\"@type\":\"WebSite\",\"@id\":\"https:\/\/www.istegroup.com\/#website\",\"url\":\"https:\/\/www.istegroup.com\/\",\"name\":\"ISTE Group\",\"description\":\"\u00c9diteur des Sciences\",\"potentialAction\":[{\"@type\":\"SearchAction\",\"target\":{\"@type\":\"EntryPoint\",\"urlTemplate\":\"https:\/\/www.istegroup.com\/?s={search_term_string}\"},\"query-input\":{\"@type\":\"PropertyValueSpecification\",\"valueRequired\":true,\"valueName\":\"search_term_string\"}}],\"inLanguage\":\"fr-FR\"}]}<\/script>\n<!-- \/ Yoast SEO plugin. -->","yoast_head_json":{"title":"M\u00e9diation et hi\u00e9rarchisation des savoirs sur la communication - ISTE Group","description":"Cet ouvrage traite des formes de s\u00e9lection et de m\u00e9diation des savoirs sur la communication dans les organisations, en portant la focale sur les formations professionnelles \u00e0 la communication.","robots":{"index":"index","follow":"follow","max-snippet":"max-snippet:-1","max-image-preview":"max-image-preview:large","max-video-preview":"max-video-preview:-1"},"canonical":"https:\/\/www.istegroup.com\/produit\/mediation-et-hierarchisation-des-savoirs-sur-la-communication\/","og_locale":"fr_FR","og_type":"article","og_title":"M\u00e9diation et hi\u00e9rarchisation des savoirs sur la communication - ISTE Group","og_description":"Cet ouvrage traite des formes de s\u00e9lection et de m\u00e9diation des savoirs sur la communication dans les organisations, en portant la focale sur les formations professionnelles \u00e0 la communication.","og_url":"https:\/\/www.istegroup.com\/produit\/mediation-et-hierarchisation-des-savoirs-sur-la-communication\/","og_site_name":"ISTE Group","article_modified_time":"2025-06-23T10:26:00+00:00","og_image":[{"width":300,"height":450,"url":"https:\/\/www.istegroup.com\/wp-content\/uploads\/2024\/05\/Mediation-et-hierarchisation-des-savoirs-sur-la-communication.jpg","type":"image\/jpeg"}],"twitter_card":"summary_large_image","twitter_misc":{"Est. reading time":"1 minute"},"schema":{"@context":"https:\/\/schema.org","@graph":[{"@type":"WebPage","@id":"https:\/\/www.istegroup.com\/produit\/mediation-et-hierarchisation-des-savoirs-sur-la-communication\/","url":"https:\/\/www.istegroup.com\/produit\/mediation-et-hierarchisation-des-savoirs-sur-la-communication\/","name":"M\u00e9diation et hi\u00e9rarchisation des savoirs sur la communication - ISTE Group","isPartOf":{"@id":"https:\/\/www.istegroup.com\/#website"},"primaryImageOfPage":{"@id":"https:\/\/www.istegroup.com\/produit\/mediation-et-hierarchisation-des-savoirs-sur-la-communication\/#primaryimage"},"image":{"@id":"https:\/\/www.istegroup.com\/produit\/mediation-et-hierarchisation-des-savoirs-sur-la-communication\/#primaryimage"},"thumbnailUrl":"https:\/\/www.istegroup.com\/wp-content\/uploads\/2024\/05\/Mediation-et-hierarchisation-des-savoirs-sur-la-communication.jpg","datePublished":"2025-05-28T14:04:54+00:00","dateModified":"2025-06-23T10:26:00+00:00","description":"Cet ouvrage traite des formes de s\u00e9lection et de m\u00e9diation des savoirs sur la communication dans les organisations, en portant la focale sur les formations professionnelles \u00e0 la communication.","breadcrumb":{"@id":"https:\/\/www.istegroup.com\/produit\/mediation-et-hierarchisation-des-savoirs-sur-la-communication\/#breadcrumb"},"inLanguage":"fr-FR","potentialAction":[{"@type":"ReadAction","target":["https:\/\/www.istegroup.com\/produit\/mediation-et-hierarchisation-des-savoirs-sur-la-communication\/"]}]},{"@type":"ImageObject","inLanguage":"fr-FR","@id":"https:\/\/www.istegroup.com\/produit\/mediation-et-hierarchisation-des-savoirs-sur-la-communication\/#primaryimage","url":"https:\/\/www.istegroup.com\/wp-content\/uploads\/2024\/05\/Mediation-et-hierarchisation-des-savoirs-sur-la-communication.jpg","contentUrl":"https:\/\/www.istegroup.com\/wp-content\/uploads\/2024\/05\/Mediation-et-hierarchisation-des-savoirs-sur-la-communication.jpg","width":300,"height":450},{"@type":"BreadcrumbList","@id":"https:\/\/www.istegroup.com\/produit\/mediation-et-hierarchisation-des-savoirs-sur-la-communication\/#breadcrumb","itemListElement":[{"@type":"ListItem","position":1,"name":"Home","item":"https:\/\/www.istegroup.com\/"},{"@type":"ListItem","position":2,"name":"Shop","item":"https:\/\/www.istegroup.com\/fr\/nouveautes\/"},{"@type":"ListItem","position":3,"name":"M\u00e9diation et hi\u00e9rarchisation des savoirs sur la communication"}]},{"@type":"WebSite","@id":"https:\/\/www.istegroup.com\/#website","url":"https:\/\/www.istegroup.com\/","name":"ISTE Group","description":"\u00c9diteur des Sciences","potentialAction":[{"@type":"SearchAction","target":{"@type":"EntryPoint","urlTemplate":"https:\/\/www.istegroup.com\/?s={search_term_string}"},"query-input":{"@type":"PropertyValueSpecification","valueRequired":true,"valueName":"search_term_string"}}],"inLanguage":"fr-FR"}]}},"_links":{"self":[{"href":"https:\/\/www.istegroup.com\/fr\/wp-json\/wp\/v2\/product\/60384","targetHints":{"allow":["GET"]}}],"collection":[{"href":"https:\/\/www.istegroup.com\/fr\/wp-json\/wp\/v2\/product"}],"about":[{"href":"https:\/\/www.istegroup.com\/fr\/wp-json\/wp\/v2\/types\/product"}],"wp:featuredmedia":[{"embeddable":true,"href":"https:\/\/www.istegroup.com\/fr\/wp-json\/wp\/v2\/media\/60399"}],"wp:attachment":[{"href":"https:\/\/www.istegroup.com\/fr\/wp-json\/wp\/v2\/media?parent=60384"}],"wp:term":[{"taxonomy":"product_brand","embeddable":true,"href":"https:\/\/www.istegroup.com\/fr\/wp-json\/wp\/v2\/product_brand?post=60384"},{"taxonomy":"product_cat","embeddable":true,"href":"https:\/\/www.istegroup.com\/fr\/wp-json\/wp\/v2\/product_cat?post=60384"},{"taxonomy":"product_tag","embeddable":true,"href":"https:\/\/www.istegroup.com\/fr\/wp-json\/wp\/v2\/product_tag?post=60384"}],"curies":[{"name":"wp","href":"https:\/\/api.w.org\/{rel}","templated":true}]}}

Médiation et hiérarchisation des savoirs sur la communication

<p>Cet ouvrage traite des formes de sélection et de médiation des savoirs sur la communication dans les organisations, en portant la focale sur les formations professionnelles à la communication. Il démontre en quoi, et pourquoi, ce sont principalement certains types de savoirs « savants », extérieurs aux sciences de l’information et de la communication, qui sont privilégiés et véhiculés dans ces formations.</p>
<p>Dans la formation professionnelle des communicants, les modèles théoriques mobilisés tiennent davantage de la raison expérimentale et de la visée explicative pour construire des affirmations vérifiables et contrôlables. Cette quête de certitude conduit à prendre pour étalon de scientificité les sciences du vivant, ce qui opère une forme de biologisation de la communication que cet ouvrage entend déconstruire, à travers une étude de corpus de catalogues d’offres de formation, une enquête par entretiens menée auprès de formateurs, ainsi que des observations ethnographiques de stages de formation professionnelle à la communication.</p>

<p>Cet ouvrage traite des formes de sélection et de médiation des savoirs sur la communication dans les organisations, en portant la focale sur les formations professionnelles à la communication. Il démontre en quoi, et pourquoi, ce sont principalement certains types de savoirs « savants », extérieurs aux sciences de l’information et de la communication, qui [&hellip;]</p>

<!-- This site is optimized with the Yoast SEO plugin v27.2 - https://yoast.com/product/yoast-seo-wordpress/ -->
<title>Médiation et hiérarchisation des savoirs sur la communication - ISTE Group</title>
<meta name="description" content="Cet ouvrage traite des formes de sélection et de médiation des savoirs sur la communication dans les organisations, en portant la focale sur les formations professionnelles à la communication." />
<meta name="robots" content="index, follow, max-snippet:-1, max-image-preview:large, max-video-preview:-1" />
<link rel="canonical" href="https://www.istegroup.com/produit/mediation-et-hierarchisation-des-savoirs-sur-la-communication/" />
<meta property="og:locale" content="fr_FR" />
<meta property="og:type" content="article" />
<meta property="og:title" content="Médiation et hiérarchisation des savoirs sur la communication - ISTE Group" />
<meta property="og:description" content="Cet ouvrage traite des formes de sélection et de médiation des savoirs sur la communication dans les organisations, en portant la focale sur les formations professionnelles à la communication." />
<meta property="og:url" content="https://www.istegroup.com/produit/mediation-et-hierarchisation-des-savoirs-sur-la-communication/" />
<meta property="og:site_name" content="ISTE Group" />
<meta property="article:modified_time" content="2025-06-23T10:26:00+00:00" />
<meta property="og:image" content="https://www.istegroup.com/wp-content/uploads/2024/05/Mediation-et-hierarchisation-des-savoirs-sur-la-communication.jpg" />
	<meta property="og:image:width" content="300" />
	<meta property="og:image:height" content="450" />
	<meta property="og:image:type" content="image/jpeg" />
<meta name="twitter:card" content="summary_large_image" />
<meta name="twitter:label1" content="Est. reading time" />
	<meta name="twitter:data1" content="1 minute" />
<script type="application/ld+json" class="yoast-schema-graph">{"@context":"https://schema.org","@graph":[{"@type":"WebPage","@id":"https://www.istegroup.com/produit/mediation-et-hierarchisation-des-savoirs-sur-la-communication/","url":"https://www.istegroup.com/produit/mediation-et-hierarchisation-des-savoirs-sur-la-communication/","name":"Médiation et hiérarchisation des savoirs sur la communication - ISTE Group","isPartOf":{"@id":"https://www.istegroup.com/#website"},"primaryImageOfPage":{"@id":"https://www.istegroup.com/produit/mediation-et-hierarchisation-des-savoirs-sur-la-communication/#primaryimage"},"image":{"@id":"https://www.istegroup.com/produit/mediation-et-hierarchisation-des-savoirs-sur-la-communication/#primaryimage"},"thumbnailUrl":"https://www.istegroup.com/wp-content/uploads/2024/05/Mediation-et-hierarchisation-des-savoirs-sur-la-communication.jpg","datePublished":"2025-05-28T14:04:54+00:00","dateModified":"2025-06-23T10:26:00+00:00","description":"Cet ouvrage traite des formes de sélection et de médiation des savoirs sur la communication dans les organisations, en portant la focale sur les formations professionnelles à la communication.","breadcrumb":{"@id":"https://www.istegroup.com/produit/mediation-et-hierarchisation-des-savoirs-sur-la-communication/#breadcrumb"},"inLanguage":"fr-FR","potentialAction":[{"@type":"ReadAction","target":["https://www.istegroup.com/produit/mediation-et-hierarchisation-des-savoirs-sur-la-communication/"]}]},{"@type":"ImageObject","inLanguage":"fr-FR","@id":"https://www.istegroup.com/produit/mediation-et-hierarchisation-des-savoirs-sur-la-communication/#primaryimage","url":"https://www.istegroup.com/wp-content/uploads/2024/05/Mediation-et-hierarchisation-des-savoirs-sur-la-communication.jpg","contentUrl":"https://www.istegroup.com/wp-content/uploads/2024/05/Mediation-et-hierarchisation-des-savoirs-sur-la-communication.jpg","width":300,"height":450},{"@type":"BreadcrumbList","@id":"https://www.istegroup.com/produit/mediation-et-hierarchisation-des-savoirs-sur-la-communication/#breadcrumb","itemListElement":[{"@type":"ListItem","position":1,"name":"Home","item":"https://www.istegroup.com/"},{"@type":"ListItem","position":2,"name":"Shop","item":"https://www.istegroup.com/fr/nouveautes/"},{"@type":"ListItem","position":3,"name":"Médiation et hiérarchisation des savoirs sur la communication"}]},{"@type":"WebSite","@id":"https://www.istegroup.com/#website","url":"https://www.istegroup.com/","name":"ISTE Group","description":"Éditeur des Sciences","potentialAction":[{"@type":"SearchAction","target":{"@type":"EntryPoint","urlTemplate":"https://www.istegroup.com/?s={search_term_string}"},"query-input":{"@type":"PropertyValueSpecification","valueRequired":true,"valueName":"search_term_string"}}],"inLanguage":"fr-FR"}]}</script>
<!-- / Yoast SEO plugin. -->

Médiation et hiérarchisation des savoirs sur la communication - ISTE Group

Cet ouvrage traite des formes de sélection et de médiation des savoirs sur la communication dans les organisations, en portant la focale sur les formations professionnelles à la communication.

Éditeur des Sciences
