{"id":47774,"date":"2022-08-31T10:18:40","date_gmt":"2022-08-31T09:18:40","guid":{"rendered":"https:\/\/www.istegroup.com\/?post_type=product&#038;p=47774"},"modified":"2024-01-03T13:46:28","modified_gmt":"2024-01-03T13:46:28","slug":"buffon-et-daubenton-deux-conceptions-de-lhistoire-naturelle-au-siecle-des-lumieres","status":"publish","type":"product","link":"https:\/\/www.istegroup.com\/fr\/produit\/buffon-et-daubenton-deux-conceptions-de-lhistoire-naturelle-au-siecle-des-lumieres\/","title":{"rendered":"Buffon et Daubenton : deux conceptions de l\u2019histoire naturelle au si\u00e8cle des Lumi\u00e8res"},"content":{"rendered":"<p>Sous l\u2019impulsion de Descartes, les savants et philosophes du XVIIIe si\u00e8cle \u00e9tendirent aux animaux les lois physiques qui organisent le monde. Les deux grands naturalistes Buffon et Daubenton expriment cette philosophie de mani\u00e8re diff\u00e9rente dans leurs travaux respectifs.<\/p>\n<p><em> Buffon et Daubenton : deux conceptions de l\u2019histoire naturelle au si\u00e8cle des Lumi\u00e8res<\/em> pr\u00e9sente les deux conceptions de l\u2019histoire naturelle de ces grands savants. Buffon, auteur du chef d\u2019oeuvre <em>L\u2019Histoire Naturelle g\u00e9n\u00e9rale et particuli\u00e8re<\/em> a un go\u00fbt immod\u00e9r\u00e9 pour les longues descriptions imag\u00e9es des animaux et l\u2019examen d\u00e9taill\u00e9 de tous leurs comportements. Daubenton, pour sa part, est reconnu comme un disciple scrupuleux de l\u2019esprit de logique cart\u00e9sien. Il se chargea des descriptions anatomiques des animaux des quinze premiers volumes de <em>L\u2019Histoire Naturelle<\/em>.<\/p>\n<p>\u00c0 partir de leurs textes th\u00e9oriques respectifs et de trois exemples, le loup, le cheval et le singe, le lecteur d\u00e9couvrira les pr\u00e9misses du transformisme pr\u00e9sent dans la pens\u00e9e des deux savants.<\/p>","protected":false},"excerpt":{"rendered":"<p>Sous l\u2019impulsion de Descartes, les savants et philosophes du XVIIIe si\u00e8cle \u00e9tendirent aux animaux les lois physiques qui organisent le monde. Les deux grands naturalistes Buffon et Daubenton expriment cette philosophie de mani\u00e8re diff\u00e9rente dans leurs travaux respectifs. Buffon et Daubenton : deux conceptions de l\u2019histoire naturelle au si\u00e8cle des Lumi\u00e8res pr\u00e9sente les deux conceptions [&hellip;]<\/p>\n","protected":false},"featured_media":47780,"template":"","meta":{"_acf_changed":false,"_links_to":"","_links_to_target":""},"product_brand":[],"product_cat":[3262],"product_tag":[],"class_list":{"0":"post-47774","1":"product","2":"type-product","3":"status-publish","4":"has-post-thumbnail","6":"product_cat-non-classe","8":"first","9":"instock","10":"shipping-taxable","11":"purchasable","12":"product-type-variable"},"acf":[],"yoast_head":"<!-- This site is optimized with the Yoast SEO plugin v27.2 - https:\/\/yoast.com\/product\/yoast-seo-wordpress\/ -->\n<title>Buffon et Daubenton : deux conceptions de l\u2019histoire naturelle au si\u00e8cle des Lumi\u00e8res - ISTE Group<\/title>\n<meta name=\"description\" content=\"Buffon et Daubenton : deux conceptions de l\u2019histoire naturelle au si\u00e8cle des Lumi\u00e8res pr\u00e9sente les deux conceptions de l\u2019histoire naturelle de ces grands savants.\" \/>\n<meta name=\"robots\" content=\"index, follow, max-snippet:-1, max-image-preview:large, max-video-preview:-1\" \/>\n<link rel=\"canonical\" href=\"https:\/\/www.istegroup.com\/en\/produit\/buffon-et-daubenton-deux-conceptions-de-lhistoire-naturelle-au-siecle-des-lumieres\/\" \/>\n<meta property=\"og:locale\" content=\"fr_FR\" \/>\n<meta property=\"og:type\" content=\"article\" \/>\n<meta property=\"og:title\" content=\"Buffon et Daubenton : deux conceptions de l\u2019histoire naturelle au si\u00e8cle des Lumi\u00e8res - ISTE Group\" \/>\n<meta property=\"og:description\" content=\"Buffon et Daubenton : deux conceptions de l\u2019histoire naturelle au si\u00e8cle des Lumi\u00e8res pr\u00e9sente les deux conceptions de l\u2019histoire naturelle de ces grands savants.\" \/>\n<meta property=\"og:url\" content=\"https:\/\/www.istegroup.com\/en\/produit\/buffon-et-daubenton-deux-conceptions-de-lhistoire-naturelle-au-siecle-des-lumieres\/\" \/>\n<meta property=\"og:site_name\" content=\"ISTE Group\" \/>\n<meta property=\"article:modified_time\" content=\"2024-01-03T13:46:28+00:00\" \/>\n<meta property=\"og:image\" content=\"https:\/\/www.istegroup.com\/wp-content\/uploads\/2022\/08\/Buffon-et-Daubenton-deux-conceptions-de-lhistoire-naturelle.jpg\" \/>\n\t<meta property=\"og:image:width\" content=\"599\" \/>\n\t<meta property=\"og:image:height\" content=\"901\" \/>\n\t<meta property=\"og:image:type\" content=\"image\/jpeg\" \/>\n<meta name=\"twitter:card\" content=\"summary_large_image\" \/>\n<meta name=\"twitter:label1\" content=\"Est. reading time\" \/>\n\t<meta name=\"twitter:data1\" content=\"1 minute\" \/>\n<script type=\"application\/ld+json\" class=\"yoast-schema-graph\">{\"@context\":\"https:\/\/schema.org\",\"@graph\":[{\"@type\":\"WebPage\",\"@id\":\"https:\/\/www.istegroup.com\/en\/produit\/buffon-et-daubenton-deux-conceptions-de-lhistoire-naturelle-au-siecle-des-lumieres\/\",\"url\":\"https:\/\/www.istegroup.com\/en\/produit\/buffon-et-daubenton-deux-conceptions-de-lhistoire-naturelle-au-siecle-des-lumieres\/\",\"name\":\"Buffon et Daubenton : deux conceptions de l\u2019histoire naturelle au si\u00e8cle des Lumi\u00e8res - ISTE Group\",\"isPartOf\":{\"@id\":\"https:\/\/www.istegroup.com\/#website\"},\"primaryImageOfPage\":{\"@id\":\"https:\/\/www.istegroup.com\/en\/produit\/buffon-et-daubenton-deux-conceptions-de-lhistoire-naturelle-au-siecle-des-lumieres\/#primaryimage\"},\"image\":{\"@id\":\"https:\/\/www.istegroup.com\/en\/produit\/buffon-et-daubenton-deux-conceptions-de-lhistoire-naturelle-au-siecle-des-lumieres\/#primaryimage\"},\"thumbnailUrl\":\"https:\/\/www.istegroup.com\/wp-content\/uploads\/2022\/08\/Buffon-et-Daubenton-deux-conceptions-de-lhistoire-naturelle.jpg\",\"datePublished\":\"2022-08-31T09:18:40+00:00\",\"dateModified\":\"2024-01-03T13:46:28+00:00\",\"description\":\"Buffon et Daubenton : deux conceptions de l\u2019histoire naturelle au si\u00e8cle des Lumi\u00e8res pr\u00e9sente les deux conceptions de l\u2019histoire naturelle de ces grands savants.\",\"breadcrumb\":{\"@id\":\"https:\/\/www.istegroup.com\/en\/produit\/buffon-et-daubenton-deux-conceptions-de-lhistoire-naturelle-au-siecle-des-lumieres\/#breadcrumb\"},\"inLanguage\":\"fr-FR\",\"potentialAction\":[{\"@type\":\"ReadAction\",\"target\":[\"https:\/\/www.istegroup.com\/en\/produit\/buffon-et-daubenton-deux-conceptions-de-lhistoire-naturelle-au-siecle-des-lumieres\/\"]}]},{\"@type\":\"ImageObject\",\"inLanguage\":\"fr-FR\",\"@id\":\"https:\/\/www.istegroup.com\/en\/produit\/buffon-et-daubenton-deux-conceptions-de-lhistoire-naturelle-au-siecle-des-lumieres\/#primaryimage\",\"url\":\"https:\/\/www.istegroup.com\/wp-content\/uploads\/2022\/08\/Buffon-et-Daubenton-deux-conceptions-de-lhistoire-naturelle.jpg\",\"contentUrl\":\"https:\/\/www.istegroup.com\/wp-content\/uploads\/2022\/08\/Buffon-et-Daubenton-deux-conceptions-de-lhistoire-naturelle.jpg\",\"width\":599,\"height\":901,\"caption\":\"Livre scientifique - Buffon et Daubenton - deux conceptions de l\u2019histoire naturelle - Paul Mazliak\"},{\"@type\":\"BreadcrumbList\",\"@id\":\"https:\/\/www.istegroup.com\/en\/produit\/buffon-et-daubenton-deux-conceptions-de-lhistoire-naturelle-au-siecle-des-lumieres\/#breadcrumb\",\"itemListElement\":[{\"@type\":\"ListItem\",\"position\":1,\"name\":\"Home\",\"item\":\"https:\/\/www.istegroup.com\/\"},{\"@type\":\"ListItem\",\"position\":2,\"name\":\"Shop\",\"item\":\"https:\/\/www.istegroup.com\/fr\/nouveautes\/\"},{\"@type\":\"ListItem\",\"position\":3,\"name\":\"Buffon et Daubenton : deux conceptions de l\u2019histoire naturelle au si\u00e8cle des Lumi\u00e8res\"}]},{\"@type\":\"WebSite\",\"@id\":\"https:\/\/www.istegroup.com\/#website\",\"url\":\"https:\/\/www.istegroup.com\/\",\"name\":\"ISTE Group\",\"description\":\"\u00c9diteur des Sciences\",\"potentialAction\":[{\"@type\":\"SearchAction\",\"target\":{\"@type\":\"EntryPoint\",\"urlTemplate\":\"https:\/\/www.istegroup.com\/?s={search_term_string}\"},\"query-input\":{\"@type\":\"PropertyValueSpecification\",\"valueRequired\":true,\"valueName\":\"search_term_string\"}}],\"inLanguage\":\"fr-FR\"}]}<\/script>\n<!-- \/ Yoast SEO plugin. -->","yoast_head_json":{"title":"Buffon et Daubenton : deux conceptions de l\u2019histoire naturelle au si\u00e8cle des Lumi\u00e8res - ISTE Group","description":"Buffon et Daubenton : deux conceptions de l\u2019histoire naturelle au si\u00e8cle des Lumi\u00e8res pr\u00e9sente les deux conceptions de l\u2019histoire naturelle de ces grands savants.","robots":{"index":"index","follow":"follow","max-snippet":"max-snippet:-1","max-image-preview":"max-image-preview:large","max-video-preview":"max-video-preview:-1"},"canonical":"https:\/\/www.istegroup.com\/en\/produit\/buffon-et-daubenton-deux-conceptions-de-lhistoire-naturelle-au-siecle-des-lumieres\/","og_locale":"fr_FR","og_type":"article","og_title":"Buffon et Daubenton : deux conceptions de l\u2019histoire naturelle au si\u00e8cle des Lumi\u00e8res - ISTE Group","og_description":"Buffon et Daubenton : deux conceptions de l\u2019histoire naturelle au si\u00e8cle des Lumi\u00e8res pr\u00e9sente les deux conceptions de l\u2019histoire naturelle de ces grands savants.","og_url":"https:\/\/www.istegroup.com\/en\/produit\/buffon-et-daubenton-deux-conceptions-de-lhistoire-naturelle-au-siecle-des-lumieres\/","og_site_name":"ISTE Group","article_modified_time":"2024-01-03T13:46:28+00:00","og_image":[{"width":599,"height":901,"url":"https:\/\/www.istegroup.com\/wp-content\/uploads\/2022\/08\/Buffon-et-Daubenton-deux-conceptions-de-lhistoire-naturelle.jpg","type":"image\/jpeg"}],"twitter_card":"summary_large_image","twitter_misc":{"Est. reading time":"1 minute"},"schema":{"@context":"https:\/\/schema.org","@graph":[{"@type":"WebPage","@id":"https:\/\/www.istegroup.com\/en\/produit\/buffon-et-daubenton-deux-conceptions-de-lhistoire-naturelle-au-siecle-des-lumieres\/","url":"https:\/\/www.istegroup.com\/en\/produit\/buffon-et-daubenton-deux-conceptions-de-lhistoire-naturelle-au-siecle-des-lumieres\/","name":"Buffon et Daubenton : deux conceptions de l\u2019histoire naturelle au si\u00e8cle des Lumi\u00e8res - ISTE Group","isPartOf":{"@id":"https:\/\/www.istegroup.com\/#website"},"primaryImageOfPage":{"@id":"https:\/\/www.istegroup.com\/en\/produit\/buffon-et-daubenton-deux-conceptions-de-lhistoire-naturelle-au-siecle-des-lumieres\/#primaryimage"},"image":{"@id":"https:\/\/www.istegroup.com\/en\/produit\/buffon-et-daubenton-deux-conceptions-de-lhistoire-naturelle-au-siecle-des-lumieres\/#primaryimage"},"thumbnailUrl":"https:\/\/www.istegroup.com\/wp-content\/uploads\/2022\/08\/Buffon-et-Daubenton-deux-conceptions-de-lhistoire-naturelle.jpg","datePublished":"2022-08-31T09:18:40+00:00","dateModified":"2024-01-03T13:46:28+00:00","description":"Buffon et Daubenton : deux conceptions de l\u2019histoire naturelle au si\u00e8cle des Lumi\u00e8res pr\u00e9sente les deux conceptions de l\u2019histoire naturelle de ces grands savants.","breadcrumb":{"@id":"https:\/\/www.istegroup.com\/en\/produit\/buffon-et-daubenton-deux-conceptions-de-lhistoire-naturelle-au-siecle-des-lumieres\/#breadcrumb"},"inLanguage":"fr-FR","potentialAction":[{"@type":"ReadAction","target":["https:\/\/www.istegroup.com\/en\/produit\/buffon-et-daubenton-deux-conceptions-de-lhistoire-naturelle-au-siecle-des-lumieres\/"]}]},{"@type":"ImageObject","inLanguage":"fr-FR","@id":"https:\/\/www.istegroup.com\/en\/produit\/buffon-et-daubenton-deux-conceptions-de-lhistoire-naturelle-au-siecle-des-lumieres\/#primaryimage","url":"https:\/\/www.istegroup.com\/wp-content\/uploads\/2022\/08\/Buffon-et-Daubenton-deux-conceptions-de-lhistoire-naturelle.jpg","contentUrl":"https:\/\/www.istegroup.com\/wp-content\/uploads\/2022\/08\/Buffon-et-Daubenton-deux-conceptions-de-lhistoire-naturelle.jpg","width":599,"height":901,"caption":"Livre scientifique - Buffon et Daubenton - deux conceptions de l\u2019histoire naturelle - Paul Mazliak"},{"@type":"BreadcrumbList","@id":"https:\/\/www.istegroup.com\/en\/produit\/buffon-et-daubenton-deux-conceptions-de-lhistoire-naturelle-au-siecle-des-lumieres\/#breadcrumb","itemListElement":[{"@type":"ListItem","position":1,"name":"Home","item":"https:\/\/www.istegroup.com\/"},{"@type":"ListItem","position":2,"name":"Shop","item":"https:\/\/www.istegroup.com\/fr\/nouveautes\/"},{"@type":"ListItem","position":3,"name":"Buffon et Daubenton : deux conceptions de l\u2019histoire naturelle au si\u00e8cle des Lumi\u00e8res"}]},{"@type":"WebSite","@id":"https:\/\/www.istegroup.com\/#website","url":"https:\/\/www.istegroup.com\/","name":"ISTE Group","description":"\u00c9diteur des Sciences","potentialAction":[{"@type":"SearchAction","target":{"@type":"EntryPoint","urlTemplate":"https:\/\/www.istegroup.com\/?s={search_term_string}"},"query-input":{"@type":"PropertyValueSpecification","valueRequired":true,"valueName":"search_term_string"}}],"inLanguage":"fr-FR"}]}},"_links":{"self":[{"href":"https:\/\/www.istegroup.com\/fr\/wp-json\/wp\/v2\/product\/47774","targetHints":{"allow":["GET"]}}],"collection":[{"href":"https:\/\/www.istegroup.com\/fr\/wp-json\/wp\/v2\/product"}],"about":[{"href":"https:\/\/www.istegroup.com\/fr\/wp-json\/wp\/v2\/types\/product"}],"wp:featuredmedia":[{"embeddable":true,"href":"https:\/\/www.istegroup.com\/fr\/wp-json\/wp\/v2\/media\/47780"}],"wp:attachment":[{"href":"https:\/\/www.istegroup.com\/fr\/wp-json\/wp\/v2\/media?parent=47774"}],"wp:term":[{"taxonomy":"product_brand","embeddable":true,"href":"https:\/\/www.istegroup.com\/fr\/wp-json\/wp\/v2\/product_brand?post=47774"},{"taxonomy":"product_cat","embeddable":true,"href":"https:\/\/www.istegroup.com\/fr\/wp-json\/wp\/v2\/product_cat?post=47774"},{"taxonomy":"product_tag","embeddable":true,"href":"https:\/\/www.istegroup.com\/fr\/wp-json\/wp\/v2\/product_tag?post=47774"}],"curies":[{"name":"wp","href":"https:\/\/api.w.org\/{rel}","templated":true}]}}

Buffon et Daubenton : deux conceptions de l’histoire naturelle au siècle des Lumières

<p>Sous l’impulsion de Descartes, les savants et philosophes du XVIIIe siècle étendirent aux animaux les lois physiques qui organisent le monde. Les deux grands naturalistes Buffon et Daubenton expriment cette philosophie de manière différente dans leurs travaux respectifs.</p>
<p><em> Buffon et Daubenton : deux conceptions de l’histoire naturelle au siècle des Lumières</em> présente les deux conceptions de l’histoire naturelle de ces grands savants. Buffon, auteur du chef d’oeuvre <em>L’Histoire Naturelle générale et particulière</em> a un goût immodéré pour les longues descriptions imagées des animaux et l’examen détaillé de tous leurs comportements. Daubenton, pour sa part, est reconnu comme un disciple scrupuleux de l’esprit de logique cartésien. Il se chargea des descriptions anatomiques des animaux des quinze premiers volumes de <em>L’Histoire Naturelle</em>.</p>
<p>À partir de leurs textes théoriques respectifs et de trois exemples, le loup, le cheval et le singe, le lecteur découvrira les prémisses du transformisme présent dans la pensée des deux savants.</p>

<p>Sous l’impulsion de Descartes, les savants et philosophes du XVIIIe siècle étendirent aux animaux les lois physiques qui organisent le monde. Les deux grands naturalistes Buffon et Daubenton expriment cette philosophie de manière différente dans leurs travaux respectifs. Buffon et Daubenton : deux conceptions de l’histoire naturelle au siècle des Lumières présente les deux conceptions [&hellip;]</p>

<!-- This site is optimized with the Yoast SEO plugin v27.2 - https://yoast.com/product/yoast-seo-wordpress/ -->
<title>Buffon et Daubenton : deux conceptions de l’histoire naturelle au siècle des Lumières - ISTE Group</title>
<meta name="description" content="Buffon et Daubenton : deux conceptions de l’histoire naturelle au siècle des Lumières présente les deux conceptions de l’histoire naturelle de ces grands savants." />
<meta name="robots" content="index, follow, max-snippet:-1, max-image-preview:large, max-video-preview:-1" />
<link rel="canonical" href="https://www.istegroup.com/en/produit/buffon-et-daubenton-deux-conceptions-de-lhistoire-naturelle-au-siecle-des-lumieres/" />
<meta property="og:locale" content="fr_FR" />
<meta property="og:type" content="article" />
<meta property="og:title" content="Buffon et Daubenton : deux conceptions de l’histoire naturelle au siècle des Lumières - ISTE Group" />
<meta property="og:description" content="Buffon et Daubenton : deux conceptions de l’histoire naturelle au siècle des Lumières présente les deux conceptions de l’histoire naturelle de ces grands savants." />
<meta property="og:url" content="https://www.istegroup.com/en/produit/buffon-et-daubenton-deux-conceptions-de-lhistoire-naturelle-au-siecle-des-lumieres/" />
<meta property="og:site_name" content="ISTE Group" />
<meta property="article:modified_time" content="2024-01-03T13:46:28+00:00" />
<meta property="og:image" content="https://www.istegroup.com/wp-content/uploads/2022/08/Buffon-et-Daubenton-deux-conceptions-de-lhistoire-naturelle.jpg" />
	<meta property="og:image:width" content="599" />
	<meta property="og:image:height" content="901" />
	<meta property="og:image:type" content="image/jpeg" />
<meta name="twitter:card" content="summary_large_image" />
<meta name="twitter:label1" content="Est. reading time" />
	<meta name="twitter:data1" content="1 minute" />
<script type="application/ld+json" class="yoast-schema-graph">{"@context":"https://schema.org","@graph":[{"@type":"WebPage","@id":"https://www.istegroup.com/en/produit/buffon-et-daubenton-deux-conceptions-de-lhistoire-naturelle-au-siecle-des-lumieres/","url":"https://www.istegroup.com/en/produit/buffon-et-daubenton-deux-conceptions-de-lhistoire-naturelle-au-siecle-des-lumieres/","name":"Buffon et Daubenton : deux conceptions de l’histoire naturelle au siècle des Lumières - ISTE Group","isPartOf":{"@id":"https://www.istegroup.com/#website"},"primaryImageOfPage":{"@id":"https://www.istegroup.com/en/produit/buffon-et-daubenton-deux-conceptions-de-lhistoire-naturelle-au-siecle-des-lumieres/#primaryimage"},"image":{"@id":"https://www.istegroup.com/en/produit/buffon-et-daubenton-deux-conceptions-de-lhistoire-naturelle-au-siecle-des-lumieres/#primaryimage"},"thumbnailUrl":"https://www.istegroup.com/wp-content/uploads/2022/08/Buffon-et-Daubenton-deux-conceptions-de-lhistoire-naturelle.jpg","datePublished":"2022-08-31T09:18:40+00:00","dateModified":"2024-01-03T13:46:28+00:00","description":"Buffon et Daubenton : deux conceptions de l’histoire naturelle au siècle des Lumières présente les deux conceptions de l’histoire naturelle de ces grands savants.","breadcrumb":{"@id":"https://www.istegroup.com/en/produit/buffon-et-daubenton-deux-conceptions-de-lhistoire-naturelle-au-siecle-des-lumieres/#breadcrumb"},"inLanguage":"fr-FR","potentialAction":[{"@type":"ReadAction","target":["https://www.istegroup.com/en/produit/buffon-et-daubenton-deux-conceptions-de-lhistoire-naturelle-au-siecle-des-lumieres/"]}]},{"@type":"ImageObject","inLanguage":"fr-FR","@id":"https://www.istegroup.com/en/produit/buffon-et-daubenton-deux-conceptions-de-lhistoire-naturelle-au-siecle-des-lumieres/#primaryimage","url":"https://www.istegroup.com/wp-content/uploads/2022/08/Buffon-et-Daubenton-deux-conceptions-de-lhistoire-naturelle.jpg","contentUrl":"https://www.istegroup.com/wp-content/uploads/2022/08/Buffon-et-Daubenton-deux-conceptions-de-lhistoire-naturelle.jpg","width":599,"height":901,"caption":"Livre scientifique - Buffon et Daubenton - deux conceptions de l’histoire naturelle - Paul Mazliak"},{"@type":"BreadcrumbList","@id":"https://www.istegroup.com/en/produit/buffon-et-daubenton-deux-conceptions-de-lhistoire-naturelle-au-siecle-des-lumieres/#breadcrumb","itemListElement":[{"@type":"ListItem","position":1,"name":"Home","item":"https://www.istegroup.com/"},{"@type":"ListItem","position":2,"name":"Shop","item":"https://www.istegroup.com/fr/nouveautes/"},{"@type":"ListItem","position":3,"name":"Buffon et Daubenton : deux conceptions de l’histoire naturelle au siècle des Lumières"}]},{"@type":"WebSite","@id":"https://www.istegroup.com/#website","url":"https://www.istegroup.com/","name":"ISTE Group","description":"Éditeur des Sciences","potentialAction":[{"@type":"SearchAction","target":{"@type":"EntryPoint","urlTemplate":"https://www.istegroup.com/?s={search_term_string}"},"query-input":{"@type":"PropertyValueSpecification","valueRequired":true,"valueName":"search_term_string"}}],"inLanguage":"fr-FR"}]}</script>
<!-- / Yoast SEO plugin. -->

Buffon et Daubenton : deux conceptions de l’histoire naturelle au siècle des Lumières - ISTE Group

Buffon et Daubenton : deux conceptions de l’histoire naturelle au siècle des Lumières présente les deux conceptions de l’histoire naturelle de ces grands savants.

Éditeur des Sciences
