{"id":46142,"date":"2022-04-25T14:55:05","date_gmt":"2022-04-25T13:55:05","guid":{"rendered":"https:\/\/www.istegroup.com\/?post_type=product&#038;p=46142"},"modified":"2024-01-03T13:45:47","modified_gmt":"2024-01-03T13:45:47","slug":"la-territorialite","status":"publish","type":"product","link":"https:\/\/www.istegroup.com\/fr\/produit\/la-territorialite\/","title":{"rendered":"La territorialit\u00e9"},"content":{"rendered":"<p>Au confluent de la g\u00e9ographie et de la sociologie de l\u2019\u00e9ducation, cet ouvrage original s\u2019int\u00e9resse aux interrelations entre territoires-territorialit\u00e9s et \u00e9ducations-orientations.<\/p>\n<p>Approcher le syst\u00e8me \u00e9ducatif fran\u00e7ais par diff\u00e9rentes contextualisations, notamment territoriales, permet de renouveler l\u2019\u00e9tude de l\u2019\u00e9cole fran\u00e7aise qui se fonde g\u00e9n\u00e9ralement sur la description de son organisation, son fonctionnement ou son efficacit\u00e9.<\/p>\n<p>\u00c0 partir de r\u00e9sultats d\u2019enqu\u00eates conduites sur diff\u00e9rentes territorialit\u00e9s \u2013 rurale et montagnarde, mais aussi urbaine \u2013 <em>La territorialit\u00e9<\/em> aborde ainsi un pan essentiel de la contextualisation g\u00e9ographique de l\u2019\u00e9ducation et, plus particuli\u00e8rement, de l\u2019orientation qui n\u2019a pas encore \u00e9t\u00e9 beaucoup \u00e9tudi\u00e9 jusqu\u2019\u00e0 pr\u00e9sent par la recherche.<\/p>","protected":false},"excerpt":{"rendered":"<p>Au confluent de la g\u00e9ographie et de la sociologie de l\u2019\u00e9ducation, cet ouvrage original s\u2019int\u00e9resse aux interrelations entre territoires-territorialit\u00e9s et \u00e9ducations-orientations. Approcher le syst\u00e8me \u00e9ducatif fran\u00e7ais par diff\u00e9rentes contextualisations, notamment territoriales, permet de renouveler l\u2019\u00e9tude de l\u2019\u00e9cole fran\u00e7aise qui se fonde g\u00e9n\u00e9ralement sur la description de son organisation, son fonctionnement ou son efficacit\u00e9. \u00c0 partir [&hellip;]<\/p>\n","protected":false},"featured_media":46147,"template":"","meta":{"_acf_changed":false,"_links_to":"","_links_to_target":""},"product_brand":[],"product_cat":[684],"product_tag":[],"class_list":{"0":"post-46142","1":"product","2":"type-product","3":"status-publish","4":"has-post-thumbnail","6":"product_cat-sciences-socit-et-nouvelles-technologies-188422468","8":"first","9":"instock","10":"shipping-taxable","11":"purchasable","12":"product-type-variable"},"acf":[],"yoast_head":"<!-- This site is optimized with the Yoast SEO plugin v27.2 - https:\/\/yoast.com\/product\/yoast-seo-wordpress\/ -->\n<title>La territorialit\u00e9 - ISTE Group<\/title>\n<meta name=\"description\" content=\"La territorialit\u00e9 aborde un pan essentiel de la contextualisation g\u00e9ographique de l\u2019\u00e9ducation et, plus particuli\u00e8rement, de l\u2019orientation qui n\u2019a pas encore \u00e9t\u00e9 beaucoup \u00e9tudi\u00e9 jusqu\u2019\u00e0 pr\u00e9sent par la recherche.\" \/>\n<meta name=\"robots\" content=\"index, follow, max-snippet:-1, max-image-preview:large, max-video-preview:-1\" \/>\n<link rel=\"canonical\" href=\"https:\/\/www.istegroup.com\/en\/produit\/la-territorialite\/\" \/>\n<meta property=\"og:locale\" content=\"fr_FR\" \/>\n<meta property=\"og:type\" content=\"article\" \/>\n<meta property=\"og:title\" content=\"La territorialit\u00e9 - ISTE Group\" \/>\n<meta property=\"og:description\" content=\"La territorialit\u00e9 aborde un pan essentiel de la contextualisation g\u00e9ographique de l\u2019\u00e9ducation et, plus particuli\u00e8rement, de l\u2019orientation qui n\u2019a pas encore \u00e9t\u00e9 beaucoup \u00e9tudi\u00e9 jusqu\u2019\u00e0 pr\u00e9sent par la recherche.\" \/>\n<meta property=\"og:url\" content=\"https:\/\/www.istegroup.com\/en\/produit\/la-territorialite\/\" \/>\n<meta property=\"og:site_name\" content=\"ISTE Group\" \/>\n<meta property=\"article:modified_time\" content=\"2024-01-03T13:45:47+00:00\" \/>\n<meta property=\"og:image\" content=\"https:\/\/www.istegroup.com\/wp-content\/uploads\/2022\/04\/La-territorialite.jpg\" \/>\n\t<meta property=\"og:image:width\" content=\"350\" \/>\n\t<meta property=\"og:image:height\" content=\"525\" \/>\n\t<meta property=\"og:image:type\" content=\"image\/jpeg\" \/>\n<meta name=\"twitter:card\" content=\"summary_large_image\" \/>\n<meta name=\"twitter:label1\" content=\"Est. reading time\" \/>\n\t<meta name=\"twitter:data1\" content=\"1 minute\" \/>\n<script type=\"application\/ld+json\" class=\"yoast-schema-graph\">{\"@context\":\"https:\/\/schema.org\",\"@graph\":[{\"@type\":\"WebPage\",\"@id\":\"https:\/\/www.istegroup.com\/en\/produit\/la-territorialite\/\",\"url\":\"https:\/\/www.istegroup.com\/en\/produit\/la-territorialite\/\",\"name\":\"La territorialit\u00e9 - ISTE Group\",\"isPartOf\":{\"@id\":\"https:\/\/www.istegroup.com\/#website\"},\"primaryImageOfPage\":{\"@id\":\"https:\/\/www.istegroup.com\/en\/produit\/la-territorialite\/#primaryimage\"},\"image\":{\"@id\":\"https:\/\/www.istegroup.com\/en\/produit\/la-territorialite\/#primaryimage\"},\"thumbnailUrl\":\"https:\/\/www.istegroup.com\/wp-content\/uploads\/2022\/04\/La-territorialite.jpg\",\"datePublished\":\"2022-04-25T13:55:05+00:00\",\"dateModified\":\"2024-01-03T13:45:47+00:00\",\"description\":\"La territorialit\u00e9 aborde un pan essentiel de la contextualisation g\u00e9ographique de l\u2019\u00e9ducation et, plus particuli\u00e8rement, de l\u2019orientation qui n\u2019a pas encore \u00e9t\u00e9 beaucoup \u00e9tudi\u00e9 jusqu\u2019\u00e0 pr\u00e9sent par la recherche.\",\"breadcrumb\":{\"@id\":\"https:\/\/www.istegroup.com\/en\/produit\/la-territorialite\/#breadcrumb\"},\"inLanguage\":\"fr-FR\",\"potentialAction\":[{\"@type\":\"ReadAction\",\"target\":[\"https:\/\/www.istegroup.com\/en\/produit\/la-territorialite\/\"]}]},{\"@type\":\"ImageObject\",\"inLanguage\":\"fr-FR\",\"@id\":\"https:\/\/www.istegroup.com\/en\/produit\/la-territorialite\/#primaryimage\",\"url\":\"https:\/\/www.istegroup.com\/wp-content\/uploads\/2022\/04\/La-territorialite.jpg\",\"contentUrl\":\"https:\/\/www.istegroup.com\/wp-content\/uploads\/2022\/04\/La-territorialite.jpg\",\"width\":350,\"height\":525,\"caption\":\"Livre scientifique - La territorialit\u00e9\"},{\"@type\":\"BreadcrumbList\",\"@id\":\"https:\/\/www.istegroup.com\/en\/produit\/la-territorialite\/#breadcrumb\",\"itemListElement\":[{\"@type\":\"ListItem\",\"position\":1,\"name\":\"Home\",\"item\":\"https:\/\/www.istegroup.com\/\"},{\"@type\":\"ListItem\",\"position\":2,\"name\":\"Shop\",\"item\":\"https:\/\/www.istegroup.com\/fr\/nouveautes\/\"},{\"@type\":\"ListItem\",\"position\":3,\"name\":\"La territorialit\u00e9\"}]},{\"@type\":\"WebSite\",\"@id\":\"https:\/\/www.istegroup.com\/#website\",\"url\":\"https:\/\/www.istegroup.com\/\",\"name\":\"ISTE Group\",\"description\":\"\u00c9diteur des Sciences\",\"potentialAction\":[{\"@type\":\"SearchAction\",\"target\":{\"@type\":\"EntryPoint\",\"urlTemplate\":\"https:\/\/www.istegroup.com\/?s={search_term_string}\"},\"query-input\":{\"@type\":\"PropertyValueSpecification\",\"valueRequired\":true,\"valueName\":\"search_term_string\"}}],\"inLanguage\":\"fr-FR\"}]}<\/script>\n<!-- \/ Yoast SEO plugin. -->","yoast_head_json":{"title":"La territorialit\u00e9 - ISTE Group","description":"La territorialit\u00e9 aborde un pan essentiel de la contextualisation g\u00e9ographique de l\u2019\u00e9ducation et, plus particuli\u00e8rement, de l\u2019orientation qui n\u2019a pas encore \u00e9t\u00e9 beaucoup \u00e9tudi\u00e9 jusqu\u2019\u00e0 pr\u00e9sent par la recherche.","robots":{"index":"index","follow":"follow","max-snippet":"max-snippet:-1","max-image-preview":"max-image-preview:large","max-video-preview":"max-video-preview:-1"},"canonical":"https:\/\/www.istegroup.com\/en\/produit\/la-territorialite\/","og_locale":"fr_FR","og_type":"article","og_title":"La territorialit\u00e9 - ISTE Group","og_description":"La territorialit\u00e9 aborde un pan essentiel de la contextualisation g\u00e9ographique de l\u2019\u00e9ducation et, plus particuli\u00e8rement, de l\u2019orientation qui n\u2019a pas encore \u00e9t\u00e9 beaucoup \u00e9tudi\u00e9 jusqu\u2019\u00e0 pr\u00e9sent par la recherche.","og_url":"https:\/\/www.istegroup.com\/en\/produit\/la-territorialite\/","og_site_name":"ISTE Group","article_modified_time":"2024-01-03T13:45:47+00:00","og_image":[{"width":350,"height":525,"url":"https:\/\/www.istegroup.com\/wp-content\/uploads\/2022\/04\/La-territorialite.jpg","type":"image\/jpeg"}],"twitter_card":"summary_large_image","twitter_misc":{"Est. reading time":"1 minute"},"schema":{"@context":"https:\/\/schema.org","@graph":[{"@type":"WebPage","@id":"https:\/\/www.istegroup.com\/en\/produit\/la-territorialite\/","url":"https:\/\/www.istegroup.com\/en\/produit\/la-territorialite\/","name":"La territorialit\u00e9 - ISTE Group","isPartOf":{"@id":"https:\/\/www.istegroup.com\/#website"},"primaryImageOfPage":{"@id":"https:\/\/www.istegroup.com\/en\/produit\/la-territorialite\/#primaryimage"},"image":{"@id":"https:\/\/www.istegroup.com\/en\/produit\/la-territorialite\/#primaryimage"},"thumbnailUrl":"https:\/\/www.istegroup.com\/wp-content\/uploads\/2022\/04\/La-territorialite.jpg","datePublished":"2022-04-25T13:55:05+00:00","dateModified":"2024-01-03T13:45:47+00:00","description":"La territorialit\u00e9 aborde un pan essentiel de la contextualisation g\u00e9ographique de l\u2019\u00e9ducation et, plus particuli\u00e8rement, de l\u2019orientation qui n\u2019a pas encore \u00e9t\u00e9 beaucoup \u00e9tudi\u00e9 jusqu\u2019\u00e0 pr\u00e9sent par la recherche.","breadcrumb":{"@id":"https:\/\/www.istegroup.com\/en\/produit\/la-territorialite\/#breadcrumb"},"inLanguage":"fr-FR","potentialAction":[{"@type":"ReadAction","target":["https:\/\/www.istegroup.com\/en\/produit\/la-territorialite\/"]}]},{"@type":"ImageObject","inLanguage":"fr-FR","@id":"https:\/\/www.istegroup.com\/en\/produit\/la-territorialite\/#primaryimage","url":"https:\/\/www.istegroup.com\/wp-content\/uploads\/2022\/04\/La-territorialite.jpg","contentUrl":"https:\/\/www.istegroup.com\/wp-content\/uploads\/2022\/04\/La-territorialite.jpg","width":350,"height":525,"caption":"Livre scientifique - La territorialit\u00e9"},{"@type":"BreadcrumbList","@id":"https:\/\/www.istegroup.com\/en\/produit\/la-territorialite\/#breadcrumb","itemListElement":[{"@type":"ListItem","position":1,"name":"Home","item":"https:\/\/www.istegroup.com\/"},{"@type":"ListItem","position":2,"name":"Shop","item":"https:\/\/www.istegroup.com\/fr\/nouveautes\/"},{"@type":"ListItem","position":3,"name":"La territorialit\u00e9"}]},{"@type":"WebSite","@id":"https:\/\/www.istegroup.com\/#website","url":"https:\/\/www.istegroup.com\/","name":"ISTE Group","description":"\u00c9diteur des Sciences","potentialAction":[{"@type":"SearchAction","target":{"@type":"EntryPoint","urlTemplate":"https:\/\/www.istegroup.com\/?s={search_term_string}"},"query-input":{"@type":"PropertyValueSpecification","valueRequired":true,"valueName":"search_term_string"}}],"inLanguage":"fr-FR"}]}},"_links":{"self":[{"href":"https:\/\/www.istegroup.com\/fr\/wp-json\/wp\/v2\/product\/46142","targetHints":{"allow":["GET"]}}],"collection":[{"href":"https:\/\/www.istegroup.com\/fr\/wp-json\/wp\/v2\/product"}],"about":[{"href":"https:\/\/www.istegroup.com\/fr\/wp-json\/wp\/v2\/types\/product"}],"wp:featuredmedia":[{"embeddable":true,"href":"https:\/\/www.istegroup.com\/fr\/wp-json\/wp\/v2\/media\/46147"}],"wp:attachment":[{"href":"https:\/\/www.istegroup.com\/fr\/wp-json\/wp\/v2\/media?parent=46142"}],"wp:term":[{"taxonomy":"product_brand","embeddable":true,"href":"https:\/\/www.istegroup.com\/fr\/wp-json\/wp\/v2\/product_brand?post=46142"},{"taxonomy":"product_cat","embeddable":true,"href":"https:\/\/www.istegroup.com\/fr\/wp-json\/wp\/v2\/product_cat?post=46142"},{"taxonomy":"product_tag","embeddable":true,"href":"https:\/\/www.istegroup.com\/fr\/wp-json\/wp\/v2\/product_tag?post=46142"}],"curies":[{"name":"wp","href":"https:\/\/api.w.org\/{rel}","templated":true}]}}

La territorialité

<p>Au confluent de la géographie et de la sociologie de l’éducation, cet ouvrage original s’intéresse aux interrelations entre territoires-territorialités et éducations-orientations.</p>
<p>Approcher le système éducatif français par différentes contextualisations, notamment territoriales, permet de renouveler l’étude de l’école française qui se fonde généralement sur la description de son organisation, son fonctionnement ou son efficacité.</p>
<p>À partir de résultats d’enquêtes conduites sur différentes territorialités – rurale et montagnarde, mais aussi urbaine – <em>La territorialité</em> aborde ainsi un pan essentiel de la contextualisation géographique de l’éducation et, plus particulièrement, de l’orientation qui n’a pas encore été beaucoup étudié jusqu’à présent par la recherche.</p>

<p>Au confluent de la géographie et de la sociologie de l’éducation, cet ouvrage original s’intéresse aux interrelations entre territoires-territorialités et éducations-orientations. Approcher le système éducatif français par différentes contextualisations, notamment territoriales, permet de renouveler l’étude de l’école française qui se fonde généralement sur la description de son organisation, son fonctionnement ou son efficacité. À partir [&hellip;]</p>

<!-- This site is optimized with the Yoast SEO plugin v27.2 - https://yoast.com/product/yoast-seo-wordpress/ -->
<title>La territorialité - ISTE Group</title>
<meta name="description" content="La territorialité aborde un pan essentiel de la contextualisation géographique de l’éducation et, plus particulièrement, de l’orientation qui n’a pas encore été beaucoup étudié jusqu’à présent par la recherche." />
<meta name="robots" content="index, follow, max-snippet:-1, max-image-preview:large, max-video-preview:-1" />
<link rel="canonical" href="https://www.istegroup.com/en/produit/la-territorialite/" />
<meta property="og:locale" content="fr_FR" />
<meta property="og:type" content="article" />
<meta property="og:title" content="La territorialité - ISTE Group" />
<meta property="og:description" content="La territorialité aborde un pan essentiel de la contextualisation géographique de l’éducation et, plus particulièrement, de l’orientation qui n’a pas encore été beaucoup étudié jusqu’à présent par la recherche." />
<meta property="og:url" content="https://www.istegroup.com/en/produit/la-territorialite/" />
<meta property="og:site_name" content="ISTE Group" />
<meta property="article:modified_time" content="2024-01-03T13:45:47+00:00" />
<meta property="og:image" content="https://www.istegroup.com/wp-content/uploads/2022/04/La-territorialite.jpg" />
	<meta property="og:image:width" content="350" />
	<meta property="og:image:height" content="525" />
	<meta property="og:image:type" content="image/jpeg" />
<meta name="twitter:card" content="summary_large_image" />
<meta name="twitter:label1" content="Est. reading time" />
	<meta name="twitter:data1" content="1 minute" />
<script type="application/ld+json" class="yoast-schema-graph">{"@context":"https://schema.org","@graph":[{"@type":"WebPage","@id":"https://www.istegroup.com/en/produit/la-territorialite/","url":"https://www.istegroup.com/en/produit/la-territorialite/","name":"La territorialité - ISTE Group","isPartOf":{"@id":"https://www.istegroup.com/#website"},"primaryImageOfPage":{"@id":"https://www.istegroup.com/en/produit/la-territorialite/#primaryimage"},"image":{"@id":"https://www.istegroup.com/en/produit/la-territorialite/#primaryimage"},"thumbnailUrl":"https://www.istegroup.com/wp-content/uploads/2022/04/La-territorialite.jpg","datePublished":"2022-04-25T13:55:05+00:00","dateModified":"2024-01-03T13:45:47+00:00","description":"La territorialité aborde un pan essentiel de la contextualisation géographique de l’éducation et, plus particulièrement, de l’orientation qui n’a pas encore été beaucoup étudié jusqu’à présent par la recherche.","breadcrumb":{"@id":"https://www.istegroup.com/en/produit/la-territorialite/#breadcrumb"},"inLanguage":"fr-FR","potentialAction":[{"@type":"ReadAction","target":["https://www.istegroup.com/en/produit/la-territorialite/"]}]},{"@type":"ImageObject","inLanguage":"fr-FR","@id":"https://www.istegroup.com/en/produit/la-territorialite/#primaryimage","url":"https://www.istegroup.com/wp-content/uploads/2022/04/La-territorialite.jpg","contentUrl":"https://www.istegroup.com/wp-content/uploads/2022/04/La-territorialite.jpg","width":350,"height":525,"caption":"Livre scientifique - La territorialité"},{"@type":"BreadcrumbList","@id":"https://www.istegroup.com/en/produit/la-territorialite/#breadcrumb","itemListElement":[{"@type":"ListItem","position":1,"name":"Home","item":"https://www.istegroup.com/"},{"@type":"ListItem","position":2,"name":"Shop","item":"https://www.istegroup.com/fr/nouveautes/"},{"@type":"ListItem","position":3,"name":"La territorialité"}]},{"@type":"WebSite","@id":"https://www.istegroup.com/#website","url":"https://www.istegroup.com/","name":"ISTE Group","description":"Éditeur des Sciences","potentialAction":[{"@type":"SearchAction","target":{"@type":"EntryPoint","urlTemplate":"https://www.istegroup.com/?s={search_term_string}"},"query-input":{"@type":"PropertyValueSpecification","valueRequired":true,"valueName":"search_term_string"}}],"inLanguage":"fr-FR"}]}</script>
<!-- / Yoast SEO plugin. -->

La territorialité - ISTE Group

La territorialité aborde un pan essentiel de la contextualisation géographique de l’éducation et, plus particulièrement, de l’orientation qui n’a pas encore été beaucoup étudié jusqu’à présent par la recherche.

Livre scientifique - La territorialité

Éditeur des Sciences
