{"id":319,"date":"2017-07-28T11:53:41","date_gmt":"2017-07-28T09:53:41","guid":{"rendered":"https:\/\/iste.yhello.co\/product\/linformation-et-la-scene-du-monde\/"},"modified":"2024-01-03T14:16:47","modified_gmt":"2024-01-03T14:16:47","slug":"linformation-et-la-scene-du-monde","status":"publish","type":"product","link":"https:\/\/www.istegroup.com\/fr\/produit\/linformation-et-la-scene-du-monde\/","title":{"rendered":"L&rsquo;information et la sc\u00e8ne du monde"},"content":{"rendered":"<p><em>L\u2019information et la sc\u00e8ne du monde<\/em>\u00a0analyse de mani\u00e8re approfondie l\u2019information et la communication. Tous les domaines du savoir sont concern\u00e9s : philosophie, sciences de la soci\u00e9t\u00e9, biologie, m\u00e9decine ainsi que la physique en passant du quantum au cosmos. La dynamique quantique est notamment d\u00e9terminante pour penser les ph\u00e9nom\u00e8nes de la mati\u00e8re tout en offrant un levier afin de comprendre le fonctionnement des informations \u00e9l\u00e9mentaires dans la nature.<\/p>\n<p>Cet ouvrage est construit autour de la th\u00e8se qu\u2019il y a deux physiques concernant les \u00ab communications \u00bb et les \u00ab dispositions \u00bb. Il s\u2019adresse aussi bien aux sp\u00e9cialistes scientifiques qu\u2019aux lecteurs novices souhaitant comprendre les \u00e9volutions majeures qui se dessinent dans les champs de connaissance au XXIe si\u00e8cle.<\/p>\n","protected":false},"excerpt":{"rendered":"<p>L\u2019information et la sc\u00e8ne du monde\u00a0analyse de mani\u00e8re approfondie l\u2019information et la communication. Tous les domaines du savoir sont concern\u00e9s : philosophie, sciences de la soci\u00e9t\u00e9, biologie, m\u00e9decine ainsi que la physique en passant du quantum au cosmos. La dynamique quantique est notamment d\u00e9terminante pour penser les ph\u00e9nom\u00e8nes de la mati\u00e8re tout en offrant un [&hellip;]<\/p>\n","protected":false},"featured_media":320,"template":"","meta":{"_acf_changed":false,"_links_to":"","_links_to_target":""},"product_brand":[],"product_cat":[675,684,685],"product_tag":[168,169,170,31,21,22,171,172,26,27,99,173,145,28,174],"class_list":{"0":"post-319","1":"product","2":"type-product","3":"status-publish","4":"has-post-thumbnail","6":"product_cat-nouveauts-12519446","7":"product_cat-sciences-socit-et-nouvelles-technologies-188422468","8":"product_cat-srie-architecture-nergie-et-ingnierie-422783057","9":"product_tag-bernard-dugue","10":"product_tag-biologie","11":"product_tag-communication","12":"product_tag-ebook","13":"product_tag-iste-group","14":"product_tag-istegroup","15":"product_tag-linformation-et-la-scene-du-monde","16":"product_tag-livre-scientifique","17":"product_tag-livre-scientifique-francais","18":"product_tag-livre-technique-francais","19":"product_tag-livres-numeriques","20":"product_tag-medecine","21":"product_tag-ouvrage-scientifique","22":"product_tag-ouvrage-scientifique-francais","23":"product_tag-philosophie","25":"first","26":"instock","27":"shipping-taxable","28":"purchasable","29":"product-type-variable"},"acf":[],"yoast_head":"<!-- This site is optimized with the Yoast SEO plugin v27.2 - https:\/\/yoast.com\/product\/yoast-seo-wordpress\/ -->\n<title>L&#039;information et la sc\u00e8ne du monde - ISTE Group<\/title>\n<meta name=\"description\" content=\"Cet ouvrage est construit autour de la th\u00e8se qu\u2019il y a deux physiques concernant les \u00ab communications \u00bb et les \u00ab dispositions \u00bb.\" \/>\n<meta name=\"robots\" content=\"index, follow, max-snippet:-1, max-image-preview:large, max-video-preview:-1\" \/>\n<link rel=\"canonical\" href=\"https:\/\/www.istegroup.com\/fr\/produit\/linformation-et-la-scene-du-monde\/\" \/>\n<meta property=\"og:locale\" content=\"fr_FR\" \/>\n<meta property=\"og:type\" content=\"article\" \/>\n<meta property=\"og:title\" content=\"L&#039;information et la sc\u00e8ne du monde - ISTE Group\" \/>\n<meta property=\"og:description\" content=\"Cet ouvrage est construit autour de la th\u00e8se qu\u2019il y a deux physiques concernant les \u00ab communications \u00bb et les \u00ab dispositions \u00bb.\" \/>\n<meta property=\"og:url\" content=\"https:\/\/www.istegroup.com\/fr\/produit\/linformation-et-la-scene-du-monde\/\" \/>\n<meta property=\"og:site_name\" content=\"ISTE Group\" \/>\n<meta property=\"article:modified_time\" content=\"2024-01-03T14:16:47+00:00\" \/>\n<meta property=\"og:image\" content=\"https:\/\/www.istegroup.com\/wp-content\/uploads\/2017\/07\/20530271889_9221109137-1-scaled.jpg\" \/>\n\t<meta property=\"og:image:width\" content=\"1702\" \/>\n\t<meta property=\"og:image:height\" content=\"2560\" \/>\n\t<meta property=\"og:image:type\" content=\"image\/jpeg\" \/>\n<meta name=\"twitter:card\" content=\"summary_large_image\" \/>\n<meta name=\"twitter:label1\" content=\"Est. reading time\" \/>\n\t<meta name=\"twitter:data1\" content=\"1 minute\" \/>\n<script type=\"application\/ld+json\" class=\"yoast-schema-graph\">{\"@context\":\"https:\/\/schema.org\",\"@graph\":[{\"@type\":\"WebPage\",\"@id\":\"https:\/\/www.istegroup.com\/fr\/produit\/linformation-et-la-scene-du-monde\/\",\"url\":\"https:\/\/www.istegroup.com\/fr\/produit\/linformation-et-la-scene-du-monde\/\",\"name\":\"L'information et la sc\u00e8ne du monde - ISTE Group\",\"isPartOf\":{\"@id\":\"https:\/\/www.istegroup.com\/#website\"},\"primaryImageOfPage\":{\"@id\":\"https:\/\/www.istegroup.com\/fr\/produit\/linformation-et-la-scene-du-monde\/#primaryimage\"},\"image\":{\"@id\":\"https:\/\/www.istegroup.com\/fr\/produit\/linformation-et-la-scene-du-monde\/#primaryimage\"},\"thumbnailUrl\":\"https:\/\/www.istegroup.com\/wp-content\/uploads\/2017\/07\/20530271889_9221109137-1-scaled.jpg\",\"datePublished\":\"2017-07-28T09:53:41+00:00\",\"dateModified\":\"2024-01-03T14:16:47+00:00\",\"description\":\"Cet ouvrage est construit autour de la th\u00e8se qu\u2019il y a deux physiques concernant les \u00ab communications \u00bb et les \u00ab dispositions \u00bb.\",\"breadcrumb\":{\"@id\":\"https:\/\/www.istegroup.com\/fr\/produit\/linformation-et-la-scene-du-monde\/#breadcrumb\"},\"inLanguage\":\"fr-FR\",\"potentialAction\":[{\"@type\":\"ReadAction\",\"target\":[\"https:\/\/www.istegroup.com\/fr\/produit\/linformation-et-la-scene-du-monde\/\"]}]},{\"@type\":\"ImageObject\",\"inLanguage\":\"fr-FR\",\"@id\":\"https:\/\/www.istegroup.com\/fr\/produit\/linformation-et-la-scene-du-monde\/#primaryimage\",\"url\":\"https:\/\/www.istegroup.com\/wp-content\/uploads\/2017\/07\/20530271889_9221109137-1-scaled.jpg\",\"contentUrl\":\"https:\/\/www.istegroup.com\/wp-content\/uploads\/2017\/07\/20530271889_9221109137-1-scaled.jpg\",\"width\":1702,\"height\":2560,\"caption\":\"De la philosophie \u00e0 la science, l'univers des formes et des communications\"},{\"@type\":\"BreadcrumbList\",\"@id\":\"https:\/\/www.istegroup.com\/fr\/produit\/linformation-et-la-scene-du-monde\/#breadcrumb\",\"itemListElement\":[{\"@type\":\"ListItem\",\"position\":1,\"name\":\"Home\",\"item\":\"https:\/\/www.istegroup.com\/\"},{\"@type\":\"ListItem\",\"position\":2,\"name\":\"Shop\",\"item\":\"https:\/\/www.istegroup.com\/fr\/nouveautes\/\"},{\"@type\":\"ListItem\",\"position\":3,\"name\":\"L&rsquo;information et la sc\u00e8ne du monde\"}]},{\"@type\":\"WebSite\",\"@id\":\"https:\/\/www.istegroup.com\/#website\",\"url\":\"https:\/\/www.istegroup.com\/\",\"name\":\"ISTE Group\",\"description\":\"\u00c9diteur des Sciences\",\"potentialAction\":[{\"@type\":\"SearchAction\",\"target\":{\"@type\":\"EntryPoint\",\"urlTemplate\":\"https:\/\/www.istegroup.com\/?s={search_term_string}\"},\"query-input\":{\"@type\":\"PropertyValueSpecification\",\"valueRequired\":true,\"valueName\":\"search_term_string\"}}],\"inLanguage\":\"fr-FR\"}]}<\/script>\n<!-- \/ Yoast SEO plugin. -->","yoast_head_json":{"title":"L'information et la sc\u00e8ne du monde - ISTE Group","description":"Cet ouvrage est construit autour de la th\u00e8se qu\u2019il y a deux physiques concernant les \u00ab communications \u00bb et les \u00ab dispositions \u00bb.","robots":{"index":"index","follow":"follow","max-snippet":"max-snippet:-1","max-image-preview":"max-image-preview:large","max-video-preview":"max-video-preview:-1"},"canonical":"https:\/\/www.istegroup.com\/fr\/produit\/linformation-et-la-scene-du-monde\/","og_locale":"fr_FR","og_type":"article","og_title":"L'information et la sc\u00e8ne du monde - ISTE Group","og_description":"Cet ouvrage est construit autour de la th\u00e8se qu\u2019il y a deux physiques concernant les \u00ab communications \u00bb et les \u00ab dispositions \u00bb.","og_url":"https:\/\/www.istegroup.com\/fr\/produit\/linformation-et-la-scene-du-monde\/","og_site_name":"ISTE Group","article_modified_time":"2024-01-03T14:16:47+00:00","og_image":[{"width":1702,"height":2560,"url":"https:\/\/www.istegroup.com\/wp-content\/uploads\/2017\/07\/20530271889_9221109137-1-scaled.jpg","type":"image\/jpeg"}],"twitter_card":"summary_large_image","twitter_misc":{"Est. reading time":"1 minute"},"schema":{"@context":"https:\/\/schema.org","@graph":[{"@type":"WebPage","@id":"https:\/\/www.istegroup.com\/fr\/produit\/linformation-et-la-scene-du-monde\/","url":"https:\/\/www.istegroup.com\/fr\/produit\/linformation-et-la-scene-du-monde\/","name":"L'information et la sc\u00e8ne du monde - ISTE Group","isPartOf":{"@id":"https:\/\/www.istegroup.com\/#website"},"primaryImageOfPage":{"@id":"https:\/\/www.istegroup.com\/fr\/produit\/linformation-et-la-scene-du-monde\/#primaryimage"},"image":{"@id":"https:\/\/www.istegroup.com\/fr\/produit\/linformation-et-la-scene-du-monde\/#primaryimage"},"thumbnailUrl":"https:\/\/www.istegroup.com\/wp-content\/uploads\/2017\/07\/20530271889_9221109137-1-scaled.jpg","datePublished":"2017-07-28T09:53:41+00:00","dateModified":"2024-01-03T14:16:47+00:00","description":"Cet ouvrage est construit autour de la th\u00e8se qu\u2019il y a deux physiques concernant les \u00ab communications \u00bb et les \u00ab dispositions \u00bb.","breadcrumb":{"@id":"https:\/\/www.istegroup.com\/fr\/produit\/linformation-et-la-scene-du-monde\/#breadcrumb"},"inLanguage":"fr-FR","potentialAction":[{"@type":"ReadAction","target":["https:\/\/www.istegroup.com\/fr\/produit\/linformation-et-la-scene-du-monde\/"]}]},{"@type":"ImageObject","inLanguage":"fr-FR","@id":"https:\/\/www.istegroup.com\/fr\/produit\/linformation-et-la-scene-du-monde\/#primaryimage","url":"https:\/\/www.istegroup.com\/wp-content\/uploads\/2017\/07\/20530271889_9221109137-1-scaled.jpg","contentUrl":"https:\/\/www.istegroup.com\/wp-content\/uploads\/2017\/07\/20530271889_9221109137-1-scaled.jpg","width":1702,"height":2560,"caption":"De la philosophie \u00e0 la science, l'univers des formes et des communications"},{"@type":"BreadcrumbList","@id":"https:\/\/www.istegroup.com\/fr\/produit\/linformation-et-la-scene-du-monde\/#breadcrumb","itemListElement":[{"@type":"ListItem","position":1,"name":"Home","item":"https:\/\/www.istegroup.com\/"},{"@type":"ListItem","position":2,"name":"Shop","item":"https:\/\/www.istegroup.com\/fr\/nouveautes\/"},{"@type":"ListItem","position":3,"name":"L&rsquo;information et la sc\u00e8ne du monde"}]},{"@type":"WebSite","@id":"https:\/\/www.istegroup.com\/#website","url":"https:\/\/www.istegroup.com\/","name":"ISTE Group","description":"\u00c9diteur des Sciences","potentialAction":[{"@type":"SearchAction","target":{"@type":"EntryPoint","urlTemplate":"https:\/\/www.istegroup.com\/?s={search_term_string}"},"query-input":{"@type":"PropertyValueSpecification","valueRequired":true,"valueName":"search_term_string"}}],"inLanguage":"fr-FR"}]}},"_links":{"self":[{"href":"https:\/\/www.istegroup.com\/fr\/wp-json\/wp\/v2\/product\/319","targetHints":{"allow":["GET"]}}],"collection":[{"href":"https:\/\/www.istegroup.com\/fr\/wp-json\/wp\/v2\/product"}],"about":[{"href":"https:\/\/www.istegroup.com\/fr\/wp-json\/wp\/v2\/types\/product"}],"wp:featuredmedia":[{"embeddable":true,"href":"https:\/\/www.istegroup.com\/fr\/wp-json\/wp\/v2\/media\/320"}],"wp:attachment":[{"href":"https:\/\/www.istegroup.com\/fr\/wp-json\/wp\/v2\/media?parent=319"}],"wp:term":[{"taxonomy":"product_brand","embeddable":true,"href":"https:\/\/www.istegroup.com\/fr\/wp-json\/wp\/v2\/product_brand?post=319"},{"taxonomy":"product_cat","embeddable":true,"href":"https:\/\/www.istegroup.com\/fr\/wp-json\/wp\/v2\/product_cat?post=319"},{"taxonomy":"product_tag","embeddable":true,"href":"https:\/\/www.istegroup.com\/fr\/wp-json\/wp\/v2\/product_tag?post=319"}],"curies":[{"name":"wp","href":"https:\/\/api.w.org\/{rel}","templated":true}]}}

L&rsquo;information et la scène du monde

<p><em>L’information et la scène du monde</em> analyse de manière approfondie l’information et la communication. Tous les domaines du savoir sont concernés : philosophie, sciences de la société, biologie, médecine ainsi que la physique en passant du quantum au cosmos. La dynamique quantique est notamment déterminante pour penser les phénomènes de la matière tout en offrant un levier afin de comprendre le fonctionnement des informations élémentaires dans la nature.</p>
<p>Cet ouvrage est construit autour de la thèse qu’il y a deux physiques concernant les « communications » et les « dispositions ». Il s’adresse aussi bien aux spécialistes scientifiques qu’aux lecteurs novices souhaitant comprendre les évolutions majeures qui se dessinent dans les champs de connaissance au XXIe siècle.</p>

<p>L’information et la scène du monde analyse de manière approfondie l’information et la communication. Tous les domaines du savoir sont concernés : philosophie, sciences de la société, biologie, médecine ainsi que la physique en passant du quantum au cosmos. La dynamique quantique est notamment déterminante pour penser les phénomènes de la matière tout en offrant un [&hellip;]</p>

<!-- This site is optimized with the Yoast SEO plugin v27.2 - https://yoast.com/product/yoast-seo-wordpress/ -->
<title>L&#039;information et la scène du monde - ISTE Group</title>
<meta name="description" content="Cet ouvrage est construit autour de la thèse qu’il y a deux physiques concernant les « communications » et les « dispositions »." />
<meta name="robots" content="index, follow, max-snippet:-1, max-image-preview:large, max-video-preview:-1" />
<link rel="canonical" href="https://www.istegroup.com/fr/produit/linformation-et-la-scene-du-monde/" />
<meta property="og:locale" content="fr_FR" />
<meta property="og:type" content="article" />
<meta property="og:title" content="L&#039;information et la scène du monde - ISTE Group" />
<meta property="og:description" content="Cet ouvrage est construit autour de la thèse qu’il y a deux physiques concernant les « communications » et les « dispositions »." />
<meta property="og:url" content="https://www.istegroup.com/fr/produit/linformation-et-la-scene-du-monde/" />
<meta property="og:site_name" content="ISTE Group" />
<meta property="article:modified_time" content="2024-01-03T14:16:47+00:00" />
<meta property="og:image" content="https://www.istegroup.com/wp-content/uploads/2017/07/20530271889_9221109137-1-scaled.jpg" />
	<meta property="og:image:width" content="1702" />
	<meta property="og:image:height" content="2560" />
	<meta property="og:image:type" content="image/jpeg" />
<meta name="twitter:card" content="summary_large_image" />
<meta name="twitter:label1" content="Est. reading time" />
	<meta name="twitter:data1" content="1 minute" />
<script type="application/ld+json" class="yoast-schema-graph">{"@context":"https://schema.org","@graph":[{"@type":"WebPage","@id":"https://www.istegroup.com/fr/produit/linformation-et-la-scene-du-monde/","url":"https://www.istegroup.com/fr/produit/linformation-et-la-scene-du-monde/","name":"L'information et la scène du monde - ISTE Group","isPartOf":{"@id":"https://www.istegroup.com/#website"},"primaryImageOfPage":{"@id":"https://www.istegroup.com/fr/produit/linformation-et-la-scene-du-monde/#primaryimage"},"image":{"@id":"https://www.istegroup.com/fr/produit/linformation-et-la-scene-du-monde/#primaryimage"},"thumbnailUrl":"https://www.istegroup.com/wp-content/uploads/2017/07/20530271889_9221109137-1-scaled.jpg","datePublished":"2017-07-28T09:53:41+00:00","dateModified":"2024-01-03T14:16:47+00:00","description":"Cet ouvrage est construit autour de la thèse qu’il y a deux physiques concernant les « communications » et les « dispositions ».","breadcrumb":{"@id":"https://www.istegroup.com/fr/produit/linformation-et-la-scene-du-monde/#breadcrumb"},"inLanguage":"fr-FR","potentialAction":[{"@type":"ReadAction","target":["https://www.istegroup.com/fr/produit/linformation-et-la-scene-du-monde/"]}]},{"@type":"ImageObject","inLanguage":"fr-FR","@id":"https://www.istegroup.com/fr/produit/linformation-et-la-scene-du-monde/#primaryimage","url":"https://www.istegroup.com/wp-content/uploads/2017/07/20530271889_9221109137-1-scaled.jpg","contentUrl":"https://www.istegroup.com/wp-content/uploads/2017/07/20530271889_9221109137-1-scaled.jpg","width":1702,"height":2560,"caption":"De la philosophie à la science, l'univers des formes et des communications"},{"@type":"BreadcrumbList","@id":"https://www.istegroup.com/fr/produit/linformation-et-la-scene-du-monde/#breadcrumb","itemListElement":[{"@type":"ListItem","position":1,"name":"Home","item":"https://www.istegroup.com/"},{"@type":"ListItem","position":2,"name":"Shop","item":"https://www.istegroup.com/fr/nouveautes/"},{"@type":"ListItem","position":3,"name":"L&rsquo;information et la scène du monde"}]},{"@type":"WebSite","@id":"https://www.istegroup.com/#website","url":"https://www.istegroup.com/","name":"ISTE Group","description":"Éditeur des Sciences","potentialAction":[{"@type":"SearchAction","target":{"@type":"EntryPoint","urlTemplate":"https://www.istegroup.com/?s={search_term_string}"},"query-input":{"@type":"PropertyValueSpecification","valueRequired":true,"valueName":"search_term_string"}}],"inLanguage":"fr-FR"}]}</script>
<!-- / Yoast SEO plugin. -->

L'information et la scène du monde - ISTE Group

Cet ouvrage est construit autour de la thèse qu’il y a deux physiques concernant les « communications » et les « dispositions ».

De la philosophie à la science, l'univers des formes et des communications

Éditeur des Sciences
