{"id":25302,"date":"2020-10-28T15:10:21","date_gmt":"2020-10-28T15:10:21","guid":{"rendered":"https:\/\/www.istegroup.com\/?post_type=product&#038;p=25302"},"modified":"2024-01-03T13:43:44","modified_gmt":"2024-01-03T13:43:44","slug":"politiques-de-re-presentation-de-lindustrie-de-la-mode","status":"publish","type":"product","link":"https:\/\/www.istegroup.com\/fr\/produit\/politiques-de-re-presentation-de-lindustrie-de-la-mode\/","title":{"rendered":"Politiques de re-pr\u00e9sentation de l\u2019industrie de la mode"},"content":{"rendered":"<p>Banalisation de ses biens, pollution environnementale, d\u00e9localisation et exploitation de mains-d\u2019oeuvre bon march\u00e9 ou incitation \u00e0 la surconsommation : ces traits caract\u00e9risent l\u2019industrie de la mode de luxe, alors que le secteur ne cesse d\u2019afficher des r\u00e9sultats \u00e9conomiques en hausse constante.<\/p>\n<p>Cet ouvrage interroge la fa\u00e7on dont les m\u00e9diations de la mode de luxe marchand permettent \u00e0 cette industrie de se pr\u00e9senter comme une instance qui ne serait pas exclusivement marchande. Ces m\u00e9diations sont analys\u00e9es en tant que politiques \u00ab re-pr\u00e9sentationnelles \u00bb : des actions qui visent \u00e0 produire du commun, mais aussi \u00e0 instaurer un dispositif de visibilit\u00e9 permettant aux acteurs du luxe de se requalifier \u00e0 partir des processus de r\u00e9\u00e9criture, de r\u00e9investissement et de reformulation.<\/p>\n<p><em>Politiques de re-pr\u00e9sentation de l\u2019industrie de la mode<\/em> pr\u00e9sente des analyses s\u00e9mio-communicationnelles de nombreuses strat\u00e9gies du secteur (publicit\u00e9s, expositions mus\u00e9ales, sc\u00e9nographies marchandes) et rend compte de la fa\u00e7on dont ces strat\u00e9gies refl\u00e8tent le mod\u00e8le socio-\u00e9conomique de la mode de luxe.<\/p>\n","protected":false},"excerpt":{"rendered":"<p>Banalisation de ses biens, pollution environnementale, d\u00e9localisation et exploitation de mains-d\u2019oeuvre bon march\u00e9 ou incitation \u00e0 la surconsommation : ces traits caract\u00e9risent l\u2019industrie de la mode de luxe, alors que le secteur ne cesse d\u2019afficher des r\u00e9sultats \u00e9conomiques en hausse constante. Cet ouvrage interroge la fa\u00e7on dont les m\u00e9diations de la mode de luxe marchand [&hellip;]<\/p>\n","protected":false},"featured_media":25308,"template":"","meta":{"_acf_changed":false,"_links_to":"","_links_to_target":""},"product_brand":[],"product_cat":[3262],"product_tag":[],"class_list":{"0":"post-25302","1":"product","2":"type-product","3":"status-publish","4":"has-post-thumbnail","6":"product_cat-non-classe","8":"first","9":"instock","10":"shipping-taxable","11":"purchasable","12":"product-type-variable"},"acf":[],"yoast_head":"<!-- This site is optimized with the Yoast SEO plugin v27.2 - https:\/\/yoast.com\/product\/yoast-seo-wordpress\/ -->\n<title>Politiques de re-pr\u00e9sentation de l\u2019industrie de la mode - ISTE Group<\/title>\n<meta name=\"description\" content=\"Cet ouvrage interroge la fa\u00e7on dont les m\u00e9diations de la mode de luxe marchand permettent \u00e0 cette industrie de se pr\u00e9senter comme une instance qui ne serait pas exclusivement marchande.\" \/>\n<meta name=\"robots\" content=\"index, follow, max-snippet:-1, max-image-preview:large, max-video-preview:-1\" \/>\n<link rel=\"canonical\" href=\"https:\/\/www.istegroup.com\/en\/produit\/politiques-de-re-presentation-de-lindustrie-de-la-mode\/\" \/>\n<meta property=\"og:locale\" content=\"fr_FR\" \/>\n<meta property=\"og:type\" content=\"article\" \/>\n<meta property=\"og:title\" content=\"Politiques de re-pr\u00e9sentation de l\u2019industrie de la mode - ISTE Group\" \/>\n<meta property=\"og:description\" content=\"Cet ouvrage interroge la fa\u00e7on dont les m\u00e9diations de la mode de luxe marchand permettent \u00e0 cette industrie de se pr\u00e9senter comme une instance qui ne serait pas exclusivement marchande.\" \/>\n<meta property=\"og:url\" content=\"https:\/\/www.istegroup.com\/en\/produit\/politiques-de-re-presentation-de-lindustrie-de-la-mode\/\" \/>\n<meta property=\"og:site_name\" content=\"ISTE Group\" \/>\n<meta property=\"article:modified_time\" content=\"2024-01-03T13:43:44+00:00\" \/>\n<meta property=\"og:image\" content=\"https:\/\/www.istegroup.com\/wp-content\/uploads\/2020\/03\/Politiques-de-re-pr\u00e9sentation-de-l\u2019industrie-de-la-mode.jpg\" \/>\n\t<meta property=\"og:image:width\" content=\"300\" \/>\n\t<meta property=\"og:image:height\" content=\"453\" \/>\n\t<meta property=\"og:image:type\" content=\"image\/jpeg\" \/>\n<meta name=\"twitter:card\" content=\"summary_large_image\" \/>\n<meta name=\"twitter:label1\" content=\"Est. reading time\" \/>\n\t<meta name=\"twitter:data1\" content=\"1 minute\" \/>\n<script type=\"application\/ld+json\" class=\"yoast-schema-graph\">{\"@context\":\"https:\/\/schema.org\",\"@graph\":[{\"@type\":\"WebPage\",\"@id\":\"https:\/\/www.istegroup.com\/en\/produit\/politiques-de-re-presentation-de-lindustrie-de-la-mode\/\",\"url\":\"https:\/\/www.istegroup.com\/en\/produit\/politiques-de-re-presentation-de-lindustrie-de-la-mode\/\",\"name\":\"Politiques de re-pr\u00e9sentation de l\u2019industrie de la mode - ISTE Group\",\"isPartOf\":{\"@id\":\"https:\/\/www.istegroup.com\/#website\"},\"primaryImageOfPage\":{\"@id\":\"https:\/\/www.istegroup.com\/en\/produit\/politiques-de-re-presentation-de-lindustrie-de-la-mode\/#primaryimage\"},\"image\":{\"@id\":\"https:\/\/www.istegroup.com\/en\/produit\/politiques-de-re-presentation-de-lindustrie-de-la-mode\/#primaryimage\"},\"thumbnailUrl\":\"https:\/\/www.istegroup.com\/wp-content\/uploads\/2020\/03\/Politiques-de-re-pr\u00e9sentation-de-l\u2019industrie-de-la-mode.jpg\",\"datePublished\":\"2020-10-28T15:10:21+00:00\",\"dateModified\":\"2024-01-03T13:43:44+00:00\",\"description\":\"Cet ouvrage interroge la fa\u00e7on dont les m\u00e9diations de la mode de luxe marchand permettent \u00e0 cette industrie de se pr\u00e9senter comme une instance qui ne serait pas exclusivement marchande.\",\"breadcrumb\":{\"@id\":\"https:\/\/www.istegroup.com\/en\/produit\/politiques-de-re-presentation-de-lindustrie-de-la-mode\/#breadcrumb\"},\"inLanguage\":\"fr-FR\",\"potentialAction\":[{\"@type\":\"ReadAction\",\"target\":[\"https:\/\/www.istegroup.com\/en\/produit\/politiques-de-re-presentation-de-lindustrie-de-la-mode\/\"]}]},{\"@type\":\"ImageObject\",\"inLanguage\":\"fr-FR\",\"@id\":\"https:\/\/www.istegroup.com\/en\/produit\/politiques-de-re-presentation-de-lindustrie-de-la-mode\/#primaryimage\",\"url\":\"https:\/\/www.istegroup.com\/wp-content\/uploads\/2020\/03\/Politiques-de-re-pr\u00e9sentation-de-l\u2019industrie-de-la-mode.jpg\",\"contentUrl\":\"https:\/\/www.istegroup.com\/wp-content\/uploads\/2020\/03\/Politiques-de-re-pr\u00e9sentation-de-l\u2019industrie-de-la-mode.jpg\",\"width\":300,\"height\":453,\"caption\":\"Livre scientifique - Politiques de re-pr\u00e9sentation de l\u2019industrie de la mode - Eleni Mouratidou\"},{\"@type\":\"BreadcrumbList\",\"@id\":\"https:\/\/www.istegroup.com\/en\/produit\/politiques-de-re-presentation-de-lindustrie-de-la-mode\/#breadcrumb\",\"itemListElement\":[{\"@type\":\"ListItem\",\"position\":1,\"name\":\"Home\",\"item\":\"https:\/\/www.istegroup.com\/\"},{\"@type\":\"ListItem\",\"position\":2,\"name\":\"Shop\",\"item\":\"https:\/\/www.istegroup.com\/fr\/nouveautes\/\"},{\"@type\":\"ListItem\",\"position\":3,\"name\":\"Politiques de re-pr\u00e9sentation de l\u2019industrie de la mode\"}]},{\"@type\":\"WebSite\",\"@id\":\"https:\/\/www.istegroup.com\/#website\",\"url\":\"https:\/\/www.istegroup.com\/\",\"name\":\"ISTE Group\",\"description\":\"\u00c9diteur des Sciences\",\"potentialAction\":[{\"@type\":\"SearchAction\",\"target\":{\"@type\":\"EntryPoint\",\"urlTemplate\":\"https:\/\/www.istegroup.com\/?s={search_term_string}\"},\"query-input\":{\"@type\":\"PropertyValueSpecification\",\"valueRequired\":true,\"valueName\":\"search_term_string\"}}],\"inLanguage\":\"fr-FR\"}]}<\/script>\n<!-- \/ Yoast SEO plugin. -->","yoast_head_json":{"title":"Politiques de re-pr\u00e9sentation de l\u2019industrie de la mode - ISTE Group","description":"Cet ouvrage interroge la fa\u00e7on dont les m\u00e9diations de la mode de luxe marchand permettent \u00e0 cette industrie de se pr\u00e9senter comme une instance qui ne serait pas exclusivement marchande.","robots":{"index":"index","follow":"follow","max-snippet":"max-snippet:-1","max-image-preview":"max-image-preview:large","max-video-preview":"max-video-preview:-1"},"canonical":"https:\/\/www.istegroup.com\/en\/produit\/politiques-de-re-presentation-de-lindustrie-de-la-mode\/","og_locale":"fr_FR","og_type":"article","og_title":"Politiques de re-pr\u00e9sentation de l\u2019industrie de la mode - ISTE Group","og_description":"Cet ouvrage interroge la fa\u00e7on dont les m\u00e9diations de la mode de luxe marchand permettent \u00e0 cette industrie de se pr\u00e9senter comme une instance qui ne serait pas exclusivement marchande.","og_url":"https:\/\/www.istegroup.com\/en\/produit\/politiques-de-re-presentation-de-lindustrie-de-la-mode\/","og_site_name":"ISTE Group","article_modified_time":"2024-01-03T13:43:44+00:00","og_image":[{"width":300,"height":453,"url":"https:\/\/www.istegroup.com\/wp-content\/uploads\/2020\/03\/Politiques-de-re-pr\u00e9sentation-de-l\u2019industrie-de-la-mode.jpg","type":"image\/jpeg"}],"twitter_card":"summary_large_image","twitter_misc":{"Est. reading time":"1 minute"},"schema":{"@context":"https:\/\/schema.org","@graph":[{"@type":"WebPage","@id":"https:\/\/www.istegroup.com\/en\/produit\/politiques-de-re-presentation-de-lindustrie-de-la-mode\/","url":"https:\/\/www.istegroup.com\/en\/produit\/politiques-de-re-presentation-de-lindustrie-de-la-mode\/","name":"Politiques de re-pr\u00e9sentation de l\u2019industrie de la mode - ISTE Group","isPartOf":{"@id":"https:\/\/www.istegroup.com\/#website"},"primaryImageOfPage":{"@id":"https:\/\/www.istegroup.com\/en\/produit\/politiques-de-re-presentation-de-lindustrie-de-la-mode\/#primaryimage"},"image":{"@id":"https:\/\/www.istegroup.com\/en\/produit\/politiques-de-re-presentation-de-lindustrie-de-la-mode\/#primaryimage"},"thumbnailUrl":"https:\/\/www.istegroup.com\/wp-content\/uploads\/2020\/03\/Politiques-de-re-pr\u00e9sentation-de-l\u2019industrie-de-la-mode.jpg","datePublished":"2020-10-28T15:10:21+00:00","dateModified":"2024-01-03T13:43:44+00:00","description":"Cet ouvrage interroge la fa\u00e7on dont les m\u00e9diations de la mode de luxe marchand permettent \u00e0 cette industrie de se pr\u00e9senter comme une instance qui ne serait pas exclusivement marchande.","breadcrumb":{"@id":"https:\/\/www.istegroup.com\/en\/produit\/politiques-de-re-presentation-de-lindustrie-de-la-mode\/#breadcrumb"},"inLanguage":"fr-FR","potentialAction":[{"@type":"ReadAction","target":["https:\/\/www.istegroup.com\/en\/produit\/politiques-de-re-presentation-de-lindustrie-de-la-mode\/"]}]},{"@type":"ImageObject","inLanguage":"fr-FR","@id":"https:\/\/www.istegroup.com\/en\/produit\/politiques-de-re-presentation-de-lindustrie-de-la-mode\/#primaryimage","url":"https:\/\/www.istegroup.com\/wp-content\/uploads\/2020\/03\/Politiques-de-re-pr\u00e9sentation-de-l\u2019industrie-de-la-mode.jpg","contentUrl":"https:\/\/www.istegroup.com\/wp-content\/uploads\/2020\/03\/Politiques-de-re-pr\u00e9sentation-de-l\u2019industrie-de-la-mode.jpg","width":300,"height":453,"caption":"Livre scientifique - Politiques de re-pr\u00e9sentation de l\u2019industrie de la mode - Eleni Mouratidou"},{"@type":"BreadcrumbList","@id":"https:\/\/www.istegroup.com\/en\/produit\/politiques-de-re-presentation-de-lindustrie-de-la-mode\/#breadcrumb","itemListElement":[{"@type":"ListItem","position":1,"name":"Home","item":"https:\/\/www.istegroup.com\/"},{"@type":"ListItem","position":2,"name":"Shop","item":"https:\/\/www.istegroup.com\/fr\/nouveautes\/"},{"@type":"ListItem","position":3,"name":"Politiques de re-pr\u00e9sentation de l\u2019industrie de la mode"}]},{"@type":"WebSite","@id":"https:\/\/www.istegroup.com\/#website","url":"https:\/\/www.istegroup.com\/","name":"ISTE Group","description":"\u00c9diteur des Sciences","potentialAction":[{"@type":"SearchAction","target":{"@type":"EntryPoint","urlTemplate":"https:\/\/www.istegroup.com\/?s={search_term_string}"},"query-input":{"@type":"PropertyValueSpecification","valueRequired":true,"valueName":"search_term_string"}}],"inLanguage":"fr-FR"}]}},"_links":{"self":[{"href":"https:\/\/www.istegroup.com\/fr\/wp-json\/wp\/v2\/product\/25302","targetHints":{"allow":["GET"]}}],"collection":[{"href":"https:\/\/www.istegroup.com\/fr\/wp-json\/wp\/v2\/product"}],"about":[{"href":"https:\/\/www.istegroup.com\/fr\/wp-json\/wp\/v2\/types\/product"}],"wp:featuredmedia":[{"embeddable":true,"href":"https:\/\/www.istegroup.com\/fr\/wp-json\/wp\/v2\/media\/25308"}],"wp:attachment":[{"href":"https:\/\/www.istegroup.com\/fr\/wp-json\/wp\/v2\/media?parent=25302"}],"wp:term":[{"taxonomy":"product_brand","embeddable":true,"href":"https:\/\/www.istegroup.com\/fr\/wp-json\/wp\/v2\/product_brand?post=25302"},{"taxonomy":"product_cat","embeddable":true,"href":"https:\/\/www.istegroup.com\/fr\/wp-json\/wp\/v2\/product_cat?post=25302"},{"taxonomy":"product_tag","embeddable":true,"href":"https:\/\/www.istegroup.com\/fr\/wp-json\/wp\/v2\/product_tag?post=25302"}],"curies":[{"name":"wp","href":"https:\/\/api.w.org\/{rel}","templated":true}]}}

Politiques de re-présentation de l’industrie de la mode

<p>Banalisation de ses biens, pollution environnementale, délocalisation et exploitation de mains-d’oeuvre bon marché ou incitation à la surconsommation : ces traits caractérisent l’industrie de la mode de luxe, alors que le secteur ne cesse d’afficher des résultats économiques en hausse constante.</p>
<p>Cet ouvrage interroge la façon dont les médiations de la mode de luxe marchand permettent à cette industrie de se présenter comme une instance qui ne serait pas exclusivement marchande. Ces médiations sont analysées en tant que politiques « re-présentationnelles » : des actions qui visent à produire du commun, mais aussi à instaurer un dispositif de visibilité permettant aux acteurs du luxe de se requalifier à partir des processus de réécriture, de réinvestissement et de reformulation.</p>
<p><em>Politiques de re-présentation de l’industrie de la mode</em> présente des analyses sémio-communicationnelles de nombreuses stratégies du secteur (publicités, expositions muséales, scénographies marchandes) et rend compte de la façon dont ces stratégies reflètent le modèle socio-économique de la mode de luxe.</p>

<p>Banalisation de ses biens, pollution environnementale, délocalisation et exploitation de mains-d’oeuvre bon marché ou incitation à la surconsommation : ces traits caractérisent l’industrie de la mode de luxe, alors que le secteur ne cesse d’afficher des résultats économiques en hausse constante. Cet ouvrage interroge la façon dont les médiations de la mode de luxe marchand [&hellip;]</p>

<!-- This site is optimized with the Yoast SEO plugin v27.2 - https://yoast.com/product/yoast-seo-wordpress/ -->
<title>Politiques de re-présentation de l’industrie de la mode - ISTE Group</title>
<meta name="description" content="Cet ouvrage interroge la façon dont les médiations de la mode de luxe marchand permettent à cette industrie de se présenter comme une instance qui ne serait pas exclusivement marchande." />
<meta name="robots" content="index, follow, max-snippet:-1, max-image-preview:large, max-video-preview:-1" />
<link rel="canonical" href="https://www.istegroup.com/en/produit/politiques-de-re-presentation-de-lindustrie-de-la-mode/" />
<meta property="og:locale" content="fr_FR" />
<meta property="og:type" content="article" />
<meta property="og:title" content="Politiques de re-présentation de l’industrie de la mode - ISTE Group" />
<meta property="og:description" content="Cet ouvrage interroge la façon dont les médiations de la mode de luxe marchand permettent à cette industrie de se présenter comme une instance qui ne serait pas exclusivement marchande." />
<meta property="og:url" content="https://www.istegroup.com/en/produit/politiques-de-re-presentation-de-lindustrie-de-la-mode/" />
<meta property="og:site_name" content="ISTE Group" />
<meta property="article:modified_time" content="2024-01-03T13:43:44+00:00" />
<meta property="og:image" content="https://www.istegroup.com/wp-content/uploads/2020/03/Politiques-de-re-présentation-de-l’industrie-de-la-mode.jpg" />
	<meta property="og:image:width" content="300" />
	<meta property="og:image:height" content="453" />
	<meta property="og:image:type" content="image/jpeg" />
<meta name="twitter:card" content="summary_large_image" />
<meta name="twitter:label1" content="Est. reading time" />
	<meta name="twitter:data1" content="1 minute" />
<script type="application/ld+json" class="yoast-schema-graph">{"@context":"https://schema.org","@graph":[{"@type":"WebPage","@id":"https://www.istegroup.com/en/produit/politiques-de-re-presentation-de-lindustrie-de-la-mode/","url":"https://www.istegroup.com/en/produit/politiques-de-re-presentation-de-lindustrie-de-la-mode/","name":"Politiques de re-présentation de l’industrie de la mode - ISTE Group","isPartOf":{"@id":"https://www.istegroup.com/#website"},"primaryImageOfPage":{"@id":"https://www.istegroup.com/en/produit/politiques-de-re-presentation-de-lindustrie-de-la-mode/#primaryimage"},"image":{"@id":"https://www.istegroup.com/en/produit/politiques-de-re-presentation-de-lindustrie-de-la-mode/#primaryimage"},"thumbnailUrl":"https://www.istegroup.com/wp-content/uploads/2020/03/Politiques-de-re-présentation-de-l’industrie-de-la-mode.jpg","datePublished":"2020-10-28T15:10:21+00:00","dateModified":"2024-01-03T13:43:44+00:00","description":"Cet ouvrage interroge la façon dont les médiations de la mode de luxe marchand permettent à cette industrie de se présenter comme une instance qui ne serait pas exclusivement marchande.","breadcrumb":{"@id":"https://www.istegroup.com/en/produit/politiques-de-re-presentation-de-lindustrie-de-la-mode/#breadcrumb"},"inLanguage":"fr-FR","potentialAction":[{"@type":"ReadAction","target":["https://www.istegroup.com/en/produit/politiques-de-re-presentation-de-lindustrie-de-la-mode/"]}]},{"@type":"ImageObject","inLanguage":"fr-FR","@id":"https://www.istegroup.com/en/produit/politiques-de-re-presentation-de-lindustrie-de-la-mode/#primaryimage","url":"https://www.istegroup.com/wp-content/uploads/2020/03/Politiques-de-re-présentation-de-l’industrie-de-la-mode.jpg","contentUrl":"https://www.istegroup.com/wp-content/uploads/2020/03/Politiques-de-re-présentation-de-l’industrie-de-la-mode.jpg","width":300,"height":453,"caption":"Livre scientifique - Politiques de re-présentation de l’industrie de la mode - Eleni Mouratidou"},{"@type":"BreadcrumbList","@id":"https://www.istegroup.com/en/produit/politiques-de-re-presentation-de-lindustrie-de-la-mode/#breadcrumb","itemListElement":[{"@type":"ListItem","position":1,"name":"Home","item":"https://www.istegroup.com/"},{"@type":"ListItem","position":2,"name":"Shop","item":"https://www.istegroup.com/fr/nouveautes/"},{"@type":"ListItem","position":3,"name":"Politiques de re-présentation de l’industrie de la mode"}]},{"@type":"WebSite","@id":"https://www.istegroup.com/#website","url":"https://www.istegroup.com/","name":"ISTE Group","description":"Éditeur des Sciences","potentialAction":[{"@type":"SearchAction","target":{"@type":"EntryPoint","urlTemplate":"https://www.istegroup.com/?s={search_term_string}"},"query-input":{"@type":"PropertyValueSpecification","valueRequired":true,"valueName":"search_term_string"}}],"inLanguage":"fr-FR"}]}</script>
<!-- / Yoast SEO plugin. -->

Politiques de re-présentation de l’industrie de la mode - ISTE Group

Cet ouvrage interroge la façon dont les médiations de la mode de luxe marchand permettent à cette industrie de se présenter comme une instance qui ne serait pas exclusivement marchande.

https://www.istegroup.com/wp-content/uploads/2020/03/Politiques-de-re-présentation-de-l’industrie-de-la-mode.jpg

Livre scientifique - Politiques de re-présentation de l’industrie de la mode - Eleni Mouratidou

Éditeur des Sciences
