{"id":23928,"date":"2023-05-09T15:20:23","date_gmt":"2023-05-09T14:20:23","guid":{"rendered":"https:\/\/www.istegroup.com\/?post_type=product&#038;p=23928"},"modified":"2025-01-03T11:10:04","modified_gmt":"2025-01-03T11:10:04","slug":"partage-et-valorisation-des-donnees-de-la-recherche","status":"publish","type":"product","link":"https:\/\/www.istegroup.com\/fr\/produit\/partage-et-valorisation-des-donnees-de-la-recherche\/","title":{"rendered":"Partage et valorisation des donn\u00e9es de la recherche"},"content":{"rendered":"<p>Plateformes de partage, de r\u00e9utilisation et de conservation de donn\u00e9es, les entrep\u00f4ts de donn\u00e9es de recherche sont des infrastructures au coeur de la politique pour la science ouverte.<\/p>\n<p><em>Partage et valorisation des donn\u00e9es de recherche<\/em> propose une approche globale de ces entrep\u00f4ts de donn\u00e9es, de leurs fonctionnalit\u00e9s, usages, enjeux et perspectives. Il analyse le paysage des entrep\u00f4ts en France, discute le concept d\u2019un entrep\u00f4t national (avec une \u00e9tude comparative de plusieurs dispositifs nationaux), d\u00e9crit le r\u00e9pertoire international re3data et r\u00e9unit six \u00e9tudes de cas d\u2019entrep\u00f4ts mod\u00e8les, publics et priv\u00e9s (CDS, Data INRAE, SEANOE, Nakala, Figshare, Data Mendeley). L\u2019annexe contient plusieurs sites web et des textes de r\u00e9f\u00e9rence du minist\u00e8re de l\u2019Enseignement sup\u00e9rieur, de la Recherche et du CNRS.<\/p>\n<p>Premier ouvrage enti\u00e8rement consacr\u00e9 \u00e0 ces nouvelles plateformes, il s\u2019adresse aux chercheurs, aux enseignants, aux \u00e9tudiants et aux professionnels des donn\u00e9es et de l\u2019information scientifique et technique.<\/p>","protected":false},"excerpt":{"rendered":"<p>Plateformes de partage, de r\u00e9utilisation et de conservation de donn\u00e9es, les entrep\u00f4ts de donn\u00e9es de recherche sont des infrastructures au coeur de la politique pour la science ouverte. Partage et valorisation des donn\u00e9es de recherche propose une approche globale de ces entrep\u00f4ts de donn\u00e9es, de leurs fonctionnalit\u00e9s, usages, enjeux et perspectives. Il analyse le paysage [&hellip;]<\/p>\n","protected":false},"featured_media":51437,"template":"","meta":{"_acf_changed":false,"_links_to":"","_links_to_target":""},"product_brand":[],"product_cat":[4289],"product_tag":[],"class_list":{"0":"post-23928","1":"product","2":"type-product","3":"status-publish","4":"has-post-thumbnail","6":"product_cat-sciences","8":"first","9":"instock","10":"shipping-taxable","11":"purchasable","12":"product-type-variable"},"acf":[],"yoast_head":"<!-- This site is optimized with the Yoast SEO plugin v27.2 - https:\/\/yoast.com\/product\/yoast-seo-wordpress\/ -->\n<title>Partage et valorisation des donn\u00e9es de la recherche - ISTE Group<\/title>\n<meta name=\"description\" content=\"Partage et valorisation des donn\u00e9es de recherche propose une approche globale de ces entrep\u00f4ts de donn\u00e9es, de leurs fonctionnalit\u00e9s, usages, enjeux et perspectives.\" \/>\n<meta name=\"robots\" content=\"index, follow, max-snippet:-1, max-image-preview:large, max-video-preview:-1\" \/>\n<link rel=\"canonical\" href=\"https:\/\/www.istegroup.com\/fr\/produit\/partage-et-valorisation-des-donnees-de-la-recherche\/\" \/>\n<meta property=\"og:locale\" content=\"fr_FR\" \/>\n<meta property=\"og:type\" content=\"article\" \/>\n<meta property=\"og:title\" content=\"Partage et valorisation des donn\u00e9es de la recherche - ISTE Group\" \/>\n<meta property=\"og:description\" content=\"Partage et valorisation des donn\u00e9es de recherche propose une approche globale de ces entrep\u00f4ts de donn\u00e9es, de leurs fonctionnalit\u00e9s, usages, enjeux et perspectives.\" \/>\n<meta property=\"og:url\" content=\"https:\/\/www.istegroup.com\/fr\/produit\/partage-et-valorisation-des-donnees-de-la-recherche\/\" \/>\n<meta property=\"og:site_name\" content=\"ISTE Group\" \/>\n<meta property=\"article:modified_time\" content=\"2025-01-03T11:10:04+00:00\" \/>\n<meta property=\"og:image\" content=\"https:\/\/www.istegroup.com\/wp-content\/uploads\/2023\/04\/Partage-et-valorisation-des-donnees-de-recherche.jpeg\" \/>\n\t<meta property=\"og:image:width\" content=\"300\" \/>\n\t<meta property=\"og:image:height\" content=\"450\" \/>\n\t<meta property=\"og:image:type\" content=\"image\/jpeg\" \/>\n<meta name=\"twitter:card\" content=\"summary_large_image\" \/>\n<meta name=\"twitter:label1\" content=\"Est. reading time\" \/>\n\t<meta name=\"twitter:data1\" content=\"1 minute\" \/>\n<script type=\"application\/ld+json\" class=\"yoast-schema-graph\">{\"@context\":\"https:\/\/schema.org\",\"@graph\":[{\"@type\":\"WebPage\",\"@id\":\"https:\/\/www.istegroup.com\/fr\/produit\/partage-et-valorisation-des-donnees-de-la-recherche\/\",\"url\":\"https:\/\/www.istegroup.com\/fr\/produit\/partage-et-valorisation-des-donnees-de-la-recherche\/\",\"name\":\"Partage et valorisation des donn\u00e9es de la recherche - ISTE Group\",\"isPartOf\":{\"@id\":\"https:\/\/www.istegroup.com\/#website\"},\"primaryImageOfPage\":{\"@id\":\"https:\/\/www.istegroup.com\/fr\/produit\/partage-et-valorisation-des-donnees-de-la-recherche\/#primaryimage\"},\"image\":{\"@id\":\"https:\/\/www.istegroup.com\/fr\/produit\/partage-et-valorisation-des-donnees-de-la-recherche\/#primaryimage\"},\"thumbnailUrl\":\"https:\/\/www.istegroup.com\/wp-content\/uploads\/2023\/04\/Partage-et-valorisation-des-donnees-de-recherche.jpeg\",\"datePublished\":\"2023-05-09T14:20:23+00:00\",\"dateModified\":\"2025-01-03T11:10:04+00:00\",\"description\":\"Partage et valorisation des donn\u00e9es de recherche propose une approche globale de ces entrep\u00f4ts de donn\u00e9es, de leurs fonctionnalit\u00e9s, usages, enjeux et perspectives.\",\"breadcrumb\":{\"@id\":\"https:\/\/www.istegroup.com\/fr\/produit\/partage-et-valorisation-des-donnees-de-la-recherche\/#breadcrumb\"},\"inLanguage\":\"fr-FR\",\"potentialAction\":[{\"@type\":\"ReadAction\",\"target\":[\"https:\/\/www.istegroup.com\/fr\/produit\/partage-et-valorisation-des-donnees-de-la-recherche\/\"]}]},{\"@type\":\"ImageObject\",\"inLanguage\":\"fr-FR\",\"@id\":\"https:\/\/www.istegroup.com\/fr\/produit\/partage-et-valorisation-des-donnees-de-la-recherche\/#primaryimage\",\"url\":\"https:\/\/www.istegroup.com\/wp-content\/uploads\/2023\/04\/Partage-et-valorisation-des-donnees-de-recherche.jpeg\",\"contentUrl\":\"https:\/\/www.istegroup.com\/wp-content\/uploads\/2023\/04\/Partage-et-valorisation-des-donnees-de-recherche.jpeg\",\"width\":300,\"height\":450,\"caption\":\"Livre scientifique - Partage et valorisation des donn\u00e9es de recherche - Encyclop\u00e9die SCIENCES\"},{\"@type\":\"BreadcrumbList\",\"@id\":\"https:\/\/www.istegroup.com\/fr\/produit\/partage-et-valorisation-des-donnees-de-la-recherche\/#breadcrumb\",\"itemListElement\":[{\"@type\":\"ListItem\",\"position\":1,\"name\":\"Home\",\"item\":\"https:\/\/www.istegroup.com\/\"},{\"@type\":\"ListItem\",\"position\":2,\"name\":\"Shop\",\"item\":\"https:\/\/www.istegroup.com\/fr\/nouveautes\/\"},{\"@type\":\"ListItem\",\"position\":3,\"name\":\"Partage et valorisation des donn\u00e9es de la recherche\"}]},{\"@type\":\"WebSite\",\"@id\":\"https:\/\/www.istegroup.com\/#website\",\"url\":\"https:\/\/www.istegroup.com\/\",\"name\":\"ISTE Group\",\"description\":\"\u00c9diteur des Sciences\",\"potentialAction\":[{\"@type\":\"SearchAction\",\"target\":{\"@type\":\"EntryPoint\",\"urlTemplate\":\"https:\/\/www.istegroup.com\/?s={search_term_string}\"},\"query-input\":{\"@type\":\"PropertyValueSpecification\",\"valueRequired\":true,\"valueName\":\"search_term_string\"}}],\"inLanguage\":\"fr-FR\"}]}<\/script>\n<!-- \/ Yoast SEO plugin. -->","yoast_head_json":{"title":"Partage et valorisation des donn\u00e9es de la recherche - ISTE Group","description":"Partage et valorisation des donn\u00e9es de recherche propose une approche globale de ces entrep\u00f4ts de donn\u00e9es, de leurs fonctionnalit\u00e9s, usages, enjeux et perspectives.","robots":{"index":"index","follow":"follow","max-snippet":"max-snippet:-1","max-image-preview":"max-image-preview:large","max-video-preview":"max-video-preview:-1"},"canonical":"https:\/\/www.istegroup.com\/fr\/produit\/partage-et-valorisation-des-donnees-de-la-recherche\/","og_locale":"fr_FR","og_type":"article","og_title":"Partage et valorisation des donn\u00e9es de la recherche - ISTE Group","og_description":"Partage et valorisation des donn\u00e9es de recherche propose une approche globale de ces entrep\u00f4ts de donn\u00e9es, de leurs fonctionnalit\u00e9s, usages, enjeux et perspectives.","og_url":"https:\/\/www.istegroup.com\/fr\/produit\/partage-et-valorisation-des-donnees-de-la-recherche\/","og_site_name":"ISTE Group","article_modified_time":"2025-01-03T11:10:04+00:00","og_image":[{"width":300,"height":450,"url":"https:\/\/www.istegroup.com\/wp-content\/uploads\/2023\/04\/Partage-et-valorisation-des-donnees-de-recherche.jpeg","type":"image\/jpeg"}],"twitter_card":"summary_large_image","twitter_misc":{"Est. reading time":"1 minute"},"schema":{"@context":"https:\/\/schema.org","@graph":[{"@type":"WebPage","@id":"https:\/\/www.istegroup.com\/fr\/produit\/partage-et-valorisation-des-donnees-de-la-recherche\/","url":"https:\/\/www.istegroup.com\/fr\/produit\/partage-et-valorisation-des-donnees-de-la-recherche\/","name":"Partage et valorisation des donn\u00e9es de la recherche - ISTE Group","isPartOf":{"@id":"https:\/\/www.istegroup.com\/#website"},"primaryImageOfPage":{"@id":"https:\/\/www.istegroup.com\/fr\/produit\/partage-et-valorisation-des-donnees-de-la-recherche\/#primaryimage"},"image":{"@id":"https:\/\/www.istegroup.com\/fr\/produit\/partage-et-valorisation-des-donnees-de-la-recherche\/#primaryimage"},"thumbnailUrl":"https:\/\/www.istegroup.com\/wp-content\/uploads\/2023\/04\/Partage-et-valorisation-des-donnees-de-recherche.jpeg","datePublished":"2023-05-09T14:20:23+00:00","dateModified":"2025-01-03T11:10:04+00:00","description":"Partage et valorisation des donn\u00e9es de recherche propose une approche globale de ces entrep\u00f4ts de donn\u00e9es, de leurs fonctionnalit\u00e9s, usages, enjeux et perspectives.","breadcrumb":{"@id":"https:\/\/www.istegroup.com\/fr\/produit\/partage-et-valorisation-des-donnees-de-la-recherche\/#breadcrumb"},"inLanguage":"fr-FR","potentialAction":[{"@type":"ReadAction","target":["https:\/\/www.istegroup.com\/fr\/produit\/partage-et-valorisation-des-donnees-de-la-recherche\/"]}]},{"@type":"ImageObject","inLanguage":"fr-FR","@id":"https:\/\/www.istegroup.com\/fr\/produit\/partage-et-valorisation-des-donnees-de-la-recherche\/#primaryimage","url":"https:\/\/www.istegroup.com\/wp-content\/uploads\/2023\/04\/Partage-et-valorisation-des-donnees-de-recherche.jpeg","contentUrl":"https:\/\/www.istegroup.com\/wp-content\/uploads\/2023\/04\/Partage-et-valorisation-des-donnees-de-recherche.jpeg","width":300,"height":450,"caption":"Livre scientifique - Partage et valorisation des donn\u00e9es de recherche - Encyclop\u00e9die SCIENCES"},{"@type":"BreadcrumbList","@id":"https:\/\/www.istegroup.com\/fr\/produit\/partage-et-valorisation-des-donnees-de-la-recherche\/#breadcrumb","itemListElement":[{"@type":"ListItem","position":1,"name":"Home","item":"https:\/\/www.istegroup.com\/"},{"@type":"ListItem","position":2,"name":"Shop","item":"https:\/\/www.istegroup.com\/fr\/nouveautes\/"},{"@type":"ListItem","position":3,"name":"Partage et valorisation des donn\u00e9es de la recherche"}]},{"@type":"WebSite","@id":"https:\/\/www.istegroup.com\/#website","url":"https:\/\/www.istegroup.com\/","name":"ISTE Group","description":"\u00c9diteur des Sciences","potentialAction":[{"@type":"SearchAction","target":{"@type":"EntryPoint","urlTemplate":"https:\/\/www.istegroup.com\/?s={search_term_string}"},"query-input":{"@type":"PropertyValueSpecification","valueRequired":true,"valueName":"search_term_string"}}],"inLanguage":"fr-FR"}]}},"_links":{"self":[{"href":"https:\/\/www.istegroup.com\/fr\/wp-json\/wp\/v2\/product\/23928","targetHints":{"allow":["GET"]}}],"collection":[{"href":"https:\/\/www.istegroup.com\/fr\/wp-json\/wp\/v2\/product"}],"about":[{"href":"https:\/\/www.istegroup.com\/fr\/wp-json\/wp\/v2\/types\/product"}],"wp:featuredmedia":[{"embeddable":true,"href":"https:\/\/www.istegroup.com\/fr\/wp-json\/wp\/v2\/media\/51437"}],"wp:attachment":[{"href":"https:\/\/www.istegroup.com\/fr\/wp-json\/wp\/v2\/media?parent=23928"}],"wp:term":[{"taxonomy":"product_brand","embeddable":true,"href":"https:\/\/www.istegroup.com\/fr\/wp-json\/wp\/v2\/product_brand?post=23928"},{"taxonomy":"product_cat","embeddable":true,"href":"https:\/\/www.istegroup.com\/fr\/wp-json\/wp\/v2\/product_cat?post=23928"},{"taxonomy":"product_tag","embeddable":true,"href":"https:\/\/www.istegroup.com\/fr\/wp-json\/wp\/v2\/product_tag?post=23928"}],"curies":[{"name":"wp","href":"https:\/\/api.w.org\/{rel}","templated":true}]}}

Partage et valorisation des données de la recherche

<p>Plateformes de partage, de réutilisation et de conservation de données, les entrepôts de données de recherche sont des infrastructures au coeur de la politique pour la science ouverte.</p>
<p><em>Partage et valorisation des données de recherche</em> propose une approche globale de ces entrepôts de données, de leurs fonctionnalités, usages, enjeux et perspectives. Il analyse le paysage des entrepôts en France, discute le concept d’un entrepôt national (avec une étude comparative de plusieurs dispositifs nationaux), décrit le répertoire international re3data et réunit six études de cas d’entrepôts modèles, publics et privés (CDS, Data INRAE, SEANOE, Nakala, Figshare, Data Mendeley). L’annexe contient plusieurs sites web et des textes de référence du ministère de l’Enseignement supérieur, de la Recherche et du CNRS.</p>
<p>Premier ouvrage entièrement consacré à ces nouvelles plateformes, il s’adresse aux chercheurs, aux enseignants, aux étudiants et aux professionnels des données et de l’information scientifique et technique.</p>

<p>Plateformes de partage, de réutilisation et de conservation de données, les entrepôts de données de recherche sont des infrastructures au coeur de la politique pour la science ouverte. Partage et valorisation des données de recherche propose une approche globale de ces entrepôts de données, de leurs fonctionnalités, usages, enjeux et perspectives. Il analyse le paysage [&hellip;]</p>

<!-- This site is optimized with the Yoast SEO plugin v27.2 - https://yoast.com/product/yoast-seo-wordpress/ -->
<title>Partage et valorisation des données de la recherche - ISTE Group</title>
<meta name="description" content="Partage et valorisation des données de recherche propose une approche globale de ces entrepôts de données, de leurs fonctionnalités, usages, enjeux et perspectives." />
<meta name="robots" content="index, follow, max-snippet:-1, max-image-preview:large, max-video-preview:-1" />
<link rel="canonical" href="https://www.istegroup.com/fr/produit/partage-et-valorisation-des-donnees-de-la-recherche/" />
<meta property="og:locale" content="fr_FR" />
<meta property="og:type" content="article" />
<meta property="og:title" content="Partage et valorisation des données de la recherche - ISTE Group" />
<meta property="og:description" content="Partage et valorisation des données de recherche propose une approche globale de ces entrepôts de données, de leurs fonctionnalités, usages, enjeux et perspectives." />
<meta property="og:url" content="https://www.istegroup.com/fr/produit/partage-et-valorisation-des-donnees-de-la-recherche/" />
<meta property="og:site_name" content="ISTE Group" />
<meta property="article:modified_time" content="2025-01-03T11:10:04+00:00" />
<meta property="og:image" content="https://www.istegroup.com/wp-content/uploads/2023/04/Partage-et-valorisation-des-donnees-de-recherche.jpeg" />
	<meta property="og:image:width" content="300" />
	<meta property="og:image:height" content="450" />
	<meta property="og:image:type" content="image/jpeg" />
<meta name="twitter:card" content="summary_large_image" />
<meta name="twitter:label1" content="Est. reading time" />
	<meta name="twitter:data1" content="1 minute" />
<script type="application/ld+json" class="yoast-schema-graph">{"@context":"https://schema.org","@graph":[{"@type":"WebPage","@id":"https://www.istegroup.com/fr/produit/partage-et-valorisation-des-donnees-de-la-recherche/","url":"https://www.istegroup.com/fr/produit/partage-et-valorisation-des-donnees-de-la-recherche/","name":"Partage et valorisation des données de la recherche - ISTE Group","isPartOf":{"@id":"https://www.istegroup.com/#website"},"primaryImageOfPage":{"@id":"https://www.istegroup.com/fr/produit/partage-et-valorisation-des-donnees-de-la-recherche/#primaryimage"},"image":{"@id":"https://www.istegroup.com/fr/produit/partage-et-valorisation-des-donnees-de-la-recherche/#primaryimage"},"thumbnailUrl":"https://www.istegroup.com/wp-content/uploads/2023/04/Partage-et-valorisation-des-donnees-de-recherche.jpeg","datePublished":"2023-05-09T14:20:23+00:00","dateModified":"2025-01-03T11:10:04+00:00","description":"Partage et valorisation des données de recherche propose une approche globale de ces entrepôts de données, de leurs fonctionnalités, usages, enjeux et perspectives.","breadcrumb":{"@id":"https://www.istegroup.com/fr/produit/partage-et-valorisation-des-donnees-de-la-recherche/#breadcrumb"},"inLanguage":"fr-FR","potentialAction":[{"@type":"ReadAction","target":["https://www.istegroup.com/fr/produit/partage-et-valorisation-des-donnees-de-la-recherche/"]}]},{"@type":"ImageObject","inLanguage":"fr-FR","@id":"https://www.istegroup.com/fr/produit/partage-et-valorisation-des-donnees-de-la-recherche/#primaryimage","url":"https://www.istegroup.com/wp-content/uploads/2023/04/Partage-et-valorisation-des-donnees-de-recherche.jpeg","contentUrl":"https://www.istegroup.com/wp-content/uploads/2023/04/Partage-et-valorisation-des-donnees-de-recherche.jpeg","width":300,"height":450,"caption":"Livre scientifique - Partage et valorisation des données de recherche - Encyclopédie SCIENCES"},{"@type":"BreadcrumbList","@id":"https://www.istegroup.com/fr/produit/partage-et-valorisation-des-donnees-de-la-recherche/#breadcrumb","itemListElement":[{"@type":"ListItem","position":1,"name":"Home","item":"https://www.istegroup.com/"},{"@type":"ListItem","position":2,"name":"Shop","item":"https://www.istegroup.com/fr/nouveautes/"},{"@type":"ListItem","position":3,"name":"Partage et valorisation des données de la recherche"}]},{"@type":"WebSite","@id":"https://www.istegroup.com/#website","url":"https://www.istegroup.com/","name":"ISTE Group","description":"Éditeur des Sciences","potentialAction":[{"@type":"SearchAction","target":{"@type":"EntryPoint","urlTemplate":"https://www.istegroup.com/?s={search_term_string}"},"query-input":{"@type":"PropertyValueSpecification","valueRequired":true,"valueName":"search_term_string"}}],"inLanguage":"fr-FR"}]}</script>
<!-- / Yoast SEO plugin. -->

Partage et valorisation des données de la recherche - ISTE Group

Partage et valorisation des données de recherche propose une approche globale de ces entrepôts de données, de leurs fonctionnalités, usages, enjeux et perspectives.

Livre scientifique - Partage et valorisation des données de recherche - Encyclopédie SCIENCES

Éditeur des Sciences
