{"id":23793,"date":"2022-09-12T10:25:30","date_gmt":"2022-09-12T09:25:30","guid":{"rendered":"https:\/\/www.istegroup.com\/?post_type=product&#038;p=23793"},"modified":"2025-01-03T11:57:47","modified_gmt":"2025-01-03T11:57:47","slug":"politiques-de-la-carte","status":"publish","type":"product","link":"https:\/\/www.istegroup.com\/fr\/produit\/politiques-de-la-carte\/","title":{"rendered":"Politiques de la carte"},"content":{"rendered":"<p>Les cartes et la cartographie sont fondamentalement politiques. Qu\u2019elles soient autoritaires, h\u00e9g\u00e9moniques, participatives ou contestataires, elles sont souvent guid\u00e9es par le souci d\u2019avoir prise sur l\u2019espace, et r\u00e9guli\u00e8rement travers\u00e9es par des rapports de pouvoir.<\/p>\n<p><em>Politiques de la carte<\/em> dresse le bilan des connaissances acquises et des d\u00e9bats conduits dans le champ de la cartographie critique depuis une trentaine d\u2019ann\u00e9es. Cet ouvrage regroupe aussi des analyses des innovations s\u00e9miologiques, sociales et technologiques r\u00e9centes dans le domaine de la conception, de la production, de la circulation et de l\u2019usage des cartes, et plus g\u00e9n\u00e9ralement de l\u2019information g\u00e9ographique.<\/p>\n<p>Des enjeux de la carte pour les \u00c9tats modernes \u00e0 ceux du num\u00e9rique, en passant par les cartes produites par les peuples autochtones ou les organisations de d\u00e9fense des migrants et des migrantes en Europe, les perspectives sont tant historiques que contemporaines.<\/p>","protected":false},"excerpt":{"rendered":"<p>Les cartes et la cartographie sont fondamentalement politiques. Qu\u2019elles soient autoritaires, h\u00e9g\u00e9moniques, participatives ou contestataires, elles sont souvent guid\u00e9es par le souci d\u2019avoir prise sur l\u2019espace, et r\u00e9guli\u00e8rement travers\u00e9es par des rapports de pouvoir. Politiques de la carte dresse le bilan des connaissances acquises et des d\u00e9bats conduits dans le champ de la cartographie critique [&hellip;]<\/p>\n","protected":false},"featured_media":47612,"template":"","meta":{"_acf_changed":false,"_links_to":"","_links_to_target":""},"product_brand":[],"product_cat":[4289],"product_tag":[],"class_list":{"0":"post-23793","1":"product","2":"type-product","3":"status-publish","4":"has-post-thumbnail","6":"product_cat-sciences","8":"first","9":"instock","10":"shipping-taxable","11":"purchasable","12":"product-type-variable"},"acf":[],"yoast_head":"<!-- This site is optimized with the Yoast SEO plugin v27.2 - https:\/\/yoast.com\/product\/yoast-seo-wordpress\/ -->\n<title>Politiques de la carte - ISTE Group<\/title>\n<meta name=\"description\" content=\"Politiques de la carte dresse le bilan des connaissances acquises et des d\u00e9bats conduits dans le champ de la cartographie critique depuis une trentaine d\u2019ann\u00e9es.\" \/>\n<meta name=\"robots\" content=\"index, follow, max-snippet:-1, max-image-preview:large, max-video-preview:-1\" \/>\n<link rel=\"canonical\" href=\"https:\/\/www.istegroup.com\/fr\/produit\/politiques-de-la-carte\/\" \/>\n<meta property=\"og:locale\" content=\"fr_FR\" \/>\n<meta property=\"og:type\" content=\"article\" \/>\n<meta property=\"og:title\" content=\"Politiques de la carte - ISTE Group\" \/>\n<meta property=\"og:description\" content=\"Politiques de la carte dresse le bilan des connaissances acquises et des d\u00e9bats conduits dans le champ de la cartographie critique depuis une trentaine d\u2019ann\u00e9es.\" \/>\n<meta property=\"og:url\" content=\"https:\/\/www.istegroup.com\/fr\/produit\/politiques-de-la-carte\/\" \/>\n<meta property=\"og:site_name\" content=\"ISTE Group\" \/>\n<meta property=\"article:modified_time\" content=\"2025-01-03T11:57:47+00:00\" \/>\n<meta property=\"og:image\" content=\"https:\/\/www.istegroup.com\/wp-content\/uploads\/2022\/08\/Politiques-de-la-carte.jpeg\" \/>\n\t<meta property=\"og:image:width\" content=\"300\" \/>\n\t<meta property=\"og:image:height\" content=\"450\" \/>\n\t<meta property=\"og:image:type\" content=\"image\/jpeg\" \/>\n<meta name=\"twitter:card\" content=\"summary_large_image\" \/>\n<meta name=\"twitter:label1\" content=\"Est. reading time\" \/>\n\t<meta name=\"twitter:data1\" content=\"1 minute\" \/>\n<script type=\"application\/ld+json\" class=\"yoast-schema-graph\">{\"@context\":\"https:\/\/schema.org\",\"@graph\":[{\"@type\":\"WebPage\",\"@id\":\"https:\/\/www.istegroup.com\/fr\/produit\/politiques-de-la-carte\/\",\"url\":\"https:\/\/www.istegroup.com\/fr\/produit\/politiques-de-la-carte\/\",\"name\":\"Politiques de la carte - ISTE Group\",\"isPartOf\":{\"@id\":\"https:\/\/www.istegroup.com\/#website\"},\"primaryImageOfPage\":{\"@id\":\"https:\/\/www.istegroup.com\/fr\/produit\/politiques-de-la-carte\/#primaryimage\"},\"image\":{\"@id\":\"https:\/\/www.istegroup.com\/fr\/produit\/politiques-de-la-carte\/#primaryimage\"},\"thumbnailUrl\":\"https:\/\/www.istegroup.com\/wp-content\/uploads\/2022\/08\/Politiques-de-la-carte.jpeg\",\"datePublished\":\"2022-09-12T09:25:30+00:00\",\"dateModified\":\"2025-01-03T11:57:47+00:00\",\"description\":\"Politiques de la carte dresse le bilan des connaissances acquises et des d\u00e9bats conduits dans le champ de la cartographie critique depuis une trentaine d\u2019ann\u00e9es.\",\"breadcrumb\":{\"@id\":\"https:\/\/www.istegroup.com\/fr\/produit\/politiques-de-la-carte\/#breadcrumb\"},\"inLanguage\":\"fr-FR\",\"potentialAction\":[{\"@type\":\"ReadAction\",\"target\":[\"https:\/\/www.istegroup.com\/fr\/produit\/politiques-de-la-carte\/\"]}]},{\"@type\":\"ImageObject\",\"inLanguage\":\"fr-FR\",\"@id\":\"https:\/\/www.istegroup.com\/fr\/produit\/politiques-de-la-carte\/#primaryimage\",\"url\":\"https:\/\/www.istegroup.com\/wp-content\/uploads\/2022\/08\/Politiques-de-la-carte.jpeg\",\"contentUrl\":\"https:\/\/www.istegroup.com\/wp-content\/uploads\/2022\/08\/Politiques-de-la-carte.jpeg\",\"width\":300,\"height\":450,\"caption\":\"Livre scientifique - Politiques de la carte - Encyclop\u00e9die SCIENCES\"},{\"@type\":\"BreadcrumbList\",\"@id\":\"https:\/\/www.istegroup.com\/fr\/produit\/politiques-de-la-carte\/#breadcrumb\",\"itemListElement\":[{\"@type\":\"ListItem\",\"position\":1,\"name\":\"Home\",\"item\":\"https:\/\/www.istegroup.com\/\"},{\"@type\":\"ListItem\",\"position\":2,\"name\":\"Shop\",\"item\":\"https:\/\/www.istegroup.com\/fr\/nouveautes\/\"},{\"@type\":\"ListItem\",\"position\":3,\"name\":\"Politiques de la carte\"}]},{\"@type\":\"WebSite\",\"@id\":\"https:\/\/www.istegroup.com\/#website\",\"url\":\"https:\/\/www.istegroup.com\/\",\"name\":\"ISTE Group\",\"description\":\"\u00c9diteur des Sciences\",\"potentialAction\":[{\"@type\":\"SearchAction\",\"target\":{\"@type\":\"EntryPoint\",\"urlTemplate\":\"https:\/\/www.istegroup.com\/?s={search_term_string}\"},\"query-input\":{\"@type\":\"PropertyValueSpecification\",\"valueRequired\":true,\"valueName\":\"search_term_string\"}}],\"inLanguage\":\"fr-FR\"}]}<\/script>\n<!-- \/ Yoast SEO plugin. -->","yoast_head_json":{"title":"Politiques de la carte - ISTE Group","description":"Politiques de la carte dresse le bilan des connaissances acquises et des d\u00e9bats conduits dans le champ de la cartographie critique depuis une trentaine d\u2019ann\u00e9es.","robots":{"index":"index","follow":"follow","max-snippet":"max-snippet:-1","max-image-preview":"max-image-preview:large","max-video-preview":"max-video-preview:-1"},"canonical":"https:\/\/www.istegroup.com\/fr\/produit\/politiques-de-la-carte\/","og_locale":"fr_FR","og_type":"article","og_title":"Politiques de la carte - ISTE Group","og_description":"Politiques de la carte dresse le bilan des connaissances acquises et des d\u00e9bats conduits dans le champ de la cartographie critique depuis une trentaine d\u2019ann\u00e9es.","og_url":"https:\/\/www.istegroup.com\/fr\/produit\/politiques-de-la-carte\/","og_site_name":"ISTE Group","article_modified_time":"2025-01-03T11:57:47+00:00","og_image":[{"width":300,"height":450,"url":"https:\/\/www.istegroup.com\/wp-content\/uploads\/2022\/08\/Politiques-de-la-carte.jpeg","type":"image\/jpeg"}],"twitter_card":"summary_large_image","twitter_misc":{"Est. reading time":"1 minute"},"schema":{"@context":"https:\/\/schema.org","@graph":[{"@type":"WebPage","@id":"https:\/\/www.istegroup.com\/fr\/produit\/politiques-de-la-carte\/","url":"https:\/\/www.istegroup.com\/fr\/produit\/politiques-de-la-carte\/","name":"Politiques de la carte - ISTE Group","isPartOf":{"@id":"https:\/\/www.istegroup.com\/#website"},"primaryImageOfPage":{"@id":"https:\/\/www.istegroup.com\/fr\/produit\/politiques-de-la-carte\/#primaryimage"},"image":{"@id":"https:\/\/www.istegroup.com\/fr\/produit\/politiques-de-la-carte\/#primaryimage"},"thumbnailUrl":"https:\/\/www.istegroup.com\/wp-content\/uploads\/2022\/08\/Politiques-de-la-carte.jpeg","datePublished":"2022-09-12T09:25:30+00:00","dateModified":"2025-01-03T11:57:47+00:00","description":"Politiques de la carte dresse le bilan des connaissances acquises et des d\u00e9bats conduits dans le champ de la cartographie critique depuis une trentaine d\u2019ann\u00e9es.","breadcrumb":{"@id":"https:\/\/www.istegroup.com\/fr\/produit\/politiques-de-la-carte\/#breadcrumb"},"inLanguage":"fr-FR","potentialAction":[{"@type":"ReadAction","target":["https:\/\/www.istegroup.com\/fr\/produit\/politiques-de-la-carte\/"]}]},{"@type":"ImageObject","inLanguage":"fr-FR","@id":"https:\/\/www.istegroup.com\/fr\/produit\/politiques-de-la-carte\/#primaryimage","url":"https:\/\/www.istegroup.com\/wp-content\/uploads\/2022\/08\/Politiques-de-la-carte.jpeg","contentUrl":"https:\/\/www.istegroup.com\/wp-content\/uploads\/2022\/08\/Politiques-de-la-carte.jpeg","width":300,"height":450,"caption":"Livre scientifique - Politiques de la carte - Encyclop\u00e9die SCIENCES"},{"@type":"BreadcrumbList","@id":"https:\/\/www.istegroup.com\/fr\/produit\/politiques-de-la-carte\/#breadcrumb","itemListElement":[{"@type":"ListItem","position":1,"name":"Home","item":"https:\/\/www.istegroup.com\/"},{"@type":"ListItem","position":2,"name":"Shop","item":"https:\/\/www.istegroup.com\/fr\/nouveautes\/"},{"@type":"ListItem","position":3,"name":"Politiques de la carte"}]},{"@type":"WebSite","@id":"https:\/\/www.istegroup.com\/#website","url":"https:\/\/www.istegroup.com\/","name":"ISTE Group","description":"\u00c9diteur des Sciences","potentialAction":[{"@type":"SearchAction","target":{"@type":"EntryPoint","urlTemplate":"https:\/\/www.istegroup.com\/?s={search_term_string}"},"query-input":{"@type":"PropertyValueSpecification","valueRequired":true,"valueName":"search_term_string"}}],"inLanguage":"fr-FR"}]}},"_links":{"self":[{"href":"https:\/\/www.istegroup.com\/fr\/wp-json\/wp\/v2\/product\/23793","targetHints":{"allow":["GET"]}}],"collection":[{"href":"https:\/\/www.istegroup.com\/fr\/wp-json\/wp\/v2\/product"}],"about":[{"href":"https:\/\/www.istegroup.com\/fr\/wp-json\/wp\/v2\/types\/product"}],"wp:featuredmedia":[{"embeddable":true,"href":"https:\/\/www.istegroup.com\/fr\/wp-json\/wp\/v2\/media\/47612"}],"wp:attachment":[{"href":"https:\/\/www.istegroup.com\/fr\/wp-json\/wp\/v2\/media?parent=23793"}],"wp:term":[{"taxonomy":"product_brand","embeddable":true,"href":"https:\/\/www.istegroup.com\/fr\/wp-json\/wp\/v2\/product_brand?post=23793"},{"taxonomy":"product_cat","embeddable":true,"href":"https:\/\/www.istegroup.com\/fr\/wp-json\/wp\/v2\/product_cat?post=23793"},{"taxonomy":"product_tag","embeddable":true,"href":"https:\/\/www.istegroup.com\/fr\/wp-json\/wp\/v2\/product_tag?post=23793"}],"curies":[{"name":"wp","href":"https:\/\/api.w.org\/{rel}","templated":true}]}}

<p>Les cartes et la cartographie sont fondamentalement politiques. Qu’elles soient autoritaires, hégémoniques, participatives ou contestataires, elles sont souvent guidées par le souci d’avoir prise sur l’espace, et régulièrement traversées par des rapports de pouvoir.</p>
<p><em>Politiques de la carte</em> dresse le bilan des connaissances acquises et des débats conduits dans le champ de la cartographie critique depuis une trentaine d’années. Cet ouvrage regroupe aussi des analyses des innovations sémiologiques, sociales et technologiques récentes dans le domaine de la conception, de la production, de la circulation et de l’usage des cartes, et plus généralement de l’information géographique.</p>
<p>Des enjeux de la carte pour les États modernes à ceux du numérique, en passant par les cartes produites par les peuples autochtones ou les organisations de défense des migrants et des migrantes en Europe, les perspectives sont tant historiques que contemporaines.</p>

<p>Les cartes et la cartographie sont fondamentalement politiques. Qu’elles soient autoritaires, hégémoniques, participatives ou contestataires, elles sont souvent guidées par le souci d’avoir prise sur l’espace, et régulièrement traversées par des rapports de pouvoir. Politiques de la carte dresse le bilan des connaissances acquises et des débats conduits dans le champ de la cartographie critique [&hellip;]</p>

<!-- This site is optimized with the Yoast SEO plugin v27.2 - https://yoast.com/product/yoast-seo-wordpress/ -->
<title>Politiques de la carte - ISTE Group</title>
<meta name="description" content="Politiques de la carte dresse le bilan des connaissances acquises et des débats conduits dans le champ de la cartographie critique depuis une trentaine d’années." />
<meta name="robots" content="index, follow, max-snippet:-1, max-image-preview:large, max-video-preview:-1" />
<link rel="canonical" href="https://www.istegroup.com/fr/produit/politiques-de-la-carte/" />
<meta property="og:locale" content="fr_FR" />
<meta property="og:type" content="article" />
<meta property="og:title" content="Politiques de la carte - ISTE Group" />
<meta property="og:description" content="Politiques de la carte dresse le bilan des connaissances acquises et des débats conduits dans le champ de la cartographie critique depuis une trentaine d’années." />
<meta property="og:url" content="https://www.istegroup.com/fr/produit/politiques-de-la-carte/" />
<meta property="og:site_name" content="ISTE Group" />
<meta property="article:modified_time" content="2025-01-03T11:57:47+00:00" />
<meta property="og:image" content="https://www.istegroup.com/wp-content/uploads/2022/08/Politiques-de-la-carte.jpeg" />
	<meta property="og:image:width" content="300" />
	<meta property="og:image:height" content="450" />
	<meta property="og:image:type" content="image/jpeg" />
<meta name="twitter:card" content="summary_large_image" />
<meta name="twitter:label1" content="Est. reading time" />
	<meta name="twitter:data1" content="1 minute" />
<script type="application/ld+json" class="yoast-schema-graph">{"@context":"https://schema.org","@graph":[{"@type":"WebPage","@id":"https://www.istegroup.com/fr/produit/politiques-de-la-carte/","url":"https://www.istegroup.com/fr/produit/politiques-de-la-carte/","name":"Politiques de la carte - ISTE Group","isPartOf":{"@id":"https://www.istegroup.com/#website"},"primaryImageOfPage":{"@id":"https://www.istegroup.com/fr/produit/politiques-de-la-carte/#primaryimage"},"image":{"@id":"https://www.istegroup.com/fr/produit/politiques-de-la-carte/#primaryimage"},"thumbnailUrl":"https://www.istegroup.com/wp-content/uploads/2022/08/Politiques-de-la-carte.jpeg","datePublished":"2022-09-12T09:25:30+00:00","dateModified":"2025-01-03T11:57:47+00:00","description":"Politiques de la carte dresse le bilan des connaissances acquises et des débats conduits dans le champ de la cartographie critique depuis une trentaine d’années.","breadcrumb":{"@id":"https://www.istegroup.com/fr/produit/politiques-de-la-carte/#breadcrumb"},"inLanguage":"fr-FR","potentialAction":[{"@type":"ReadAction","target":["https://www.istegroup.com/fr/produit/politiques-de-la-carte/"]}]},{"@type":"ImageObject","inLanguage":"fr-FR","@id":"https://www.istegroup.com/fr/produit/politiques-de-la-carte/#primaryimage","url":"https://www.istegroup.com/wp-content/uploads/2022/08/Politiques-de-la-carte.jpeg","contentUrl":"https://www.istegroup.com/wp-content/uploads/2022/08/Politiques-de-la-carte.jpeg","width":300,"height":450,"caption":"Livre scientifique - Politiques de la carte - Encyclopédie SCIENCES"},{"@type":"BreadcrumbList","@id":"https://www.istegroup.com/fr/produit/politiques-de-la-carte/#breadcrumb","itemListElement":[{"@type":"ListItem","position":1,"name":"Home","item":"https://www.istegroup.com/"},{"@type":"ListItem","position":2,"name":"Shop","item":"https://www.istegroup.com/fr/nouveautes/"},{"@type":"ListItem","position":3,"name":"Politiques de la carte"}]},{"@type":"WebSite","@id":"https://www.istegroup.com/#website","url":"https://www.istegroup.com/","name":"ISTE Group","description":"Éditeur des Sciences","potentialAction":[{"@type":"SearchAction","target":{"@type":"EntryPoint","urlTemplate":"https://www.istegroup.com/?s={search_term_string}"},"query-input":{"@type":"PropertyValueSpecification","valueRequired":true,"valueName":"search_term_string"}}],"inLanguage":"fr-FR"}]}</script>
<!-- / Yoast SEO plugin. -->

Politiques de la carte dresse le bilan des connaissances acquises et des débats conduits dans le champ de la cartographie critique depuis une trentaine d’années.

Livre scientifique - Politiques de la carte - Encyclopédie SCIENCES

Éditeur des Sciences
