{"id":23779,"date":"2021-08-23T10:08:18","date_gmt":"2021-08-23T09:08:18","guid":{"rendered":"https:\/\/www.istegroup.com\/?post_type=product&#038;p=23779"},"modified":"2025-01-03T12:11:49","modified_gmt":"2025-01-03T12:11:49","slug":"les-risques-et-lanthropocene","status":"publish","type":"product","link":"https:\/\/www.istegroup.com\/fr\/produit\/les-risques-et-lanthropocene\/","title":{"rendered":"Les risques et l&rsquo;anthropoc\u00e8ne"},"content":{"rendered":"<p>L\u2019anthropoc\u00e8ne est d\u00e9sormais le temps des d\u00e9fis environnementaux dans lesquels les soci\u00e9t\u00e9s se sont r\u00e9cemment plong\u00e9es. Pour les sciences sociales, l\u2019anthropoc\u00e8ne est un \u00ab moment \u00bb historique de possibles r\u00e9volutions : celles des mani\u00e8res de voir ou de penser la condition humaine, les interactions des hommes avec le reste du vivant et avec la plan\u00e8te \u00e0 toutes les \u00e9chelles.<\/p>\n<p>C\u2019est au tournant du XXIe si\u00e8cle que l\u2019anthropoc\u00e8ne fait irruption dans le champ h\u00e9t\u00e9rog\u00e8ne des \u00e9tudes de risque. Cette \u00ab nouvelle \u00e8re \u00bb g\u00e9ologique cr\u00e9\u00e9e par l\u2019humanit\u00e9 renouvellerait la compr\u00e9hension des enjeux environnementaux en fonction de l\u2019analyse des probl\u00e9matiques sociales et politiques constitutives des situations de risque.<\/p>\n<p>Rassemblant des contributions de sp\u00e9cialistes en sciences sociales sur les risques et l\u2019environnement, cet ouvrage explore les apports de l\u2019anthropoc\u00e8ne \u00e0 la compr\u00e9hension des risques et \u00e0 leur gestion, mais aussi ses limites.<\/p>\n<p><strong>La presse en parle<\/strong><\/p>\n<p>Pour une critique compl\u00e8te de l&rsquo;ouvrage :<br \/>\n<a style=\"color: #1e9691;\" href=\"https:\/\/www.istegroup.com\/wp-content\/uploads\/2023\/07\/Un-compte-rendu-de-Les-risques-et-lanthropocene.pdf\">Revue Natures Sciences Soci\u00e9t\u00e9s<\/a><\/p>","protected":false},"excerpt":{"rendered":"<p>L\u2019anthropoc\u00e8ne est d\u00e9sormais le temps des d\u00e9fis environnementaux dans lesquels les soci\u00e9t\u00e9s se sont r\u00e9cemment plong\u00e9es. Pour les sciences sociales, l\u2019anthropoc\u00e8ne est un \u00ab moment \u00bb historique de possibles r\u00e9volutions : celles des mani\u00e8res de voir ou de penser la condition humaine, les interactions des hommes avec le reste du vivant et avec la plan\u00e8te [&hellip;]<\/p>\n","protected":false},"featured_media":42942,"template":"","meta":{"_acf_changed":false,"_links_to":"","_links_to_target":""},"product_brand":[],"product_cat":[4289],"product_tag":[],"class_list":{"0":"post-23779","1":"product","2":"type-product","3":"status-publish","4":"has-post-thumbnail","6":"product_cat-sciences","8":"first","9":"instock","10":"shipping-taxable","11":"purchasable","12":"product-type-variable"},"acf":[],"yoast_head":"<!-- This site is optimized with the Yoast SEO plugin v27.2 - https:\/\/yoast.com\/product\/yoast-seo-wordpress\/ -->\n<title>Les risques et l&#039;anthropoc\u00e8ne - ISTE Group<\/title>\n<meta name=\"description\" content=\"L\u2019anthropoc\u00e8ne est d\u00e9sormais le temps des d\u00e9fis environnementaux dans lesquels les soci\u00e9t\u00e9s se sont r\u00e9cemment plong\u00e9es.\" \/>\n<meta name=\"robots\" content=\"index, follow, max-snippet:-1, max-image-preview:large, max-video-preview:-1\" \/>\n<link rel=\"canonical\" href=\"https:\/\/www.istegroup.com\/produit\/les-risques-et-lanthropocene\/\" \/>\n<meta property=\"og:locale\" content=\"fr_FR\" \/>\n<meta property=\"og:type\" content=\"article\" \/>\n<meta property=\"og:title\" content=\"Les risques et l&#039;anthropoc\u00e8ne - ISTE Group\" \/>\n<meta property=\"og:description\" content=\"L\u2019anthropoc\u00e8ne est d\u00e9sormais le temps des d\u00e9fis environnementaux dans lesquels les soci\u00e9t\u00e9s se sont r\u00e9cemment plong\u00e9es.\" \/>\n<meta property=\"og:url\" content=\"https:\/\/www.istegroup.com\/produit\/les-risques-et-lanthropocene\/\" \/>\n<meta property=\"og:site_name\" content=\"ISTE Group\" \/>\n<meta property=\"article:modified_time\" content=\"2025-01-03T12:11:49+00:00\" \/>\n<meta property=\"og:image\" content=\"https:\/\/www.istegroup.com\/wp-content\/uploads\/2021\/07\/041_Les-risques-et-lanthropocene.jpeg\" \/>\n\t<meta property=\"og:image:width\" content=\"300\" \/>\n\t<meta property=\"og:image:height\" content=\"450\" \/>\n\t<meta property=\"og:image:type\" content=\"image\/jpeg\" \/>\n<meta name=\"twitter:card\" content=\"summary_large_image\" \/>\n<meta name=\"twitter:label1\" content=\"Est. reading time\" \/>\n\t<meta name=\"twitter:data1\" content=\"1 minute\" \/>\n<script type=\"application\/ld+json\" class=\"yoast-schema-graph\">{\"@context\":\"https:\/\/schema.org\",\"@graph\":[{\"@type\":\"WebPage\",\"@id\":\"https:\/\/www.istegroup.com\/produit\/les-risques-et-lanthropocene\/\",\"url\":\"https:\/\/www.istegroup.com\/produit\/les-risques-et-lanthropocene\/\",\"name\":\"Les risques et l'anthropoc\u00e8ne - ISTE Group\",\"isPartOf\":{\"@id\":\"https:\/\/www.istegroup.com\/#website\"},\"primaryImageOfPage\":{\"@id\":\"https:\/\/www.istegroup.com\/produit\/les-risques-et-lanthropocene\/#primaryimage\"},\"image\":{\"@id\":\"https:\/\/www.istegroup.com\/produit\/les-risques-et-lanthropocene\/#primaryimage\"},\"thumbnailUrl\":\"https:\/\/www.istegroup.com\/wp-content\/uploads\/2021\/07\/041_Les-risques-et-lanthropocene.jpeg\",\"datePublished\":\"2021-08-23T09:08:18+00:00\",\"dateModified\":\"2025-01-03T12:11:49+00:00\",\"description\":\"L\u2019anthropoc\u00e8ne est d\u00e9sormais le temps des d\u00e9fis environnementaux dans lesquels les soci\u00e9t\u00e9s se sont r\u00e9cemment plong\u00e9es.\",\"breadcrumb\":{\"@id\":\"https:\/\/www.istegroup.com\/produit\/les-risques-et-lanthropocene\/#breadcrumb\"},\"inLanguage\":\"fr-FR\",\"potentialAction\":[{\"@type\":\"ReadAction\",\"target\":[\"https:\/\/www.istegroup.com\/produit\/les-risques-et-lanthropocene\/\"]}]},{\"@type\":\"ImageObject\",\"inLanguage\":\"fr-FR\",\"@id\":\"https:\/\/www.istegroup.com\/produit\/les-risques-et-lanthropocene\/#primaryimage\",\"url\":\"https:\/\/www.istegroup.com\/wp-content\/uploads\/2021\/07\/041_Les-risques-et-lanthropocene.jpeg\",\"contentUrl\":\"https:\/\/www.istegroup.com\/wp-content\/uploads\/2021\/07\/041_Les-risques-et-lanthropocene.jpeg\",\"width\":300,\"height\":450,\"caption\":\"Livre scientifique - Les risques et l\u2019anthropoc\u00e8ne - Julien Rebotier\"},{\"@type\":\"BreadcrumbList\",\"@id\":\"https:\/\/www.istegroup.com\/produit\/les-risques-et-lanthropocene\/#breadcrumb\",\"itemListElement\":[{\"@type\":\"ListItem\",\"position\":1,\"name\":\"Home\",\"item\":\"https:\/\/www.istegroup.com\/\"},{\"@type\":\"ListItem\",\"position\":2,\"name\":\"Shop\",\"item\":\"https:\/\/www.istegroup.com\/fr\/nouveautes\/\"},{\"@type\":\"ListItem\",\"position\":3,\"name\":\"Les risques et l&rsquo;anthropoc\u00e8ne\"}]},{\"@type\":\"WebSite\",\"@id\":\"https:\/\/www.istegroup.com\/#website\",\"url\":\"https:\/\/www.istegroup.com\/\",\"name\":\"ISTE Group\",\"description\":\"\u00c9diteur des Sciences\",\"potentialAction\":[{\"@type\":\"SearchAction\",\"target\":{\"@type\":\"EntryPoint\",\"urlTemplate\":\"https:\/\/www.istegroup.com\/?s={search_term_string}\"},\"query-input\":{\"@type\":\"PropertyValueSpecification\",\"valueRequired\":true,\"valueName\":\"search_term_string\"}}],\"inLanguage\":\"fr-FR\"}]}<\/script>\n<!-- \/ Yoast SEO plugin. -->","yoast_head_json":{"title":"Les risques et l'anthropoc\u00e8ne - ISTE Group","description":"L\u2019anthropoc\u00e8ne est d\u00e9sormais le temps des d\u00e9fis environnementaux dans lesquels les soci\u00e9t\u00e9s se sont r\u00e9cemment plong\u00e9es.","robots":{"index":"index","follow":"follow","max-snippet":"max-snippet:-1","max-image-preview":"max-image-preview:large","max-video-preview":"max-video-preview:-1"},"canonical":"https:\/\/www.istegroup.com\/produit\/les-risques-et-lanthropocene\/","og_locale":"fr_FR","og_type":"article","og_title":"Les risques et l'anthropoc\u00e8ne - ISTE Group","og_description":"L\u2019anthropoc\u00e8ne est d\u00e9sormais le temps des d\u00e9fis environnementaux dans lesquels les soci\u00e9t\u00e9s se sont r\u00e9cemment plong\u00e9es.","og_url":"https:\/\/www.istegroup.com\/produit\/les-risques-et-lanthropocene\/","og_site_name":"ISTE Group","article_modified_time":"2025-01-03T12:11:49+00:00","og_image":[{"width":300,"height":450,"url":"https:\/\/www.istegroup.com\/wp-content\/uploads\/2021\/07\/041_Les-risques-et-lanthropocene.jpeg","type":"image\/jpeg"}],"twitter_card":"summary_large_image","twitter_misc":{"Est. reading time":"1 minute"},"schema":{"@context":"https:\/\/schema.org","@graph":[{"@type":"WebPage","@id":"https:\/\/www.istegroup.com\/produit\/les-risques-et-lanthropocene\/","url":"https:\/\/www.istegroup.com\/produit\/les-risques-et-lanthropocene\/","name":"Les risques et l'anthropoc\u00e8ne - ISTE Group","isPartOf":{"@id":"https:\/\/www.istegroup.com\/#website"},"primaryImageOfPage":{"@id":"https:\/\/www.istegroup.com\/produit\/les-risques-et-lanthropocene\/#primaryimage"},"image":{"@id":"https:\/\/www.istegroup.com\/produit\/les-risques-et-lanthropocene\/#primaryimage"},"thumbnailUrl":"https:\/\/www.istegroup.com\/wp-content\/uploads\/2021\/07\/041_Les-risques-et-lanthropocene.jpeg","datePublished":"2021-08-23T09:08:18+00:00","dateModified":"2025-01-03T12:11:49+00:00","description":"L\u2019anthropoc\u00e8ne est d\u00e9sormais le temps des d\u00e9fis environnementaux dans lesquels les soci\u00e9t\u00e9s se sont r\u00e9cemment plong\u00e9es.","breadcrumb":{"@id":"https:\/\/www.istegroup.com\/produit\/les-risques-et-lanthropocene\/#breadcrumb"},"inLanguage":"fr-FR","potentialAction":[{"@type":"ReadAction","target":["https:\/\/www.istegroup.com\/produit\/les-risques-et-lanthropocene\/"]}]},{"@type":"ImageObject","inLanguage":"fr-FR","@id":"https:\/\/www.istegroup.com\/produit\/les-risques-et-lanthropocene\/#primaryimage","url":"https:\/\/www.istegroup.com\/wp-content\/uploads\/2021\/07\/041_Les-risques-et-lanthropocene.jpeg","contentUrl":"https:\/\/www.istegroup.com\/wp-content\/uploads\/2021\/07\/041_Les-risques-et-lanthropocene.jpeg","width":300,"height":450,"caption":"Livre scientifique - Les risques et l\u2019anthropoc\u00e8ne - Julien Rebotier"},{"@type":"BreadcrumbList","@id":"https:\/\/www.istegroup.com\/produit\/les-risques-et-lanthropocene\/#breadcrumb","itemListElement":[{"@type":"ListItem","position":1,"name":"Home","item":"https:\/\/www.istegroup.com\/"},{"@type":"ListItem","position":2,"name":"Shop","item":"https:\/\/www.istegroup.com\/fr\/nouveautes\/"},{"@type":"ListItem","position":3,"name":"Les risques et l&rsquo;anthropoc\u00e8ne"}]},{"@type":"WebSite","@id":"https:\/\/www.istegroup.com\/#website","url":"https:\/\/www.istegroup.com\/","name":"ISTE Group","description":"\u00c9diteur des Sciences","potentialAction":[{"@type":"SearchAction","target":{"@type":"EntryPoint","urlTemplate":"https:\/\/www.istegroup.com\/?s={search_term_string}"},"query-input":{"@type":"PropertyValueSpecification","valueRequired":true,"valueName":"search_term_string"}}],"inLanguage":"fr-FR"}]}},"_links":{"self":[{"href":"https:\/\/www.istegroup.com\/fr\/wp-json\/wp\/v2\/product\/23779","targetHints":{"allow":["GET"]}}],"collection":[{"href":"https:\/\/www.istegroup.com\/fr\/wp-json\/wp\/v2\/product"}],"about":[{"href":"https:\/\/www.istegroup.com\/fr\/wp-json\/wp\/v2\/types\/product"}],"wp:featuredmedia":[{"embeddable":true,"href":"https:\/\/www.istegroup.com\/fr\/wp-json\/wp\/v2\/media\/42942"}],"wp:attachment":[{"href":"https:\/\/www.istegroup.com\/fr\/wp-json\/wp\/v2\/media?parent=23779"}],"wp:term":[{"taxonomy":"product_brand","embeddable":true,"href":"https:\/\/www.istegroup.com\/fr\/wp-json\/wp\/v2\/product_brand?post=23779"},{"taxonomy":"product_cat","embeddable":true,"href":"https:\/\/www.istegroup.com\/fr\/wp-json\/wp\/v2\/product_cat?post=23779"},{"taxonomy":"product_tag","embeddable":true,"href":"https:\/\/www.istegroup.com\/fr\/wp-json\/wp\/v2\/product_tag?post=23779"}],"curies":[{"name":"wp","href":"https:\/\/api.w.org\/{rel}","templated":true}]}}

Les risques et l&rsquo;anthropocène

<p>L’anthropocène est désormais le temps des défis environnementaux dans lesquels les sociétés se sont récemment plongées. Pour les sciences sociales, l’anthropocène est un « moment » historique de possibles révolutions : celles des manières de voir ou de penser la condition humaine, les interactions des hommes avec le reste du vivant et avec la planète à toutes les échelles.</p>
<p>C’est au tournant du XXIe siècle que l’anthropocène fait irruption dans le champ hétérogène des études de risque. Cette « nouvelle ère » géologique créée par l’humanité renouvellerait la compréhension des enjeux environnementaux en fonction de l’analyse des problématiques sociales et politiques constitutives des situations de risque.</p>
<p>Rassemblant des contributions de spécialistes en sciences sociales sur les risques et l’environnement, cet ouvrage explore les apports de l’anthropocène à la compréhension des risques et à leur gestion, mais aussi ses limites.</p>
<p><strong>La presse en parle</strong></p>
<p>Pour une critique complète de l&rsquo;ouvrage :<br />
<a style="color: #1e9691;" href="https://www.istegroup.com/wp-content/uploads/2023/07/Un-compte-rendu-de-Les-risques-et-lanthropocene.pdf">Revue Natures Sciences Sociétés</a></p>

<p>L’anthropocène est désormais le temps des défis environnementaux dans lesquels les sociétés se sont récemment plongées. Pour les sciences sociales, l’anthropocène est un « moment » historique de possibles révolutions : celles des manières de voir ou de penser la condition humaine, les interactions des hommes avec le reste du vivant et avec la planète [&hellip;]</p>

<!-- This site is optimized with the Yoast SEO plugin v27.2 - https://yoast.com/product/yoast-seo-wordpress/ -->
<title>Les risques et l&#039;anthropocène - ISTE Group</title>
<meta name="description" content="L’anthropocène est désormais le temps des défis environnementaux dans lesquels les sociétés se sont récemment plongées." />
<meta name="robots" content="index, follow, max-snippet:-1, max-image-preview:large, max-video-preview:-1" />
<link rel="canonical" href="https://www.istegroup.com/produit/les-risques-et-lanthropocene/" />
<meta property="og:locale" content="fr_FR" />
<meta property="og:type" content="article" />
<meta property="og:title" content="Les risques et l&#039;anthropocène - ISTE Group" />
<meta property="og:description" content="L’anthropocène est désormais le temps des défis environnementaux dans lesquels les sociétés se sont récemment plongées." />
<meta property="og:url" content="https://www.istegroup.com/produit/les-risques-et-lanthropocene/" />
<meta property="og:site_name" content="ISTE Group" />
<meta property="article:modified_time" content="2025-01-03T12:11:49+00:00" />
<meta property="og:image" content="https://www.istegroup.com/wp-content/uploads/2021/07/041_Les-risques-et-lanthropocene.jpeg" />
	<meta property="og:image:width" content="300" />
	<meta property="og:image:height" content="450" />
	<meta property="og:image:type" content="image/jpeg" />
<meta name="twitter:card" content="summary_large_image" />
<meta name="twitter:label1" content="Est. reading time" />
	<meta name="twitter:data1" content="1 minute" />
<script type="application/ld+json" class="yoast-schema-graph">{"@context":"https://schema.org","@graph":[{"@type":"WebPage","@id":"https://www.istegroup.com/produit/les-risques-et-lanthropocene/","url":"https://www.istegroup.com/produit/les-risques-et-lanthropocene/","name":"Les risques et l'anthropocène - ISTE Group","isPartOf":{"@id":"https://www.istegroup.com/#website"},"primaryImageOfPage":{"@id":"https://www.istegroup.com/produit/les-risques-et-lanthropocene/#primaryimage"},"image":{"@id":"https://www.istegroup.com/produit/les-risques-et-lanthropocene/#primaryimage"},"thumbnailUrl":"https://www.istegroup.com/wp-content/uploads/2021/07/041_Les-risques-et-lanthropocene.jpeg","datePublished":"2021-08-23T09:08:18+00:00","dateModified":"2025-01-03T12:11:49+00:00","description":"L’anthropocène est désormais le temps des défis environnementaux dans lesquels les sociétés se sont récemment plongées.","breadcrumb":{"@id":"https://www.istegroup.com/produit/les-risques-et-lanthropocene/#breadcrumb"},"inLanguage":"fr-FR","potentialAction":[{"@type":"ReadAction","target":["https://www.istegroup.com/produit/les-risques-et-lanthropocene/"]}]},{"@type":"ImageObject","inLanguage":"fr-FR","@id":"https://www.istegroup.com/produit/les-risques-et-lanthropocene/#primaryimage","url":"https://www.istegroup.com/wp-content/uploads/2021/07/041_Les-risques-et-lanthropocene.jpeg","contentUrl":"https://www.istegroup.com/wp-content/uploads/2021/07/041_Les-risques-et-lanthropocene.jpeg","width":300,"height":450,"caption":"Livre scientifique - Les risques et l’anthropocène - Julien Rebotier"},{"@type":"BreadcrumbList","@id":"https://www.istegroup.com/produit/les-risques-et-lanthropocene/#breadcrumb","itemListElement":[{"@type":"ListItem","position":1,"name":"Home","item":"https://www.istegroup.com/"},{"@type":"ListItem","position":2,"name":"Shop","item":"https://www.istegroup.com/fr/nouveautes/"},{"@type":"ListItem","position":3,"name":"Les risques et l&rsquo;anthropocène"}]},{"@type":"WebSite","@id":"https://www.istegroup.com/#website","url":"https://www.istegroup.com/","name":"ISTE Group","description":"Éditeur des Sciences","potentialAction":[{"@type":"SearchAction","target":{"@type":"EntryPoint","urlTemplate":"https://www.istegroup.com/?s={search_term_string}"},"query-input":{"@type":"PropertyValueSpecification","valueRequired":true,"valueName":"search_term_string"}}],"inLanguage":"fr-FR"}]}</script>
<!-- / Yoast SEO plugin. -->

Les risques et l'anthropocène - ISTE Group

L’anthropocène est désormais le temps des défis environnementaux dans lesquels les sociétés se sont récemment plongées.

Livre scientifique - Les risques et l’anthropocène - Julien Rebotier

Éditeur des Sciences
