{"id":23754,"date":"2021-08-23T16:45:00","date_gmt":"2021-08-23T15:45:00","guid":{"rendered":"https:\/\/www.istegroup.com\/?post_type=product&#038;p=23754"},"modified":"2025-01-03T12:11:24","modified_gmt":"2025-01-03T12:11:24","slug":"dynamiques-demographiques-et-developpement","status":"publish","type":"product","link":"https:\/\/www.istegroup.com\/fr\/produit\/dynamiques-demographiques-et-developpement\/","title":{"rendered":"Dynamiques de\u0301mographiques et de\u0301veloppement"},"content":{"rendered":"<p>Un des enjeux majeurs de la plan\u00e8te est l\u2019interaction entre les \u00e9volutions d\u00e9mographiques et le d\u00e9veloppement. Apr\u00e8s avoir fait un rappel de la th\u00e9orie d\u00e9mographique dominante, dite, transition d\u00e9mographique, <em>Dynamiques d\u00e9mographiques et d\u00e9veloppement<\/em> pr\u00e9sente une \u00e9tude compl\u00e8te sur le vieillissement, la f\u00e9condit\u00e9, la contraception, la nuptialit\u00e9, la mortalit\u00e9 et les migrations qui sont au coeur des mutations. Chaque question associe les donn\u00e9es empiriques les plus r\u00e9centes \u00e0 une r\u00e9flexion th\u00e9orique sur les implications pour le d\u00e9veloppement.<\/p>\n<p>Ce panorama des donn\u00e9es d\u00e9mographiques \u00e0 la fois du monde et du niveau de d\u00e9veloppement offre aux chercheurs et aux sp\u00e9cialistes des donn\u00e9es claires \u00e0 travers des \u00e9tudes de cas approfondies, consacr\u00e9es \u00e0 un pays, \u00e0 une r\u00e9gion ou \u00e0 un sousth\u00e8me scientifique particuli\u00e8rement important.<\/p>","protected":false},"excerpt":{"rendered":"<p>Un des enjeux majeurs de la plan\u00e8te est l\u2019interaction entre les \u00e9volutions d\u00e9mographiques et le d\u00e9veloppement. Apr\u00e8s avoir fait un rappel de la th\u00e9orie d\u00e9mographique dominante, dite, transition d\u00e9mographique, Dynamiques d\u00e9mographiques et d\u00e9veloppement pr\u00e9sente une \u00e9tude compl\u00e8te sur le vieillissement, la f\u00e9condit\u00e9, la contraception, la nuptialit\u00e9, la mortalit\u00e9 et les migrations qui sont au coeur [&hellip;]<\/p>\n","protected":false},"featured_media":42946,"template":"","meta":{"_acf_changed":false,"_links_to":"","_links_to_target":""},"product_brand":[],"product_cat":[4289],"product_tag":[],"class_list":{"0":"post-23754","1":"product","2":"type-product","3":"status-publish","4":"has-post-thumbnail","6":"product_cat-sciences","8":"first","9":"instock","10":"shipping-taxable","11":"purchasable","12":"product-type-variable"},"acf":[],"yoast_head":"<!-- This site is optimized with the Yoast SEO plugin v27.2 - https:\/\/yoast.com\/product\/yoast-seo-wordpress\/ -->\n<title>Dynamiques de\u0301mographiques et de\u0301veloppement - ISTE Group<\/title>\n<meta name=\"description\" content=\"Dynamiques d\u00e9mographiques et d\u00e9veloppement pr\u00e9sente une \u00e9tude compl\u00e8te sur le vieillissement, la f\u00e9condit\u00e9, la contraception, la nuptialit\u00e9, la mortalit\u00e9 et les migrations qui sont au coeur des mutations.\" \/>\n<meta name=\"robots\" content=\"index, follow, max-snippet:-1, max-image-preview:large, max-video-preview:-1\" \/>\n<link rel=\"canonical\" href=\"https:\/\/www.istegroup.com\/produit\/dynamiques-demographiques-et-developpement\/\" \/>\n<meta property=\"og:locale\" content=\"fr_FR\" \/>\n<meta property=\"og:type\" content=\"article\" \/>\n<meta property=\"og:title\" content=\"Dynamiques de\u0301mographiques et de\u0301veloppement - ISTE Group\" \/>\n<meta property=\"og:description\" content=\"Dynamiques d\u00e9mographiques et d\u00e9veloppement pr\u00e9sente une \u00e9tude compl\u00e8te sur le vieillissement, la f\u00e9condit\u00e9, la contraception, la nuptialit\u00e9, la mortalit\u00e9 et les migrations qui sont au coeur des mutations.\" \/>\n<meta property=\"og:url\" content=\"https:\/\/www.istegroup.com\/produit\/dynamiques-demographiques-et-developpement\/\" \/>\n<meta property=\"og:site_name\" content=\"ISTE Group\" \/>\n<meta property=\"article:modified_time\" content=\"2025-01-03T12:11:24+00:00\" \/>\n<meta property=\"og:image\" content=\"https:\/\/www.istegroup.com\/wp-content\/uploads\/2021\/07\/050_Dynamiques-demographiques-et-developpement.jpeg\" \/>\n\t<meta property=\"og:image:width\" content=\"300\" \/>\n\t<meta property=\"og:image:height\" content=\"450\" \/>\n\t<meta property=\"og:image:type\" content=\"image\/jpeg\" \/>\n<meta name=\"twitter:card\" content=\"summary_large_image\" \/>\n<meta name=\"twitter:label1\" content=\"Est. reading time\" \/>\n\t<meta name=\"twitter:data1\" content=\"1 minute\" \/>\n<script type=\"application\/ld+json\" class=\"yoast-schema-graph\">{\"@context\":\"https:\/\/schema.org\",\"@graph\":[{\"@type\":\"WebPage\",\"@id\":\"https:\/\/www.istegroup.com\/produit\/dynamiques-demographiques-et-developpement\/\",\"url\":\"https:\/\/www.istegroup.com\/produit\/dynamiques-demographiques-et-developpement\/\",\"name\":\"Dynamiques de\u0301mographiques et de\u0301veloppement - ISTE Group\",\"isPartOf\":{\"@id\":\"https:\/\/www.istegroup.com\/#website\"},\"primaryImageOfPage\":{\"@id\":\"https:\/\/www.istegroup.com\/produit\/dynamiques-demographiques-et-developpement\/#primaryimage\"},\"image\":{\"@id\":\"https:\/\/www.istegroup.com\/produit\/dynamiques-demographiques-et-developpement\/#primaryimage\"},\"thumbnailUrl\":\"https:\/\/www.istegroup.com\/wp-content\/uploads\/2021\/07\/050_Dynamiques-demographiques-et-developpement.jpeg\",\"datePublished\":\"2021-08-23T15:45:00+00:00\",\"dateModified\":\"2025-01-03T12:11:24+00:00\",\"description\":\"Dynamiques d\u00e9mographiques et d\u00e9veloppement pr\u00e9sente une \u00e9tude compl\u00e8te sur le vieillissement, la f\u00e9condit\u00e9, la contraception, la nuptialit\u00e9, la mortalit\u00e9 et les migrations qui sont au coeur des mutations.\",\"breadcrumb\":{\"@id\":\"https:\/\/www.istegroup.com\/produit\/dynamiques-demographiques-et-developpement\/#breadcrumb\"},\"inLanguage\":\"fr-FR\",\"potentialAction\":[{\"@type\":\"ReadAction\",\"target\":[\"https:\/\/www.istegroup.com\/produit\/dynamiques-demographiques-et-developpement\/\"]}]},{\"@type\":\"ImageObject\",\"inLanguage\":\"fr-FR\",\"@id\":\"https:\/\/www.istegroup.com\/produit\/dynamiques-demographiques-et-developpement\/#primaryimage\",\"url\":\"https:\/\/www.istegroup.com\/wp-content\/uploads\/2021\/07\/050_Dynamiques-demographiques-et-developpement.jpeg\",\"contentUrl\":\"https:\/\/www.istegroup.com\/wp-content\/uploads\/2021\/07\/050_Dynamiques-demographiques-et-developpement.jpeg\",\"width\":300,\"height\":450,\"caption\":\"Livre scientifique - Dynamiques de\u0301mographiques et de\u0301veloppement - Yves Charbit\"},{\"@type\":\"BreadcrumbList\",\"@id\":\"https:\/\/www.istegroup.com\/produit\/dynamiques-demographiques-et-developpement\/#breadcrumb\",\"itemListElement\":[{\"@type\":\"ListItem\",\"position\":1,\"name\":\"Home\",\"item\":\"https:\/\/www.istegroup.com\/\"},{\"@type\":\"ListItem\",\"position\":2,\"name\":\"Shop\",\"item\":\"https:\/\/www.istegroup.com\/fr\/nouveautes\/\"},{\"@type\":\"ListItem\",\"position\":3,\"name\":\"Dynamiques de\u0301mographiques et de\u0301veloppement\"}]},{\"@type\":\"WebSite\",\"@id\":\"https:\/\/www.istegroup.com\/#website\",\"url\":\"https:\/\/www.istegroup.com\/\",\"name\":\"ISTE Group\",\"description\":\"\u00c9diteur des Sciences\",\"potentialAction\":[{\"@type\":\"SearchAction\",\"target\":{\"@type\":\"EntryPoint\",\"urlTemplate\":\"https:\/\/www.istegroup.com\/?s={search_term_string}\"},\"query-input\":{\"@type\":\"PropertyValueSpecification\",\"valueRequired\":true,\"valueName\":\"search_term_string\"}}],\"inLanguage\":\"fr-FR\"}]}<\/script>\n<!-- \/ Yoast SEO plugin. -->","yoast_head_json":{"title":"Dynamiques de\u0301mographiques et de\u0301veloppement - ISTE Group","description":"Dynamiques d\u00e9mographiques et d\u00e9veloppement pr\u00e9sente une \u00e9tude compl\u00e8te sur le vieillissement, la f\u00e9condit\u00e9, la contraception, la nuptialit\u00e9, la mortalit\u00e9 et les migrations qui sont au coeur des mutations.","robots":{"index":"index","follow":"follow","max-snippet":"max-snippet:-1","max-image-preview":"max-image-preview:large","max-video-preview":"max-video-preview:-1"},"canonical":"https:\/\/www.istegroup.com\/produit\/dynamiques-demographiques-et-developpement\/","og_locale":"fr_FR","og_type":"article","og_title":"Dynamiques de\u0301mographiques et de\u0301veloppement - ISTE Group","og_description":"Dynamiques d\u00e9mographiques et d\u00e9veloppement pr\u00e9sente une \u00e9tude compl\u00e8te sur le vieillissement, la f\u00e9condit\u00e9, la contraception, la nuptialit\u00e9, la mortalit\u00e9 et les migrations qui sont au coeur des mutations.","og_url":"https:\/\/www.istegroup.com\/produit\/dynamiques-demographiques-et-developpement\/","og_site_name":"ISTE Group","article_modified_time":"2025-01-03T12:11:24+00:00","og_image":[{"width":300,"height":450,"url":"https:\/\/www.istegroup.com\/wp-content\/uploads\/2021\/07\/050_Dynamiques-demographiques-et-developpement.jpeg","type":"image\/jpeg"}],"twitter_card":"summary_large_image","twitter_misc":{"Est. reading time":"1 minute"},"schema":{"@context":"https:\/\/schema.org","@graph":[{"@type":"WebPage","@id":"https:\/\/www.istegroup.com\/produit\/dynamiques-demographiques-et-developpement\/","url":"https:\/\/www.istegroup.com\/produit\/dynamiques-demographiques-et-developpement\/","name":"Dynamiques de\u0301mographiques et de\u0301veloppement - ISTE Group","isPartOf":{"@id":"https:\/\/www.istegroup.com\/#website"},"primaryImageOfPage":{"@id":"https:\/\/www.istegroup.com\/produit\/dynamiques-demographiques-et-developpement\/#primaryimage"},"image":{"@id":"https:\/\/www.istegroup.com\/produit\/dynamiques-demographiques-et-developpement\/#primaryimage"},"thumbnailUrl":"https:\/\/www.istegroup.com\/wp-content\/uploads\/2021\/07\/050_Dynamiques-demographiques-et-developpement.jpeg","datePublished":"2021-08-23T15:45:00+00:00","dateModified":"2025-01-03T12:11:24+00:00","description":"Dynamiques d\u00e9mographiques et d\u00e9veloppement pr\u00e9sente une \u00e9tude compl\u00e8te sur le vieillissement, la f\u00e9condit\u00e9, la contraception, la nuptialit\u00e9, la mortalit\u00e9 et les migrations qui sont au coeur des mutations.","breadcrumb":{"@id":"https:\/\/www.istegroup.com\/produit\/dynamiques-demographiques-et-developpement\/#breadcrumb"},"inLanguage":"fr-FR","potentialAction":[{"@type":"ReadAction","target":["https:\/\/www.istegroup.com\/produit\/dynamiques-demographiques-et-developpement\/"]}]},{"@type":"ImageObject","inLanguage":"fr-FR","@id":"https:\/\/www.istegroup.com\/produit\/dynamiques-demographiques-et-developpement\/#primaryimage","url":"https:\/\/www.istegroup.com\/wp-content\/uploads\/2021\/07\/050_Dynamiques-demographiques-et-developpement.jpeg","contentUrl":"https:\/\/www.istegroup.com\/wp-content\/uploads\/2021\/07\/050_Dynamiques-demographiques-et-developpement.jpeg","width":300,"height":450,"caption":"Livre scientifique - Dynamiques de\u0301mographiques et de\u0301veloppement - Yves Charbit"},{"@type":"BreadcrumbList","@id":"https:\/\/www.istegroup.com\/produit\/dynamiques-demographiques-et-developpement\/#breadcrumb","itemListElement":[{"@type":"ListItem","position":1,"name":"Home","item":"https:\/\/www.istegroup.com\/"},{"@type":"ListItem","position":2,"name":"Shop","item":"https:\/\/www.istegroup.com\/fr\/nouveautes\/"},{"@type":"ListItem","position":3,"name":"Dynamiques de\u0301mographiques et de\u0301veloppement"}]},{"@type":"WebSite","@id":"https:\/\/www.istegroup.com\/#website","url":"https:\/\/www.istegroup.com\/","name":"ISTE Group","description":"\u00c9diteur des Sciences","potentialAction":[{"@type":"SearchAction","target":{"@type":"EntryPoint","urlTemplate":"https:\/\/www.istegroup.com\/?s={search_term_string}"},"query-input":{"@type":"PropertyValueSpecification","valueRequired":true,"valueName":"search_term_string"}}],"inLanguage":"fr-FR"}]}},"_links":{"self":[{"href":"https:\/\/www.istegroup.com\/fr\/wp-json\/wp\/v2\/product\/23754","targetHints":{"allow":["GET"]}}],"collection":[{"href":"https:\/\/www.istegroup.com\/fr\/wp-json\/wp\/v2\/product"}],"about":[{"href":"https:\/\/www.istegroup.com\/fr\/wp-json\/wp\/v2\/types\/product"}],"wp:featuredmedia":[{"embeddable":true,"href":"https:\/\/www.istegroup.com\/fr\/wp-json\/wp\/v2\/media\/42946"}],"wp:attachment":[{"href":"https:\/\/www.istegroup.com\/fr\/wp-json\/wp\/v2\/media?parent=23754"}],"wp:term":[{"taxonomy":"product_brand","embeddable":true,"href":"https:\/\/www.istegroup.com\/fr\/wp-json\/wp\/v2\/product_brand?post=23754"},{"taxonomy":"product_cat","embeddable":true,"href":"https:\/\/www.istegroup.com\/fr\/wp-json\/wp\/v2\/product_cat?post=23754"},{"taxonomy":"product_tag","embeddable":true,"href":"https:\/\/www.istegroup.com\/fr\/wp-json\/wp\/v2\/product_tag?post=23754"}],"curies":[{"name":"wp","href":"https:\/\/api.w.org\/{rel}","templated":true}]}}

<p>Un des enjeux majeurs de la planète est l’interaction entre les évolutions démographiques et le développement. Après avoir fait un rappel de la théorie démographique dominante, dite, transition démographique, <em>Dynamiques démographiques et développement</em> présente une étude complète sur le vieillissement, la fécondité, la contraception, la nuptialité, la mortalité et les migrations qui sont au coeur des mutations. Chaque question associe les données empiriques les plus récentes à une réflexion théorique sur les implications pour le développement.</p>
<p>Ce panorama des données démographiques à la fois du monde et du niveau de développement offre aux chercheurs et aux spécialistes des données claires à travers des études de cas approfondies, consacrées à un pays, à une région ou à un sousthème scientifique particulièrement important.</p>

<p>Un des enjeux majeurs de la planète est l’interaction entre les évolutions démographiques et le développement. Après avoir fait un rappel de la théorie démographique dominante, dite, transition démographique, Dynamiques démographiques et développement présente une étude complète sur le vieillissement, la fécondité, la contraception, la nuptialité, la mortalité et les migrations qui sont au coeur [&hellip;]</p>

<!-- This site is optimized with the Yoast SEO plugin v27.2 - https://yoast.com/product/yoast-seo-wordpress/ -->
<title>Dynamiques démographiques et développement - ISTE Group</title>
<meta name="description" content="Dynamiques démographiques et développement présente une étude complète sur le vieillissement, la fécondité, la contraception, la nuptialité, la mortalité et les migrations qui sont au coeur des mutations." />
<meta name="robots" content="index, follow, max-snippet:-1, max-image-preview:large, max-video-preview:-1" />
<link rel="canonical" href="https://www.istegroup.com/produit/dynamiques-demographiques-et-developpement/" />
<meta property="og:locale" content="fr_FR" />
<meta property="og:type" content="article" />
<meta property="og:title" content="Dynamiques démographiques et développement - ISTE Group" />
<meta property="og:description" content="Dynamiques démographiques et développement présente une étude complète sur le vieillissement, la fécondité, la contraception, la nuptialité, la mortalité et les migrations qui sont au coeur des mutations." />
<meta property="og:url" content="https://www.istegroup.com/produit/dynamiques-demographiques-et-developpement/" />
<meta property="og:site_name" content="ISTE Group" />
<meta property="article:modified_time" content="2025-01-03T12:11:24+00:00" />
<meta property="og:image" content="https://www.istegroup.com/wp-content/uploads/2021/07/050_Dynamiques-demographiques-et-developpement.jpeg" />
	<meta property="og:image:width" content="300" />
	<meta property="og:image:height" content="450" />
	<meta property="og:image:type" content="image/jpeg" />
<meta name="twitter:card" content="summary_large_image" />
<meta name="twitter:label1" content="Est. reading time" />
	<meta name="twitter:data1" content="1 minute" />
<script type="application/ld+json" class="yoast-schema-graph">{"@context":"https://schema.org","@graph":[{"@type":"WebPage","@id":"https://www.istegroup.com/produit/dynamiques-demographiques-et-developpement/","url":"https://www.istegroup.com/produit/dynamiques-demographiques-et-developpement/","name":"Dynamiques démographiques et développement - ISTE Group","isPartOf":{"@id":"https://www.istegroup.com/#website"},"primaryImageOfPage":{"@id":"https://www.istegroup.com/produit/dynamiques-demographiques-et-developpement/#primaryimage"},"image":{"@id":"https://www.istegroup.com/produit/dynamiques-demographiques-et-developpement/#primaryimage"},"thumbnailUrl":"https://www.istegroup.com/wp-content/uploads/2021/07/050_Dynamiques-demographiques-et-developpement.jpeg","datePublished":"2021-08-23T15:45:00+00:00","dateModified":"2025-01-03T12:11:24+00:00","description":"Dynamiques démographiques et développement présente une étude complète sur le vieillissement, la fécondité, la contraception, la nuptialité, la mortalité et les migrations qui sont au coeur des mutations.","breadcrumb":{"@id":"https://www.istegroup.com/produit/dynamiques-demographiques-et-developpement/#breadcrumb"},"inLanguage":"fr-FR","potentialAction":[{"@type":"ReadAction","target":["https://www.istegroup.com/produit/dynamiques-demographiques-et-developpement/"]}]},{"@type":"ImageObject","inLanguage":"fr-FR","@id":"https://www.istegroup.com/produit/dynamiques-demographiques-et-developpement/#primaryimage","url":"https://www.istegroup.com/wp-content/uploads/2021/07/050_Dynamiques-demographiques-et-developpement.jpeg","contentUrl":"https://www.istegroup.com/wp-content/uploads/2021/07/050_Dynamiques-demographiques-et-developpement.jpeg","width":300,"height":450,"caption":"Livre scientifique - Dynamiques démographiques et développement - Yves Charbit"},{"@type":"BreadcrumbList","@id":"https://www.istegroup.com/produit/dynamiques-demographiques-et-developpement/#breadcrumb","itemListElement":[{"@type":"ListItem","position":1,"name":"Home","item":"https://www.istegroup.com/"},{"@type":"ListItem","position":2,"name":"Shop","item":"https://www.istegroup.com/fr/nouveautes/"},{"@type":"ListItem","position":3,"name":"Dynamiques démographiques et développement"}]},{"@type":"WebSite","@id":"https://www.istegroup.com/#website","url":"https://www.istegroup.com/","name":"ISTE Group","description":"Éditeur des Sciences","potentialAction":[{"@type":"SearchAction","target":{"@type":"EntryPoint","urlTemplate":"https://www.istegroup.com/?s={search_term_string}"},"query-input":{"@type":"PropertyValueSpecification","valueRequired":true,"valueName":"search_term_string"}}],"inLanguage":"fr-FR"}]}</script>
<!-- / Yoast SEO plugin. -->

Dynamiques démographiques et développement présente une étude complète sur le vieillissement, la fécondité, la contraception, la nuptialité, la mortalité et les migrations qui sont au coeur des mutations.

Éditeur des Sciences
