{"id":23738,"date":"2023-07-11T17:08:27","date_gmt":"2023-07-11T16:08:27","guid":{"rendered":"https:\/\/www.istegroup.com\/?post_type=product&#038;p=23738"},"modified":"2025-01-03T11:08:03","modified_gmt":"2025-01-03T11:08:03","slug":"stockage-de-la-chaleur-et-du-froid-2","status":"publish","type":"product","link":"https:\/\/www.istegroup.com\/fr\/produit\/stockage-de-la-chaleur-et-du-froid-2\/","title":{"rendered":"Stockage de la chaleur et du froid 2"},"content":{"rendered":"<p><em>Stockage de la chaleur et du froid 2<\/em> s\u2019int\u00e9resse aux proc\u00e9d\u00e9s de stockage thermochimique \u00e0 sorption, c\u2019est-\u00e0-dire les proc\u00e9d\u00e9s \u00e0 absorption, \u00e0 adsorption et \u00e0 sorption chimique.<\/p>\n<p>Cet ouvrage analyse les principes de la sorption et d\u00e9finit les crit\u00e8res de s\u00e9lection des mat\u00e9riaux \u00e0 mettre en oeuvre avant de pr\u00e9senter les trois technologies de stockage \u00e0 sorption. Le fonctionnement du cycle \u00e0 absorption est d\u00e9taill\u00e9 afin de pointer les enjeux futurs de cette m\u00e9thode. Ensuite, le stockage par adsorption physique est examin\u00e9. Les fondements de ce ph\u00e9nom\u00e8ne et une description des cycles et syst\u00e8mes \u00e0 adsorption solide-gaz sont expos\u00e9s, avant de pr\u00e9senter de nombreux exemples d\u2019installations prototypes. Enfin, le ph\u00e9nom\u00e8ne de stockage de chaleur par sorption chimique est d\u00e9crit \u00e0 l\u2019\u00e9chelle du mat\u00e9riau r\u00e9actif jusqu\u2019\u00e0 l\u2019\u00e9chelle du proc\u00e9d\u00e9, avant de mettre en perspective l\u2019\u00e9tat de l\u2019art des am\u00e9liorations possibles et d\u2019illustrer diff\u00e9rentes applications.<\/p>","protected":false},"excerpt":{"rendered":"<p>Stockage de la chaleur et du froid 2 s\u2019int\u00e9resse aux proc\u00e9d\u00e9s de stockage thermochimique \u00e0 sorption, c\u2019est-\u00e0-dire les proc\u00e9d\u00e9s \u00e0 absorption, \u00e0 adsorption et \u00e0 sorption chimique. Cet ouvrage analyse les principes de la sorption et d\u00e9finit les crit\u00e8res de s\u00e9lection des mat\u00e9riaux \u00e0 mettre en oeuvre avant de pr\u00e9senter les trois technologies de stockage [&hellip;]<\/p>\n","protected":false},"featured_media":52371,"template":"","meta":{"_acf_changed":false,"_links_to":"","_links_to_target":""},"product_brand":[],"product_cat":[4289],"product_tag":[],"class_list":{"0":"post-23738","1":"product","2":"type-product","3":"status-publish","4":"has-post-thumbnail","6":"product_cat-sciences","8":"first","9":"instock","10":"shipping-taxable","11":"purchasable","12":"product-type-variable"},"acf":[],"yoast_head":"<!-- This site is optimized with the Yoast SEO plugin v27.2 - https:\/\/yoast.com\/product\/yoast-seo-wordpress\/ -->\n<title>Stockage de la chaleur et du froid 2 - ISTE Group<\/title>\n<meta name=\"description\" content=\"Stockage de la chaleur et du froid 2 s\u2019int\u00e9resse aux proc\u00e9d\u00e9s de stockage thermochimique \u00e0 sorption, c\u2019est-\u00e0-dire les proc\u00e9d\u00e9s \u00e0 absorption, \u00e0 adsorption et \u00e0 sorption chimique.\" \/>\n<meta name=\"robots\" content=\"index, follow, max-snippet:-1, max-image-preview:large, max-video-preview:-1\" \/>\n<link rel=\"canonical\" href=\"https:\/\/www.istegroup.com\/fr\/produit\/stockage-de-la-chaleur-et-du-froid-2\/\" \/>\n<meta property=\"og:locale\" content=\"fr_FR\" \/>\n<meta property=\"og:type\" content=\"article\" \/>\n<meta property=\"og:title\" content=\"Stockage de la chaleur et du froid 2 - ISTE Group\" \/>\n<meta property=\"og:description\" content=\"Stockage de la chaleur et du froid 2 s\u2019int\u00e9resse aux proc\u00e9d\u00e9s de stockage thermochimique \u00e0 sorption, c\u2019est-\u00e0-dire les proc\u00e9d\u00e9s \u00e0 absorption, \u00e0 adsorption et \u00e0 sorption chimique.\" \/>\n<meta property=\"og:url\" content=\"https:\/\/www.istegroup.com\/fr\/produit\/stockage-de-la-chaleur-et-du-froid-2\/\" \/>\n<meta property=\"og:site_name\" content=\"ISTE Group\" \/>\n<meta property=\"article:modified_time\" content=\"2025-01-03T11:08:03+00:00\" \/>\n<meta property=\"og:image\" content=\"https:\/\/www.istegroup.com\/wp-content\/uploads\/2023\/07\/LePierres_couv_300x450-1.jpg\" \/>\n\t<meta property=\"og:image:width\" content=\"300\" \/>\n\t<meta property=\"og:image:height\" content=\"450\" \/>\n\t<meta property=\"og:image:type\" content=\"image\/jpeg\" \/>\n<meta name=\"twitter:card\" content=\"summary_large_image\" \/>\n<meta name=\"twitter:label1\" content=\"Est. reading time\" \/>\n\t<meta name=\"twitter:data1\" content=\"1 minute\" \/>\n<script type=\"application\/ld+json\" class=\"yoast-schema-graph\">{\"@context\":\"https:\/\/schema.org\",\"@graph\":[{\"@type\":\"WebPage\",\"@id\":\"https:\/\/www.istegroup.com\/fr\/produit\/stockage-de-la-chaleur-et-du-froid-2\/\",\"url\":\"https:\/\/www.istegroup.com\/fr\/produit\/stockage-de-la-chaleur-et-du-froid-2\/\",\"name\":\"Stockage de la chaleur et du froid 2 - ISTE Group\",\"isPartOf\":{\"@id\":\"https:\/\/www.istegroup.com\/#website\"},\"primaryImageOfPage\":{\"@id\":\"https:\/\/www.istegroup.com\/fr\/produit\/stockage-de-la-chaleur-et-du-froid-2\/#primaryimage\"},\"image\":{\"@id\":\"https:\/\/www.istegroup.com\/fr\/produit\/stockage-de-la-chaleur-et-du-froid-2\/#primaryimage\"},\"thumbnailUrl\":\"https:\/\/www.istegroup.com\/wp-content\/uploads\/2023\/07\/LePierres_couv_300x450-1.jpg\",\"datePublished\":\"2023-07-11T16:08:27+00:00\",\"dateModified\":\"2025-01-03T11:08:03+00:00\",\"description\":\"Stockage de la chaleur et du froid 2 s\u2019int\u00e9resse aux proc\u00e9d\u00e9s de stockage thermochimique \u00e0 sorption, c\u2019est-\u00e0-dire les proc\u00e9d\u00e9s \u00e0 absorption, \u00e0 adsorption et \u00e0 sorption chimique.\",\"breadcrumb\":{\"@id\":\"https:\/\/www.istegroup.com\/fr\/produit\/stockage-de-la-chaleur-et-du-froid-2\/#breadcrumb\"},\"inLanguage\":\"fr-FR\",\"potentialAction\":[{\"@type\":\"ReadAction\",\"target\":[\"https:\/\/www.istegroup.com\/fr\/produit\/stockage-de-la-chaleur-et-du-froid-2\/\"]}]},{\"@type\":\"ImageObject\",\"inLanguage\":\"fr-FR\",\"@id\":\"https:\/\/www.istegroup.com\/fr\/produit\/stockage-de-la-chaleur-et-du-froid-2\/#primaryimage\",\"url\":\"https:\/\/www.istegroup.com\/wp-content\/uploads\/2023\/07\/LePierres_couv_300x450-1.jpg\",\"contentUrl\":\"https:\/\/www.istegroup.com\/wp-content\/uploads\/2023\/07\/LePierres_couv_300x450-1.jpg\",\"width\":300,\"height\":450},{\"@type\":\"BreadcrumbList\",\"@id\":\"https:\/\/www.istegroup.com\/fr\/produit\/stockage-de-la-chaleur-et-du-froid-2\/#breadcrumb\",\"itemListElement\":[{\"@type\":\"ListItem\",\"position\":1,\"name\":\"Home\",\"item\":\"https:\/\/www.istegroup.com\/\"},{\"@type\":\"ListItem\",\"position\":2,\"name\":\"Shop\",\"item\":\"https:\/\/www.istegroup.com\/fr\/nouveautes\/\"},{\"@type\":\"ListItem\",\"position\":3,\"name\":\"Stockage de la chaleur et du froid 2\"}]},{\"@type\":\"WebSite\",\"@id\":\"https:\/\/www.istegroup.com\/#website\",\"url\":\"https:\/\/www.istegroup.com\/\",\"name\":\"ISTE Group\",\"description\":\"\u00c9diteur des Sciences\",\"potentialAction\":[{\"@type\":\"SearchAction\",\"target\":{\"@type\":\"EntryPoint\",\"urlTemplate\":\"https:\/\/www.istegroup.com\/?s={search_term_string}\"},\"query-input\":{\"@type\":\"PropertyValueSpecification\",\"valueRequired\":true,\"valueName\":\"search_term_string\"}}],\"inLanguage\":\"fr-FR\"}]}<\/script>\n<!-- \/ Yoast SEO plugin. -->","yoast_head_json":{"title":"Stockage de la chaleur et du froid 2 - ISTE Group","description":"Stockage de la chaleur et du froid 2 s\u2019int\u00e9resse aux proc\u00e9d\u00e9s de stockage thermochimique \u00e0 sorption, c\u2019est-\u00e0-dire les proc\u00e9d\u00e9s \u00e0 absorption, \u00e0 adsorption et \u00e0 sorption chimique.","robots":{"index":"index","follow":"follow","max-snippet":"max-snippet:-1","max-image-preview":"max-image-preview:large","max-video-preview":"max-video-preview:-1"},"canonical":"https:\/\/www.istegroup.com\/fr\/produit\/stockage-de-la-chaleur-et-du-froid-2\/","og_locale":"fr_FR","og_type":"article","og_title":"Stockage de la chaleur et du froid 2 - ISTE Group","og_description":"Stockage de la chaleur et du froid 2 s\u2019int\u00e9resse aux proc\u00e9d\u00e9s de stockage thermochimique \u00e0 sorption, c\u2019est-\u00e0-dire les proc\u00e9d\u00e9s \u00e0 absorption, \u00e0 adsorption et \u00e0 sorption chimique.","og_url":"https:\/\/www.istegroup.com\/fr\/produit\/stockage-de-la-chaleur-et-du-froid-2\/","og_site_name":"ISTE Group","article_modified_time":"2025-01-03T11:08:03+00:00","og_image":[{"width":300,"height":450,"url":"https:\/\/www.istegroup.com\/wp-content\/uploads\/2023\/07\/LePierres_couv_300x450-1.jpg","type":"image\/jpeg"}],"twitter_card":"summary_large_image","twitter_misc":{"Est. reading time":"1 minute"},"schema":{"@context":"https:\/\/schema.org","@graph":[{"@type":"WebPage","@id":"https:\/\/www.istegroup.com\/fr\/produit\/stockage-de-la-chaleur-et-du-froid-2\/","url":"https:\/\/www.istegroup.com\/fr\/produit\/stockage-de-la-chaleur-et-du-froid-2\/","name":"Stockage de la chaleur et du froid 2 - ISTE Group","isPartOf":{"@id":"https:\/\/www.istegroup.com\/#website"},"primaryImageOfPage":{"@id":"https:\/\/www.istegroup.com\/fr\/produit\/stockage-de-la-chaleur-et-du-froid-2\/#primaryimage"},"image":{"@id":"https:\/\/www.istegroup.com\/fr\/produit\/stockage-de-la-chaleur-et-du-froid-2\/#primaryimage"},"thumbnailUrl":"https:\/\/www.istegroup.com\/wp-content\/uploads\/2023\/07\/LePierres_couv_300x450-1.jpg","datePublished":"2023-07-11T16:08:27+00:00","dateModified":"2025-01-03T11:08:03+00:00","description":"Stockage de la chaleur et du froid 2 s\u2019int\u00e9resse aux proc\u00e9d\u00e9s de stockage thermochimique \u00e0 sorption, c\u2019est-\u00e0-dire les proc\u00e9d\u00e9s \u00e0 absorption, \u00e0 adsorption et \u00e0 sorption chimique.","breadcrumb":{"@id":"https:\/\/www.istegroup.com\/fr\/produit\/stockage-de-la-chaleur-et-du-froid-2\/#breadcrumb"},"inLanguage":"fr-FR","potentialAction":[{"@type":"ReadAction","target":["https:\/\/www.istegroup.com\/fr\/produit\/stockage-de-la-chaleur-et-du-froid-2\/"]}]},{"@type":"ImageObject","inLanguage":"fr-FR","@id":"https:\/\/www.istegroup.com\/fr\/produit\/stockage-de-la-chaleur-et-du-froid-2\/#primaryimage","url":"https:\/\/www.istegroup.com\/wp-content\/uploads\/2023\/07\/LePierres_couv_300x450-1.jpg","contentUrl":"https:\/\/www.istegroup.com\/wp-content\/uploads\/2023\/07\/LePierres_couv_300x450-1.jpg","width":300,"height":450},{"@type":"BreadcrumbList","@id":"https:\/\/www.istegroup.com\/fr\/produit\/stockage-de-la-chaleur-et-du-froid-2\/#breadcrumb","itemListElement":[{"@type":"ListItem","position":1,"name":"Home","item":"https:\/\/www.istegroup.com\/"},{"@type":"ListItem","position":2,"name":"Shop","item":"https:\/\/www.istegroup.com\/fr\/nouveautes\/"},{"@type":"ListItem","position":3,"name":"Stockage de la chaleur et du froid 2"}]},{"@type":"WebSite","@id":"https:\/\/www.istegroup.com\/#website","url":"https:\/\/www.istegroup.com\/","name":"ISTE Group","description":"\u00c9diteur des Sciences","potentialAction":[{"@type":"SearchAction","target":{"@type":"EntryPoint","urlTemplate":"https:\/\/www.istegroup.com\/?s={search_term_string}"},"query-input":{"@type":"PropertyValueSpecification","valueRequired":true,"valueName":"search_term_string"}}],"inLanguage":"fr-FR"}]}},"_links":{"self":[{"href":"https:\/\/www.istegroup.com\/fr\/wp-json\/wp\/v2\/product\/23738","targetHints":{"allow":["GET"]}}],"collection":[{"href":"https:\/\/www.istegroup.com\/fr\/wp-json\/wp\/v2\/product"}],"about":[{"href":"https:\/\/www.istegroup.com\/fr\/wp-json\/wp\/v2\/types\/product"}],"wp:featuredmedia":[{"embeddable":true,"href":"https:\/\/www.istegroup.com\/fr\/wp-json\/wp\/v2\/media\/52371"}],"wp:attachment":[{"href":"https:\/\/www.istegroup.com\/fr\/wp-json\/wp\/v2\/media?parent=23738"}],"wp:term":[{"taxonomy":"product_brand","embeddable":true,"href":"https:\/\/www.istegroup.com\/fr\/wp-json\/wp\/v2\/product_brand?post=23738"},{"taxonomy":"product_cat","embeddable":true,"href":"https:\/\/www.istegroup.com\/fr\/wp-json\/wp\/v2\/product_cat?post=23738"},{"taxonomy":"product_tag","embeddable":true,"href":"https:\/\/www.istegroup.com\/fr\/wp-json\/wp\/v2\/product_tag?post=23738"}],"curies":[{"name":"wp","href":"https:\/\/api.w.org\/{rel}","templated":true}]}}

<p><em>Stockage de la chaleur et du froid 2</em> s’intéresse aux procédés de stockage thermochimique à sorption, c’est-à-dire les procédés à absorption, à adsorption et à sorption chimique.</p>
<p>Cet ouvrage analyse les principes de la sorption et définit les critères de sélection des matériaux à mettre en oeuvre avant de présenter les trois technologies de stockage à sorption. Le fonctionnement du cycle à absorption est détaillé afin de pointer les enjeux futurs de cette méthode. Ensuite, le stockage par adsorption physique est examiné. Les fondements de ce phénomène et une description des cycles et systèmes à adsorption solide-gaz sont exposés, avant de présenter de nombreux exemples d’installations prototypes. Enfin, le phénomène de stockage de chaleur par sorption chimique est décrit à l’échelle du matériau réactif jusqu’à l’échelle du procédé, avant de mettre en perspective l’état de l’art des améliorations possibles et d’illustrer différentes applications.</p>

<p>Stockage de la chaleur et du froid 2 s’intéresse aux procédés de stockage thermochimique à sorption, c’est-à-dire les procédés à absorption, à adsorption et à sorption chimique. Cet ouvrage analyse les principes de la sorption et définit les critères de sélection des matériaux à mettre en oeuvre avant de présenter les trois technologies de stockage [&hellip;]</p>

<!-- This site is optimized with the Yoast SEO plugin v27.2 - https://yoast.com/product/yoast-seo-wordpress/ -->
<title>Stockage de la chaleur et du froid 2 - ISTE Group</title>
<meta name="description" content="Stockage de la chaleur et du froid 2 s’intéresse aux procédés de stockage thermochimique à sorption, c’est-à-dire les procédés à absorption, à adsorption et à sorption chimique." />
<meta name="robots" content="index, follow, max-snippet:-1, max-image-preview:large, max-video-preview:-1" />
<link rel="canonical" href="https://www.istegroup.com/fr/produit/stockage-de-la-chaleur-et-du-froid-2/" />
<meta property="og:locale" content="fr_FR" />
<meta property="og:type" content="article" />
<meta property="og:title" content="Stockage de la chaleur et du froid 2 - ISTE Group" />
<meta property="og:description" content="Stockage de la chaleur et du froid 2 s’intéresse aux procédés de stockage thermochimique à sorption, c’est-à-dire les procédés à absorption, à adsorption et à sorption chimique." />
<meta property="og:url" content="https://www.istegroup.com/fr/produit/stockage-de-la-chaleur-et-du-froid-2/" />
<meta property="og:site_name" content="ISTE Group" />
<meta property="article:modified_time" content="2025-01-03T11:08:03+00:00" />
<meta property="og:image" content="https://www.istegroup.com/wp-content/uploads/2023/07/LePierres_couv_300x450-1.jpg" />
	<meta property="og:image:width" content="300" />
	<meta property="og:image:height" content="450" />
	<meta property="og:image:type" content="image/jpeg" />
<meta name="twitter:card" content="summary_large_image" />
<meta name="twitter:label1" content="Est. reading time" />
	<meta name="twitter:data1" content="1 minute" />
<script type="application/ld+json" class="yoast-schema-graph">{"@context":"https://schema.org","@graph":[{"@type":"WebPage","@id":"https://www.istegroup.com/fr/produit/stockage-de-la-chaleur-et-du-froid-2/","url":"https://www.istegroup.com/fr/produit/stockage-de-la-chaleur-et-du-froid-2/","name":"Stockage de la chaleur et du froid 2 - ISTE Group","isPartOf":{"@id":"https://www.istegroup.com/#website"},"primaryImageOfPage":{"@id":"https://www.istegroup.com/fr/produit/stockage-de-la-chaleur-et-du-froid-2/#primaryimage"},"image":{"@id":"https://www.istegroup.com/fr/produit/stockage-de-la-chaleur-et-du-froid-2/#primaryimage"},"thumbnailUrl":"https://www.istegroup.com/wp-content/uploads/2023/07/LePierres_couv_300x450-1.jpg","datePublished":"2023-07-11T16:08:27+00:00","dateModified":"2025-01-03T11:08:03+00:00","description":"Stockage de la chaleur et du froid 2 s’intéresse aux procédés de stockage thermochimique à sorption, c’est-à-dire les procédés à absorption, à adsorption et à sorption chimique.","breadcrumb":{"@id":"https://www.istegroup.com/fr/produit/stockage-de-la-chaleur-et-du-froid-2/#breadcrumb"},"inLanguage":"fr-FR","potentialAction":[{"@type":"ReadAction","target":["https://www.istegroup.com/fr/produit/stockage-de-la-chaleur-et-du-froid-2/"]}]},{"@type":"ImageObject","inLanguage":"fr-FR","@id":"https://www.istegroup.com/fr/produit/stockage-de-la-chaleur-et-du-froid-2/#primaryimage","url":"https://www.istegroup.com/wp-content/uploads/2023/07/LePierres_couv_300x450-1.jpg","contentUrl":"https://www.istegroup.com/wp-content/uploads/2023/07/LePierres_couv_300x450-1.jpg","width":300,"height":450},{"@type":"BreadcrumbList","@id":"https://www.istegroup.com/fr/produit/stockage-de-la-chaleur-et-du-froid-2/#breadcrumb","itemListElement":[{"@type":"ListItem","position":1,"name":"Home","item":"https://www.istegroup.com/"},{"@type":"ListItem","position":2,"name":"Shop","item":"https://www.istegroup.com/fr/nouveautes/"},{"@type":"ListItem","position":3,"name":"Stockage de la chaleur et du froid 2"}]},{"@type":"WebSite","@id":"https://www.istegroup.com/#website","url":"https://www.istegroup.com/","name":"ISTE Group","description":"Éditeur des Sciences","potentialAction":[{"@type":"SearchAction","target":{"@type":"EntryPoint","urlTemplate":"https://www.istegroup.com/?s={search_term_string}"},"query-input":{"@type":"PropertyValueSpecification","valueRequired":true,"valueName":"search_term_string"}}],"inLanguage":"fr-FR"}]}</script>
<!-- / Yoast SEO plugin. -->

Stockage de la chaleur et du froid 2 s’intéresse aux procédés de stockage thermochimique à sorption, c’est-à-dire les procédés à absorption, à adsorption et à sorption chimique.

Éditeur des Sciences
