{"id":21574,"date":"2019-07-01T15:32:53","date_gmt":"2019-07-01T14:32:53","guid":{"rendered":"https:\/\/www.istegroup.com\/?post_type=product&#038;p=21574"},"modified":"2024-01-03T13:43:15","modified_gmt":"2024-01-03T13:43:15","slug":"le-temps","status":"publish","type":"product","link":"https:\/\/www.istegroup.com\/fr\/produit\/le-temps\/","title":{"rendered":"Le temps"},"content":{"rendered":"<p>La notion de temps, omnipr\u00e9sente dans nos soci\u00e9t\u00e9s, a suscit\u00e9 l\u2019int\u00e9r\u00eat des savants et de la population d\u00e8s les premi\u00e8res civilisations \u00e9gyptiennes et m\u00e9sopotamiennes.<\/p>\n<p>L\u2019\u00e9volution des modes de vie a n\u00e9cessit\u00e9 un accroissement de la pr\u00e9cision et de la stabilit\u00e9 des instruments de mesure. Les journ\u00e9es sont cadenc\u00e9es par l\u2019\u00e9coulement des secondes et les activit\u00e9s quotidiennes sont souvent chronom\u00e9tr\u00e9es avec une pr\u00e9cision proche de la minute. De la datation au carbone 14 jusqu\u2019\u00e0 la localisation par GPS, la mesure du temps exige des pr\u00e9cisions sans cesse accrues.<\/p>\n<p>Cet ouvrage traite des origines de la mesure du temps et de son impact sur les civilisations. Du calendrier Maya au calendrier r\u00e9volutionnaire fran\u00e7ais, des appareils les plus primitifs aux m\u00e9canismes d\u2019horlogerie les plus complexes, il retrace l\u2019histoire de la mesure et de la perception du temps, tant sur l\u2019aspect historique que scientifique.<\/p>\n","protected":false},"excerpt":{"rendered":"<p>La notion de temps, omnipr\u00e9sente dans nos soci\u00e9t\u00e9s, a suscit\u00e9 l\u2019int\u00e9r\u00eat des savants et de la population d\u00e8s les premi\u00e8res civilisations \u00e9gyptiennes et m\u00e9sopotamiennes. L\u2019\u00e9volution des modes de vie a n\u00e9cessit\u00e9 un accroissement de la pr\u00e9cision et de la stabilit\u00e9 des instruments de mesure. Les journ\u00e9es sont cadenc\u00e9es par l\u2019\u00e9coulement des secondes et les activit\u00e9s [&hellip;]<\/p>\n","protected":false},"featured_media":21582,"template":"","meta":{"_acf_changed":false,"_links_to":"","_links_to_target":""},"product_brand":[],"product_cat":[3262],"product_tag":[],"class_list":{"0":"post-21574","1":"product","2":"type-product","3":"status-publish","4":"has-post-thumbnail","6":"product_cat-non-classe","8":"first","9":"instock","10":"shipping-taxable","11":"purchasable","12":"product-type-variable"},"acf":[],"yoast_head":"<!-- This site is optimized with the Yoast SEO plugin v27.2 - https:\/\/yoast.com\/product\/yoast-seo-wordpress\/ -->\n<title>Le temps - ISTE Group<\/title>\n<meta name=\"description\" content=\"Cet ouvrage traite des origines de la mesure du temps et de son impact sur les civilisations. Du calendrier Maya au calendrier r\u00e9volutionnaire fran\u00e7ais, des appareils les plus primitifs aux m\u00e9canismes d\u2019horlogerie les plus complexes, il retrace l\u2019histoire de la mesure et de la perception du temps, tant sur l\u2019aspect historique que scientifique.\" \/>\n<meta name=\"robots\" content=\"index, follow, max-snippet:-1, max-image-preview:large, max-video-preview:-1\" \/>\n<link rel=\"canonical\" href=\"https:\/\/www.istegroup.com\/en\/produit\/le-temps\/\" \/>\n<meta property=\"og:locale\" content=\"fr_FR\" \/>\n<meta property=\"og:type\" content=\"article\" \/>\n<meta property=\"og:title\" content=\"Le temps - ISTE Group\" \/>\n<meta property=\"og:description\" content=\"Cet ouvrage traite des origines de la mesure du temps et de son impact sur les civilisations. Du calendrier Maya au calendrier r\u00e9volutionnaire fran\u00e7ais, des appareils les plus primitifs aux m\u00e9canismes d\u2019horlogerie les plus complexes, il retrace l\u2019histoire de la mesure et de la perception du temps, tant sur l\u2019aspect historique que scientifique.\" \/>\n<meta property=\"og:url\" content=\"https:\/\/www.istegroup.com\/en\/produit\/le-temps\/\" \/>\n<meta property=\"og:site_name\" content=\"ISTE Group\" \/>\n<meta property=\"article:modified_time\" content=\"2024-01-03T13:43:15+00:00\" \/>\n<meta property=\"og:image\" content=\"https:\/\/www.istegroup.com\/wp-content\/uploads\/2019\/06\/Le-temps-\u00c9meline-Bourcerie-Savary-et-Marc-Bourcerie.jpg\" \/>\n\t<meta property=\"og:image:width\" content=\"300\" \/>\n\t<meta property=\"og:image:height\" content=\"450\" \/>\n\t<meta property=\"og:image:type\" content=\"image\/jpeg\" \/>\n<meta name=\"twitter:card\" content=\"summary_large_image\" \/>\n<meta name=\"twitter:label1\" content=\"Est. reading time\" \/>\n\t<meta name=\"twitter:data1\" content=\"1 minute\" \/>\n<script type=\"application\/ld+json\" class=\"yoast-schema-graph\">{\"@context\":\"https:\/\/schema.org\",\"@graph\":[{\"@type\":\"WebPage\",\"@id\":\"https:\/\/www.istegroup.com\/en\/produit\/le-temps\/\",\"url\":\"https:\/\/www.istegroup.com\/en\/produit\/le-temps\/\",\"name\":\"Le temps - ISTE Group\",\"isPartOf\":{\"@id\":\"https:\/\/www.istegroup.com\/#website\"},\"primaryImageOfPage\":{\"@id\":\"https:\/\/www.istegroup.com\/en\/produit\/le-temps\/#primaryimage\"},\"image\":{\"@id\":\"https:\/\/www.istegroup.com\/en\/produit\/le-temps\/#primaryimage\"},\"thumbnailUrl\":\"https:\/\/www.istegroup.com\/wp-content\/uploads\/2019\/06\/Le-temps-\u00c9meline-Bourcerie-Savary-et-Marc-Bourcerie.jpg\",\"datePublished\":\"2019-07-01T14:32:53+00:00\",\"dateModified\":\"2024-01-03T13:43:15+00:00\",\"description\":\"Cet ouvrage traite des origines de la mesure du temps et de son impact sur les civilisations. Du calendrier Maya au calendrier r\u00e9volutionnaire fran\u00e7ais, des appareils les plus primitifs aux m\u00e9canismes d\u2019horlogerie les plus complexes, il retrace l\u2019histoire de la mesure et de la perception du temps, tant sur l\u2019aspect historique que scientifique.\",\"breadcrumb\":{\"@id\":\"https:\/\/www.istegroup.com\/en\/produit\/le-temps\/#breadcrumb\"},\"inLanguage\":\"fr-FR\",\"potentialAction\":[{\"@type\":\"ReadAction\",\"target\":[\"https:\/\/www.istegroup.com\/en\/produit\/le-temps\/\"]}]},{\"@type\":\"ImageObject\",\"inLanguage\":\"fr-FR\",\"@id\":\"https:\/\/www.istegroup.com\/en\/produit\/le-temps\/#primaryimage\",\"url\":\"https:\/\/www.istegroup.com\/wp-content\/uploads\/2019\/06\/Le-temps-\u00c9meline-Bourcerie-Savary-et-Marc-Bourcerie.jpg\",\"contentUrl\":\"https:\/\/www.istegroup.com\/wp-content\/uploads\/2019\/06\/Le-temps-\u00c9meline-Bourcerie-Savary-et-Marc-Bourcerie.jpg\",\"width\":300,\"height\":450,\"caption\":\"Aspects scientifiques et historiques\"},{\"@type\":\"BreadcrumbList\",\"@id\":\"https:\/\/www.istegroup.com\/en\/produit\/le-temps\/#breadcrumb\",\"itemListElement\":[{\"@type\":\"ListItem\",\"position\":1,\"name\":\"Home\",\"item\":\"https:\/\/www.istegroup.com\/\"},{\"@type\":\"ListItem\",\"position\":2,\"name\":\"Shop\",\"item\":\"https:\/\/www.istegroup.com\/fr\/nouveautes\/\"},{\"@type\":\"ListItem\",\"position\":3,\"name\":\"Le temps\"}]},{\"@type\":\"WebSite\",\"@id\":\"https:\/\/www.istegroup.com\/#website\",\"url\":\"https:\/\/www.istegroup.com\/\",\"name\":\"ISTE Group\",\"description\":\"\u00c9diteur des Sciences\",\"potentialAction\":[{\"@type\":\"SearchAction\",\"target\":{\"@type\":\"EntryPoint\",\"urlTemplate\":\"https:\/\/www.istegroup.com\/?s={search_term_string}\"},\"query-input\":{\"@type\":\"PropertyValueSpecification\",\"valueRequired\":true,\"valueName\":\"search_term_string\"}}],\"inLanguage\":\"fr-FR\"}]}<\/script>\n<!-- \/ Yoast SEO plugin. -->","yoast_head_json":{"title":"Le temps - ISTE Group","description":"Cet ouvrage traite des origines de la mesure du temps et de son impact sur les civilisations. Du calendrier Maya au calendrier r\u00e9volutionnaire fran\u00e7ais, des appareils les plus primitifs aux m\u00e9canismes d\u2019horlogerie les plus complexes, il retrace l\u2019histoire de la mesure et de la perception du temps, tant sur l\u2019aspect historique que scientifique.","robots":{"index":"index","follow":"follow","max-snippet":"max-snippet:-1","max-image-preview":"max-image-preview:large","max-video-preview":"max-video-preview:-1"},"canonical":"https:\/\/www.istegroup.com\/en\/produit\/le-temps\/","og_locale":"fr_FR","og_type":"article","og_title":"Le temps - ISTE Group","og_description":"Cet ouvrage traite des origines de la mesure du temps et de son impact sur les civilisations. Du calendrier Maya au calendrier r\u00e9volutionnaire fran\u00e7ais, des appareils les plus primitifs aux m\u00e9canismes d\u2019horlogerie les plus complexes, il retrace l\u2019histoire de la mesure et de la perception du temps, tant sur l\u2019aspect historique que scientifique.","og_url":"https:\/\/www.istegroup.com\/en\/produit\/le-temps\/","og_site_name":"ISTE Group","article_modified_time":"2024-01-03T13:43:15+00:00","og_image":[{"width":300,"height":450,"url":"https:\/\/www.istegroup.com\/wp-content\/uploads\/2019\/06\/Le-temps-\u00c9meline-Bourcerie-Savary-et-Marc-Bourcerie.jpg","type":"image\/jpeg"}],"twitter_card":"summary_large_image","twitter_misc":{"Est. reading time":"1 minute"},"schema":{"@context":"https:\/\/schema.org","@graph":[{"@type":"WebPage","@id":"https:\/\/www.istegroup.com\/en\/produit\/le-temps\/","url":"https:\/\/www.istegroup.com\/en\/produit\/le-temps\/","name":"Le temps - ISTE Group","isPartOf":{"@id":"https:\/\/www.istegroup.com\/#website"},"primaryImageOfPage":{"@id":"https:\/\/www.istegroup.com\/en\/produit\/le-temps\/#primaryimage"},"image":{"@id":"https:\/\/www.istegroup.com\/en\/produit\/le-temps\/#primaryimage"},"thumbnailUrl":"https:\/\/www.istegroup.com\/wp-content\/uploads\/2019\/06\/Le-temps-\u00c9meline-Bourcerie-Savary-et-Marc-Bourcerie.jpg","datePublished":"2019-07-01T14:32:53+00:00","dateModified":"2024-01-03T13:43:15+00:00","description":"Cet ouvrage traite des origines de la mesure du temps et de son impact sur les civilisations. Du calendrier Maya au calendrier r\u00e9volutionnaire fran\u00e7ais, des appareils les plus primitifs aux m\u00e9canismes d\u2019horlogerie les plus complexes, il retrace l\u2019histoire de la mesure et de la perception du temps, tant sur l\u2019aspect historique que scientifique.","breadcrumb":{"@id":"https:\/\/www.istegroup.com\/en\/produit\/le-temps\/#breadcrumb"},"inLanguage":"fr-FR","potentialAction":[{"@type":"ReadAction","target":["https:\/\/www.istegroup.com\/en\/produit\/le-temps\/"]}]},{"@type":"ImageObject","inLanguage":"fr-FR","@id":"https:\/\/www.istegroup.com\/en\/produit\/le-temps\/#primaryimage","url":"https:\/\/www.istegroup.com\/wp-content\/uploads\/2019\/06\/Le-temps-\u00c9meline-Bourcerie-Savary-et-Marc-Bourcerie.jpg","contentUrl":"https:\/\/www.istegroup.com\/wp-content\/uploads\/2019\/06\/Le-temps-\u00c9meline-Bourcerie-Savary-et-Marc-Bourcerie.jpg","width":300,"height":450,"caption":"Aspects scientifiques et historiques"},{"@type":"BreadcrumbList","@id":"https:\/\/www.istegroup.com\/en\/produit\/le-temps\/#breadcrumb","itemListElement":[{"@type":"ListItem","position":1,"name":"Home","item":"https:\/\/www.istegroup.com\/"},{"@type":"ListItem","position":2,"name":"Shop","item":"https:\/\/www.istegroup.com\/fr\/nouveautes\/"},{"@type":"ListItem","position":3,"name":"Le temps"}]},{"@type":"WebSite","@id":"https:\/\/www.istegroup.com\/#website","url":"https:\/\/www.istegroup.com\/","name":"ISTE Group","description":"\u00c9diteur des Sciences","potentialAction":[{"@type":"SearchAction","target":{"@type":"EntryPoint","urlTemplate":"https:\/\/www.istegroup.com\/?s={search_term_string}"},"query-input":{"@type":"PropertyValueSpecification","valueRequired":true,"valueName":"search_term_string"}}],"inLanguage":"fr-FR"}]}},"_links":{"self":[{"href":"https:\/\/www.istegroup.com\/fr\/wp-json\/wp\/v2\/product\/21574","targetHints":{"allow":["GET"]}}],"collection":[{"href":"https:\/\/www.istegroup.com\/fr\/wp-json\/wp\/v2\/product"}],"about":[{"href":"https:\/\/www.istegroup.com\/fr\/wp-json\/wp\/v2\/types\/product"}],"wp:featuredmedia":[{"embeddable":true,"href":"https:\/\/www.istegroup.com\/fr\/wp-json\/wp\/v2\/media\/21582"}],"wp:attachment":[{"href":"https:\/\/www.istegroup.com\/fr\/wp-json\/wp\/v2\/media?parent=21574"}],"wp:term":[{"taxonomy":"product_brand","embeddable":true,"href":"https:\/\/www.istegroup.com\/fr\/wp-json\/wp\/v2\/product_brand?post=21574"},{"taxonomy":"product_cat","embeddable":true,"href":"https:\/\/www.istegroup.com\/fr\/wp-json\/wp\/v2\/product_cat?post=21574"},{"taxonomy":"product_tag","embeddable":true,"href":"https:\/\/www.istegroup.com\/fr\/wp-json\/wp\/v2\/product_tag?post=21574"}],"curies":[{"name":"wp","href":"https:\/\/api.w.org\/{rel}","templated":true}]}}

<p>La notion de temps, omniprésente dans nos sociétés, a suscité l’intérêt des savants et de la population dès les premières civilisations égyptiennes et mésopotamiennes.</p>
<p>L’évolution des modes de vie a nécessité un accroissement de la précision et de la stabilité des instruments de mesure. Les journées sont cadencées par l’écoulement des secondes et les activités quotidiennes sont souvent chronométrées avec une précision proche de la minute. De la datation au carbone 14 jusqu’à la localisation par GPS, la mesure du temps exige des précisions sans cesse accrues.</p>
<p>Cet ouvrage traite des origines de la mesure du temps et de son impact sur les civilisations. Du calendrier Maya au calendrier révolutionnaire français, des appareils les plus primitifs aux mécanismes d’horlogerie les plus complexes, il retrace l’histoire de la mesure et de la perception du temps, tant sur l’aspect historique que scientifique.</p>

<p>La notion de temps, omniprésente dans nos sociétés, a suscité l’intérêt des savants et de la population dès les premières civilisations égyptiennes et mésopotamiennes. L’évolution des modes de vie a nécessité un accroissement de la précision et de la stabilité des instruments de mesure. Les journées sont cadencées par l’écoulement des secondes et les activités [&hellip;]</p>

<!-- This site is optimized with the Yoast SEO plugin v27.2 - https://yoast.com/product/yoast-seo-wordpress/ -->
<title>Le temps - ISTE Group</title>
<meta name="description" content="Cet ouvrage traite des origines de la mesure du temps et de son impact sur les civilisations. Du calendrier Maya au calendrier révolutionnaire français, des appareils les plus primitifs aux mécanismes d’horlogerie les plus complexes, il retrace l’histoire de la mesure et de la perception du temps, tant sur l’aspect historique que scientifique." />
<meta name="robots" content="index, follow, max-snippet:-1, max-image-preview:large, max-video-preview:-1" />
<link rel="canonical" href="https://www.istegroup.com/en/produit/le-temps/" />
<meta property="og:locale" content="fr_FR" />
<meta property="og:type" content="article" />
<meta property="og:title" content="Le temps - ISTE Group" />
<meta property="og:description" content="Cet ouvrage traite des origines de la mesure du temps et de son impact sur les civilisations. Du calendrier Maya au calendrier révolutionnaire français, des appareils les plus primitifs aux mécanismes d’horlogerie les plus complexes, il retrace l’histoire de la mesure et de la perception du temps, tant sur l’aspect historique que scientifique." />
<meta property="og:url" content="https://www.istegroup.com/en/produit/le-temps/" />
<meta property="og:site_name" content="ISTE Group" />
<meta property="article:modified_time" content="2024-01-03T13:43:15+00:00" />
<meta property="og:image" content="https://www.istegroup.com/wp-content/uploads/2019/06/Le-temps-Émeline-Bourcerie-Savary-et-Marc-Bourcerie.jpg" />
	<meta property="og:image:width" content="300" />
	<meta property="og:image:height" content="450" />
	<meta property="og:image:type" content="image/jpeg" />
<meta name="twitter:card" content="summary_large_image" />
<meta name="twitter:label1" content="Est. reading time" />
	<meta name="twitter:data1" content="1 minute" />
<script type="application/ld+json" class="yoast-schema-graph">{"@context":"https://schema.org","@graph":[{"@type":"WebPage","@id":"https://www.istegroup.com/en/produit/le-temps/","url":"https://www.istegroup.com/en/produit/le-temps/","name":"Le temps - ISTE Group","isPartOf":{"@id":"https://www.istegroup.com/#website"},"primaryImageOfPage":{"@id":"https://www.istegroup.com/en/produit/le-temps/#primaryimage"},"image":{"@id":"https://www.istegroup.com/en/produit/le-temps/#primaryimage"},"thumbnailUrl":"https://www.istegroup.com/wp-content/uploads/2019/06/Le-temps-Émeline-Bourcerie-Savary-et-Marc-Bourcerie.jpg","datePublished":"2019-07-01T14:32:53+00:00","dateModified":"2024-01-03T13:43:15+00:00","description":"Cet ouvrage traite des origines de la mesure du temps et de son impact sur les civilisations. Du calendrier Maya au calendrier révolutionnaire français, des appareils les plus primitifs aux mécanismes d’horlogerie les plus complexes, il retrace l’histoire de la mesure et de la perception du temps, tant sur l’aspect historique que scientifique.","breadcrumb":{"@id":"https://www.istegroup.com/en/produit/le-temps/#breadcrumb"},"inLanguage":"fr-FR","potentialAction":[{"@type":"ReadAction","target":["https://www.istegroup.com/en/produit/le-temps/"]}]},{"@type":"ImageObject","inLanguage":"fr-FR","@id":"https://www.istegroup.com/en/produit/le-temps/#primaryimage","url":"https://www.istegroup.com/wp-content/uploads/2019/06/Le-temps-Émeline-Bourcerie-Savary-et-Marc-Bourcerie.jpg","contentUrl":"https://www.istegroup.com/wp-content/uploads/2019/06/Le-temps-Émeline-Bourcerie-Savary-et-Marc-Bourcerie.jpg","width":300,"height":450,"caption":"Aspects scientifiques et historiques"},{"@type":"BreadcrumbList","@id":"https://www.istegroup.com/en/produit/le-temps/#breadcrumb","itemListElement":[{"@type":"ListItem","position":1,"name":"Home","item":"https://www.istegroup.com/"},{"@type":"ListItem","position":2,"name":"Shop","item":"https://www.istegroup.com/fr/nouveautes/"},{"@type":"ListItem","position":3,"name":"Le temps"}]},{"@type":"WebSite","@id":"https://www.istegroup.com/#website","url":"https://www.istegroup.com/","name":"ISTE Group","description":"Éditeur des Sciences","potentialAction":[{"@type":"SearchAction","target":{"@type":"EntryPoint","urlTemplate":"https://www.istegroup.com/?s={search_term_string}"},"query-input":{"@type":"PropertyValueSpecification","valueRequired":true,"valueName":"search_term_string"}}],"inLanguage":"fr-FR"}]}</script>
<!-- / Yoast SEO plugin. -->

Cet ouvrage traite des origines de la mesure du temps et de son impact sur les civilisations. Du calendrier Maya au calendrier révolutionnaire français, des appareils les plus primitifs aux mécanismes d’horlogerie les plus complexes, il retrace l’histoire de la mesure et de la perception du temps, tant sur l’aspect historique que scientifique.

https://www.istegroup.com/wp-content/uploads/2019/06/Le-temps-Émeline-Bourcerie-Savary-et-Marc-Bourcerie.jpg

Éditeur des Sciences
