{"id":13775,"date":"2018-07-09T16:32:42","date_gmt":"2018-07-09T14:32:42","guid":{"rendered":"https:\/\/iste.yhello.co\/?post_type=product&#038;p=13775"},"modified":"2024-01-03T13:42:29","modified_gmt":"2024-01-03T13:42:29","slug":"analyse-du-travail-et-geographie-sociale","status":"publish","type":"product","link":"https:\/\/www.istegroup.com\/fr\/produit\/analyse-du-travail-et-geographie-sociale\/","title":{"rendered":"Analyse du travail et g\u00e9ographie sociale"},"content":{"rendered":"<p>Ces derni\u00e8res ann\u00e9es ont vu appara\u00eetre une multitude de discours sur la \u00ab souffrance au travail \u00bb. Cette m\u00e9diatisation impose une mise au point scientifique \u00e0 laquelle cet ouvrage contribue.<\/p>\n<p>Il synth\u00e9tise des recherches en sciences humaines et sociales sur les \u00e9volutions du travail, les th\u00e9matise d\u2019une fa\u00e7on originale, et montre que les d\u00e9terminants \u00e9conomiques et politiques des \u00e9volutions du travail op\u00e8rent de fa\u00e7on \u00e9minemment spatiale sur l\u2019activit\u00e9 des personnes. Ce programme d\u2019analyse pluraliste revisite et renouvelle les questions du travail \u00e0 partir d\u2019apports de g\u00e9ographie sociale, par les concepts de lieu, d\u2019espace et de territoire du travail.<\/p>\n<p>Prenant des exemples dans les secteurs tertiaire, industriel et agricole,\u00a0<em>Analyse du travail et g\u00e9ographie sociale<\/em>\u00a0propose \u00e9galement des outils pour agir. Ancr\u00e9e dans une conception transformatrice de l\u2019analyse, cette g\u00e9ographie sociale du travail est con\u00e7ue comme un guide comprenant des fiches pratiques pour une analyse individuelle et possiblement collective de sa propre situation de travail.<\/p>\n","protected":false},"excerpt":{"rendered":"<p>Ces derni\u00e8res ann\u00e9es ont vu appara\u00eetre une multitude de discours sur la \u00ab souffrance au travail \u00bb. Cette m\u00e9diatisation impose une mise au point scientifique \u00e0 laquelle cet ouvrage contribue. Il synth\u00e9tise des recherches en sciences humaines et sociales sur les \u00e9volutions du travail, les th\u00e9matise d\u2019une fa\u00e7on originale, et montre que les d\u00e9terminants \u00e9conomiques [&hellip;]<\/p>\n","protected":false},"featured_media":13786,"template":"","meta":{"_acf_changed":false,"_links_to":"","_links_to_target":""},"product_brand":[],"product_cat":[3262],"product_tag":[],"class_list":{"0":"post-13775","1":"product","2":"type-product","3":"status-publish","4":"has-post-thumbnail","6":"product_cat-non-classe","8":"first","9":"instock","10":"shipping-taxable","11":"purchasable","12":"product-type-variable"},"acf":[],"yoast_head":"<!-- This site is optimized with the Yoast SEO plugin v27.2 - https:\/\/yoast.com\/product\/yoast-seo-wordpress\/ -->\n<title>Analyse du travail et g\u00e9ographie sociale - ISTE Group<\/title>\n<meta name=\"description\" content=\"Cet ouvrage synth\u00e9tise des recherches en sciences humaines et sociales sur les \u00e9volutions du travail, les th\u00e9matise d\u2019une fa\u00e7on originale, et montre que les d\u00e9terminants \u00e9conomiques et politiques des \u00e9volutions du travail op\u00e8rent de fa\u00e7on \u00e9minemment spatiale sur l\u2019activit\u00e9 des personnes.\" \/>\n<meta name=\"robots\" content=\"index, follow, max-snippet:-1, max-image-preview:large, max-video-preview:-1\" \/>\n<link rel=\"canonical\" href=\"https:\/\/www.istegroup.com\/fr\/produit\/analyse-du-travail-et-geographie-sociale\/\" \/>\n<meta property=\"og:locale\" content=\"fr_FR\" \/>\n<meta property=\"og:type\" content=\"article\" \/>\n<meta property=\"og:title\" content=\"Analyse du travail et g\u00e9ographie sociale - ISTE Group\" \/>\n<meta property=\"og:description\" content=\"Cet ouvrage synth\u00e9tise des recherches en sciences humaines et sociales sur les \u00e9volutions du travail, les th\u00e9matise d\u2019une fa\u00e7on originale, et montre que les d\u00e9terminants \u00e9conomiques et politiques des \u00e9volutions du travail op\u00e8rent de fa\u00e7on \u00e9minemment spatiale sur l\u2019activit\u00e9 des personnes.\" \/>\n<meta property=\"og:url\" content=\"https:\/\/www.istegroup.com\/fr\/produit\/analyse-du-travail-et-geographie-sociale\/\" \/>\n<meta property=\"og:site_name\" content=\"ISTE Group\" \/>\n<meta property=\"article:modified_time\" content=\"2024-01-03T13:42:29+00:00\" \/>\n<meta property=\"og:image\" content=\"https:\/\/www.istegroup.com\/wp-content\/uploads\/2018\/07\/Themines_Front-scaled.jpg\" \/>\n\t<meta property=\"og:image:width\" content=\"1693\" \/>\n\t<meta property=\"og:image:height\" content=\"2560\" \/>\n\t<meta property=\"og:image:type\" content=\"image\/jpeg\" \/>\n<meta name=\"twitter:card\" content=\"summary_large_image\" \/>\n<meta name=\"twitter:label1\" content=\"Est. reading time\" \/>\n\t<meta name=\"twitter:data1\" content=\"1 minute\" \/>\n<script type=\"application\/ld+json\" class=\"yoast-schema-graph\">{\"@context\":\"https:\/\/schema.org\",\"@graph\":[{\"@type\":\"WebPage\",\"@id\":\"https:\/\/www.istegroup.com\/fr\/produit\/analyse-du-travail-et-geographie-sociale\/\",\"url\":\"https:\/\/www.istegroup.com\/fr\/produit\/analyse-du-travail-et-geographie-sociale\/\",\"name\":\"Analyse du travail et g\u00e9ographie sociale - ISTE Group\",\"isPartOf\":{\"@id\":\"https:\/\/www.istegroup.com\/#website\"},\"primaryImageOfPage\":{\"@id\":\"https:\/\/www.istegroup.com\/fr\/produit\/analyse-du-travail-et-geographie-sociale\/#primaryimage\"},\"image\":{\"@id\":\"https:\/\/www.istegroup.com\/fr\/produit\/analyse-du-travail-et-geographie-sociale\/#primaryimage\"},\"thumbnailUrl\":\"https:\/\/www.istegroup.com\/wp-content\/uploads\/2018\/07\/Themines_Front-scaled.jpg\",\"datePublished\":\"2018-07-09T14:32:42+00:00\",\"dateModified\":\"2024-01-03T13:42:29+00:00\",\"description\":\"Cet ouvrage synth\u00e9tise des recherches en sciences humaines et sociales sur les \u00e9volutions du travail, les th\u00e9matise d\u2019une fa\u00e7on originale, et montre que les d\u00e9terminants \u00e9conomiques et politiques des \u00e9volutions du travail op\u00e8rent de fa\u00e7on \u00e9minemment spatiale sur l\u2019activit\u00e9 des personnes.\",\"breadcrumb\":{\"@id\":\"https:\/\/www.istegroup.com\/fr\/produit\/analyse-du-travail-et-geographie-sociale\/#breadcrumb\"},\"inLanguage\":\"fr-FR\",\"potentialAction\":[{\"@type\":\"ReadAction\",\"target\":[\"https:\/\/www.istegroup.com\/fr\/produit\/analyse-du-travail-et-geographie-sociale\/\"]}]},{\"@type\":\"ImageObject\",\"inLanguage\":\"fr-FR\",\"@id\":\"https:\/\/www.istegroup.com\/fr\/produit\/analyse-du-travail-et-geographie-sociale\/#primaryimage\",\"url\":\"https:\/\/www.istegroup.com\/wp-content\/uploads\/2018\/07\/Themines_Front-scaled.jpg\",\"contentUrl\":\"https:\/\/www.istegroup.com\/wp-content\/uploads\/2018\/07\/Themines_Front-scaled.jpg\",\"width\":1693,\"height\":2560,\"caption\":\"Des outils pour agir\"},{\"@type\":\"BreadcrumbList\",\"@id\":\"https:\/\/www.istegroup.com\/fr\/produit\/analyse-du-travail-et-geographie-sociale\/#breadcrumb\",\"itemListElement\":[{\"@type\":\"ListItem\",\"position\":1,\"name\":\"Home\",\"item\":\"https:\/\/www.istegroup.com\/\"},{\"@type\":\"ListItem\",\"position\":2,\"name\":\"Shop\",\"item\":\"https:\/\/www.istegroup.com\/fr\/nouveautes\/\"},{\"@type\":\"ListItem\",\"position\":3,\"name\":\"Analyse du travail et g\u00e9ographie sociale\"}]},{\"@type\":\"WebSite\",\"@id\":\"https:\/\/www.istegroup.com\/#website\",\"url\":\"https:\/\/www.istegroup.com\/\",\"name\":\"ISTE Group\",\"description\":\"\u00c9diteur des Sciences\",\"potentialAction\":[{\"@type\":\"SearchAction\",\"target\":{\"@type\":\"EntryPoint\",\"urlTemplate\":\"https:\/\/www.istegroup.com\/?s={search_term_string}\"},\"query-input\":{\"@type\":\"PropertyValueSpecification\",\"valueRequired\":true,\"valueName\":\"search_term_string\"}}],\"inLanguage\":\"fr-FR\"}]}<\/script>\n<!-- \/ Yoast SEO plugin. -->","yoast_head_json":{"title":"Analyse du travail et g\u00e9ographie sociale - ISTE Group","description":"Cet ouvrage synth\u00e9tise des recherches en sciences humaines et sociales sur les \u00e9volutions du travail, les th\u00e9matise d\u2019une fa\u00e7on originale, et montre que les d\u00e9terminants \u00e9conomiques et politiques des \u00e9volutions du travail op\u00e8rent de fa\u00e7on \u00e9minemment spatiale sur l\u2019activit\u00e9 des personnes.","robots":{"index":"index","follow":"follow","max-snippet":"max-snippet:-1","max-image-preview":"max-image-preview:large","max-video-preview":"max-video-preview:-1"},"canonical":"https:\/\/www.istegroup.com\/fr\/produit\/analyse-du-travail-et-geographie-sociale\/","og_locale":"fr_FR","og_type":"article","og_title":"Analyse du travail et g\u00e9ographie sociale - ISTE Group","og_description":"Cet ouvrage synth\u00e9tise des recherches en sciences humaines et sociales sur les \u00e9volutions du travail, les th\u00e9matise d\u2019une fa\u00e7on originale, et montre que les d\u00e9terminants \u00e9conomiques et politiques des \u00e9volutions du travail op\u00e8rent de fa\u00e7on \u00e9minemment spatiale sur l\u2019activit\u00e9 des personnes.","og_url":"https:\/\/www.istegroup.com\/fr\/produit\/analyse-du-travail-et-geographie-sociale\/","og_site_name":"ISTE Group","article_modified_time":"2024-01-03T13:42:29+00:00","og_image":[{"width":1693,"height":2560,"url":"https:\/\/www.istegroup.com\/wp-content\/uploads\/2018\/07\/Themines_Front-scaled.jpg","type":"image\/jpeg"}],"twitter_card":"summary_large_image","twitter_misc":{"Est. reading time":"1 minute"},"schema":{"@context":"https:\/\/schema.org","@graph":[{"@type":"WebPage","@id":"https:\/\/www.istegroup.com\/fr\/produit\/analyse-du-travail-et-geographie-sociale\/","url":"https:\/\/www.istegroup.com\/fr\/produit\/analyse-du-travail-et-geographie-sociale\/","name":"Analyse du travail et g\u00e9ographie sociale - ISTE Group","isPartOf":{"@id":"https:\/\/www.istegroup.com\/#website"},"primaryImageOfPage":{"@id":"https:\/\/www.istegroup.com\/fr\/produit\/analyse-du-travail-et-geographie-sociale\/#primaryimage"},"image":{"@id":"https:\/\/www.istegroup.com\/fr\/produit\/analyse-du-travail-et-geographie-sociale\/#primaryimage"},"thumbnailUrl":"https:\/\/www.istegroup.com\/wp-content\/uploads\/2018\/07\/Themines_Front-scaled.jpg","datePublished":"2018-07-09T14:32:42+00:00","dateModified":"2024-01-03T13:42:29+00:00","description":"Cet ouvrage synth\u00e9tise des recherches en sciences humaines et sociales sur les \u00e9volutions du travail, les th\u00e9matise d\u2019une fa\u00e7on originale, et montre que les d\u00e9terminants \u00e9conomiques et politiques des \u00e9volutions du travail op\u00e8rent de fa\u00e7on \u00e9minemment spatiale sur l\u2019activit\u00e9 des personnes.","breadcrumb":{"@id":"https:\/\/www.istegroup.com\/fr\/produit\/analyse-du-travail-et-geographie-sociale\/#breadcrumb"},"inLanguage":"fr-FR","potentialAction":[{"@type":"ReadAction","target":["https:\/\/www.istegroup.com\/fr\/produit\/analyse-du-travail-et-geographie-sociale\/"]}]},{"@type":"ImageObject","inLanguage":"fr-FR","@id":"https:\/\/www.istegroup.com\/fr\/produit\/analyse-du-travail-et-geographie-sociale\/#primaryimage","url":"https:\/\/www.istegroup.com\/wp-content\/uploads\/2018\/07\/Themines_Front-scaled.jpg","contentUrl":"https:\/\/www.istegroup.com\/wp-content\/uploads\/2018\/07\/Themines_Front-scaled.jpg","width":1693,"height":2560,"caption":"Des outils pour agir"},{"@type":"BreadcrumbList","@id":"https:\/\/www.istegroup.com\/fr\/produit\/analyse-du-travail-et-geographie-sociale\/#breadcrumb","itemListElement":[{"@type":"ListItem","position":1,"name":"Home","item":"https:\/\/www.istegroup.com\/"},{"@type":"ListItem","position":2,"name":"Shop","item":"https:\/\/www.istegroup.com\/fr\/nouveautes\/"},{"@type":"ListItem","position":3,"name":"Analyse du travail et g\u00e9ographie sociale"}]},{"@type":"WebSite","@id":"https:\/\/www.istegroup.com\/#website","url":"https:\/\/www.istegroup.com\/","name":"ISTE Group","description":"\u00c9diteur des Sciences","potentialAction":[{"@type":"SearchAction","target":{"@type":"EntryPoint","urlTemplate":"https:\/\/www.istegroup.com\/?s={search_term_string}"},"query-input":{"@type":"PropertyValueSpecification","valueRequired":true,"valueName":"search_term_string"}}],"inLanguage":"fr-FR"}]}},"_links":{"self":[{"href":"https:\/\/www.istegroup.com\/fr\/wp-json\/wp\/v2\/product\/13775","targetHints":{"allow":["GET"]}}],"collection":[{"href":"https:\/\/www.istegroup.com\/fr\/wp-json\/wp\/v2\/product"}],"about":[{"href":"https:\/\/www.istegroup.com\/fr\/wp-json\/wp\/v2\/types\/product"}],"wp:featuredmedia":[{"embeddable":true,"href":"https:\/\/www.istegroup.com\/fr\/wp-json\/wp\/v2\/media\/13786"}],"wp:attachment":[{"href":"https:\/\/www.istegroup.com\/fr\/wp-json\/wp\/v2\/media?parent=13775"}],"wp:term":[{"taxonomy":"product_brand","embeddable":true,"href":"https:\/\/www.istegroup.com\/fr\/wp-json\/wp\/v2\/product_brand?post=13775"},{"taxonomy":"product_cat","embeddable":true,"href":"https:\/\/www.istegroup.com\/fr\/wp-json\/wp\/v2\/product_cat?post=13775"},{"taxonomy":"product_tag","embeddable":true,"href":"https:\/\/www.istegroup.com\/fr\/wp-json\/wp\/v2\/product_tag?post=13775"}],"curies":[{"name":"wp","href":"https:\/\/api.w.org\/{rel}","templated":true}]}}

Analyse du travail et géographie sociale

<p>Ces dernières années ont vu apparaître une multitude de discours sur la « souffrance au travail ». Cette médiatisation impose une mise au point scientifique à laquelle cet ouvrage contribue.</p>
<p>Il synthétise des recherches en sciences humaines et sociales sur les évolutions du travail, les thématise d’une façon originale, et montre que les déterminants économiques et politiques des évolutions du travail opèrent de façon éminemment spatiale sur l’activité des personnes. Ce programme d’analyse pluraliste revisite et renouvelle les questions du travail à partir d’apports de géographie sociale, par les concepts de lieu, d’espace et de territoire du travail.</p>
<p>Prenant des exemples dans les secteurs tertiaire, industriel et agricole, <em>Analyse du travail et géographie sociale</em> propose également des outils pour agir. Ancrée dans une conception transformatrice de l’analyse, cette géographie sociale du travail est conçue comme un guide comprenant des fiches pratiques pour une analyse individuelle et possiblement collective de sa propre situation de travail.</p>

<p>Ces dernières années ont vu apparaître une multitude de discours sur la « souffrance au travail ». Cette médiatisation impose une mise au point scientifique à laquelle cet ouvrage contribue. Il synthétise des recherches en sciences humaines et sociales sur les évolutions du travail, les thématise d’une façon originale, et montre que les déterminants économiques [&hellip;]</p>

<!-- This site is optimized with the Yoast SEO plugin v27.2 - https://yoast.com/product/yoast-seo-wordpress/ -->
<title>Analyse du travail et géographie sociale - ISTE Group</title>
<meta name="description" content="Cet ouvrage synthétise des recherches en sciences humaines et sociales sur les évolutions du travail, les thématise d’une façon originale, et montre que les déterminants économiques et politiques des évolutions du travail opèrent de façon éminemment spatiale sur l’activité des personnes." />
<meta name="robots" content="index, follow, max-snippet:-1, max-image-preview:large, max-video-preview:-1" />
<link rel="canonical" href="https://www.istegroup.com/fr/produit/analyse-du-travail-et-geographie-sociale/" />
<meta property="og:locale" content="fr_FR" />
<meta property="og:type" content="article" />
<meta property="og:title" content="Analyse du travail et géographie sociale - ISTE Group" />
<meta property="og:description" content="Cet ouvrage synthétise des recherches en sciences humaines et sociales sur les évolutions du travail, les thématise d’une façon originale, et montre que les déterminants économiques et politiques des évolutions du travail opèrent de façon éminemment spatiale sur l’activité des personnes." />
<meta property="og:url" content="https://www.istegroup.com/fr/produit/analyse-du-travail-et-geographie-sociale/" />
<meta property="og:site_name" content="ISTE Group" />
<meta property="article:modified_time" content="2024-01-03T13:42:29+00:00" />
<meta property="og:image" content="https://www.istegroup.com/wp-content/uploads/2018/07/Themines_Front-scaled.jpg" />
	<meta property="og:image:width" content="1693" />
	<meta property="og:image:height" content="2560" />
	<meta property="og:image:type" content="image/jpeg" />
<meta name="twitter:card" content="summary_large_image" />
<meta name="twitter:label1" content="Est. reading time" />
	<meta name="twitter:data1" content="1 minute" />
<script type="application/ld+json" class="yoast-schema-graph">{"@context":"https://schema.org","@graph":[{"@type":"WebPage","@id":"https://www.istegroup.com/fr/produit/analyse-du-travail-et-geographie-sociale/","url":"https://www.istegroup.com/fr/produit/analyse-du-travail-et-geographie-sociale/","name":"Analyse du travail et géographie sociale - ISTE Group","isPartOf":{"@id":"https://www.istegroup.com/#website"},"primaryImageOfPage":{"@id":"https://www.istegroup.com/fr/produit/analyse-du-travail-et-geographie-sociale/#primaryimage"},"image":{"@id":"https://www.istegroup.com/fr/produit/analyse-du-travail-et-geographie-sociale/#primaryimage"},"thumbnailUrl":"https://www.istegroup.com/wp-content/uploads/2018/07/Themines_Front-scaled.jpg","datePublished":"2018-07-09T14:32:42+00:00","dateModified":"2024-01-03T13:42:29+00:00","description":"Cet ouvrage synthétise des recherches en sciences humaines et sociales sur les évolutions du travail, les thématise d’une façon originale, et montre que les déterminants économiques et politiques des évolutions du travail opèrent de façon éminemment spatiale sur l’activité des personnes.","breadcrumb":{"@id":"https://www.istegroup.com/fr/produit/analyse-du-travail-et-geographie-sociale/#breadcrumb"},"inLanguage":"fr-FR","potentialAction":[{"@type":"ReadAction","target":["https://www.istegroup.com/fr/produit/analyse-du-travail-et-geographie-sociale/"]}]},{"@type":"ImageObject","inLanguage":"fr-FR","@id":"https://www.istegroup.com/fr/produit/analyse-du-travail-et-geographie-sociale/#primaryimage","url":"https://www.istegroup.com/wp-content/uploads/2018/07/Themines_Front-scaled.jpg","contentUrl":"https://www.istegroup.com/wp-content/uploads/2018/07/Themines_Front-scaled.jpg","width":1693,"height":2560,"caption":"Des outils pour agir"},{"@type":"BreadcrumbList","@id":"https://www.istegroup.com/fr/produit/analyse-du-travail-et-geographie-sociale/#breadcrumb","itemListElement":[{"@type":"ListItem","position":1,"name":"Home","item":"https://www.istegroup.com/"},{"@type":"ListItem","position":2,"name":"Shop","item":"https://www.istegroup.com/fr/nouveautes/"},{"@type":"ListItem","position":3,"name":"Analyse du travail et géographie sociale"}]},{"@type":"WebSite","@id":"https://www.istegroup.com/#website","url":"https://www.istegroup.com/","name":"ISTE Group","description":"Éditeur des Sciences","potentialAction":[{"@type":"SearchAction","target":{"@type":"EntryPoint","urlTemplate":"https://www.istegroup.com/?s={search_term_string}"},"query-input":{"@type":"PropertyValueSpecification","valueRequired":true,"valueName":"search_term_string"}}],"inLanguage":"fr-FR"}]}</script>
<!-- / Yoast SEO plugin. -->

Analyse du travail et géographie sociale - ISTE Group

Cet ouvrage synthétise des recherches en sciences humaines et sociales sur les évolutions du travail, les thématise d’une façon originale, et montre que les déterminants économiques et politiques des évolutions du travail opèrent de façon éminemment spatiale sur l’activité des personnes.

Éditeur des Sciences
