{"id":13737,"date":"2018-07-09T15:35:11","date_gmt":"2018-07-09T13:35:11","guid":{"rendered":"https:\/\/iste.yhello.co\/?post_type=product&#038;p=13737"},"modified":"2024-01-03T13:42:29","modified_gmt":"2024-01-03T13:42:29","slug":"atlas-des-maladies-et-traumatismes-du-monde-medieval-et-moderne","status":"publish","type":"product","link":"https:\/\/www.istegroup.com\/fr\/produit\/atlas-des-maladies-et-traumatismes-du-monde-medieval-et-moderne\/","title":{"rendered":"Atlas des maladies et traumatismes du monde m\u00e9di\u00e9val et moderne"},"content":{"rendered":"<p>Le service d\u00e9partemental d\u2019arch\u00e9ologie du Val de Marne a sans cesse d\u00e9fendu, explor\u00e9, \u00e9tudi\u00e9, conserv\u00e9 et transmis \u00e0 sa population son patrimoine arch\u00e9ologique. C\u2019est dans ce territoire francilien du sud-est de Paris que des sites arch\u00e9ologiques de grande valeur ont \u00e9t\u00e9 mis en \u00e9vidence, allant du pal\u00e9olithique \u00e0 la guerre de 1870. Les vestiges squelettiques humains repr\u00e9sentent une part consid\u00e9rable du mobilier arch\u00e9ologique fouill\u00e9 et conserv\u00e9 dans les collections du service.<\/p>\n<p>Cet atlas pr\u00e9sente les l\u00e9sions retrouv\u00e9es sous forme de traces de maladie sur ces vestiges squelettiques anciens, qui nous orientent sur la maladie et son histoire, les conditions sanitaires et le mode de vie de populations villageoises proches de Paris au cours des si\u00e8cles. Certaines maladies comme la peste, la syphilis, la tuberculose, l\u2019ost\u00e9omy\u00e9lite, le rachitisme ou la polyarthrite d\u00e9voilent un nouvel angle de l\u2019environnement sanitaire du nord de la France.<\/p>\n","protected":false},"excerpt":{"rendered":"<p>Le service d\u00e9partemental d\u2019arch\u00e9ologie du Val de Marne a sans cesse d\u00e9fendu, explor\u00e9, \u00e9tudi\u00e9, conserv\u00e9 et transmis \u00e0 sa population son patrimoine arch\u00e9ologique. C\u2019est dans ce territoire francilien du sud-est de Paris que des sites arch\u00e9ologiques de grande valeur ont \u00e9t\u00e9 mis en \u00e9vidence, allant du pal\u00e9olithique \u00e0 la guerre de 1870. Les vestiges squelettiques [&hellip;]<\/p>\n","protected":false},"featured_media":13743,"template":"","meta":{"_acf_changed":false,"_links_to":"","_links_to_target":""},"product_brand":[],"product_cat":[3262],"product_tag":[],"class_list":{"0":"post-13737","1":"product","2":"type-product","3":"status-publish","4":"has-post-thumbnail","6":"product_cat-non-classe","8":"first","9":"instock","10":"shipping-taxable","11":"purchasable","12":"product-type-variable"},"acf":[],"yoast_head":"<!-- This site is optimized with the Yoast SEO plugin v27.2 - https:\/\/yoast.com\/product\/yoast-seo-wordpress\/ -->\n<title>Atlas des maladies et traumatismes du monde m\u00e9di\u00e9val et moderne - ISTE Group<\/title>\n<meta name=\"description\" content=\"Cet atlas pr\u00e9sente les l\u00e9sions retrouv\u00e9es sous forme de traces de maladie sur ces vestiges squelettiques anciens, qui nous orientent sur la maladie et son histoire, les conditions sanitaires et le mode de vie de populations villageoises proches de Paris au cours des si\u00e8cles.\" \/>\n<meta name=\"robots\" content=\"index, follow, max-snippet:-1, max-image-preview:large, max-video-preview:-1\" \/>\n<link rel=\"canonical\" href=\"https:\/\/www.istegroup.com\/fr\/produit\/atlas-des-maladies-et-traumatismes-du-monde-medieval-et-moderne\/\" \/>\n<meta property=\"og:locale\" content=\"fr_FR\" \/>\n<meta property=\"og:type\" content=\"article\" \/>\n<meta property=\"og:title\" content=\"Atlas des maladies et traumatismes du monde m\u00e9di\u00e9val et moderne - ISTE Group\" \/>\n<meta property=\"og:description\" content=\"Cet atlas pr\u00e9sente les l\u00e9sions retrouv\u00e9es sous forme de traces de maladie sur ces vestiges squelettiques anciens, qui nous orientent sur la maladie et son histoire, les conditions sanitaires et le mode de vie de populations villageoises proches de Paris au cours des si\u00e8cles.\" \/>\n<meta property=\"og:url\" content=\"https:\/\/www.istegroup.com\/fr\/produit\/atlas-des-maladies-et-traumatismes-du-monde-medieval-et-moderne\/\" \/>\n<meta property=\"og:site_name\" content=\"ISTE Group\" \/>\n<meta property=\"article:modified_time\" content=\"2024-01-03T13:42:29+00:00\" \/>\n<meta property=\"og:image\" content=\"https:\/\/www.istegroup.com\/wp-content\/uploads\/2018\/07\/Hadjouis_Front-scaled.jpg\" \/>\n\t<meta property=\"og:image:width\" content=\"1652\" \/>\n\t<meta property=\"og:image:height\" content=\"2560\" \/>\n\t<meta property=\"og:image:type\" content=\"image\/jpeg\" \/>\n<meta name=\"twitter:card\" content=\"summary_large_image\" \/>\n<meta name=\"twitter:label1\" content=\"Est. reading time\" \/>\n\t<meta name=\"twitter:data1\" content=\"1 minute\" \/>\n<script type=\"application\/ld+json\" class=\"yoast-schema-graph\">{\"@context\":\"https:\/\/schema.org\",\"@graph\":[{\"@type\":\"WebPage\",\"@id\":\"https:\/\/www.istegroup.com\/fr\/produit\/atlas-des-maladies-et-traumatismes-du-monde-medieval-et-moderne\/\",\"url\":\"https:\/\/www.istegroup.com\/fr\/produit\/atlas-des-maladies-et-traumatismes-du-monde-medieval-et-moderne\/\",\"name\":\"Atlas des maladies et traumatismes du monde m\u00e9di\u00e9val et moderne - ISTE Group\",\"isPartOf\":{\"@id\":\"https:\/\/www.istegroup.com\/#website\"},\"primaryImageOfPage\":{\"@id\":\"https:\/\/www.istegroup.com\/fr\/produit\/atlas-des-maladies-et-traumatismes-du-monde-medieval-et-moderne\/#primaryimage\"},\"image\":{\"@id\":\"https:\/\/www.istegroup.com\/fr\/produit\/atlas-des-maladies-et-traumatismes-du-monde-medieval-et-moderne\/#primaryimage\"},\"thumbnailUrl\":\"https:\/\/www.istegroup.com\/wp-content\/uploads\/2018\/07\/Hadjouis_Front-scaled.jpg\",\"datePublished\":\"2018-07-09T13:35:11+00:00\",\"dateModified\":\"2024-01-03T13:42:29+00:00\",\"description\":\"Cet atlas pr\u00e9sente les l\u00e9sions retrouv\u00e9es sous forme de traces de maladie sur ces vestiges squelettiques anciens, qui nous orientent sur la maladie et son histoire, les conditions sanitaires et le mode de vie de populations villageoises proches de Paris au cours des si\u00e8cles.\",\"breadcrumb\":{\"@id\":\"https:\/\/www.istegroup.com\/fr\/produit\/atlas-des-maladies-et-traumatismes-du-monde-medieval-et-moderne\/#breadcrumb\"},\"inLanguage\":\"fr-FR\",\"potentialAction\":[{\"@type\":\"ReadAction\",\"target\":[\"https:\/\/www.istegroup.com\/fr\/produit\/atlas-des-maladies-et-traumatismes-du-monde-medieval-et-moderne\/\"]}]},{\"@type\":\"ImageObject\",\"inLanguage\":\"fr-FR\",\"@id\":\"https:\/\/www.istegroup.com\/fr\/produit\/atlas-des-maladies-et-traumatismes-du-monde-medieval-et-moderne\/#primaryimage\",\"url\":\"https:\/\/www.istegroup.com\/wp-content\/uploads\/2018\/07\/Hadjouis_Front-scaled.jpg\",\"contentUrl\":\"https:\/\/www.istegroup.com\/wp-content\/uploads\/2018\/07\/Hadjouis_Front-scaled.jpg\",\"width\":1652,\"height\":2560,\"caption\":\"Ve si\u00e8cle-XVIIe si\u00e8cle\"},{\"@type\":\"BreadcrumbList\",\"@id\":\"https:\/\/www.istegroup.com\/fr\/produit\/atlas-des-maladies-et-traumatismes-du-monde-medieval-et-moderne\/#breadcrumb\",\"itemListElement\":[{\"@type\":\"ListItem\",\"position\":1,\"name\":\"Home\",\"item\":\"https:\/\/www.istegroup.com\/\"},{\"@type\":\"ListItem\",\"position\":2,\"name\":\"Shop\",\"item\":\"https:\/\/www.istegroup.com\/fr\/nouveautes\/\"},{\"@type\":\"ListItem\",\"position\":3,\"name\":\"Atlas des maladies et traumatismes du monde m\u00e9di\u00e9val et moderne\"}]},{\"@type\":\"WebSite\",\"@id\":\"https:\/\/www.istegroup.com\/#website\",\"url\":\"https:\/\/www.istegroup.com\/\",\"name\":\"ISTE Group\",\"description\":\"\u00c9diteur des Sciences\",\"potentialAction\":[{\"@type\":\"SearchAction\",\"target\":{\"@type\":\"EntryPoint\",\"urlTemplate\":\"https:\/\/www.istegroup.com\/?s={search_term_string}\"},\"query-input\":{\"@type\":\"PropertyValueSpecification\",\"valueRequired\":true,\"valueName\":\"search_term_string\"}}],\"inLanguage\":\"fr-FR\"}]}<\/script>\n<!-- \/ Yoast SEO plugin. -->","yoast_head_json":{"title":"Atlas des maladies et traumatismes du monde m\u00e9di\u00e9val et moderne - ISTE Group","description":"Cet atlas pr\u00e9sente les l\u00e9sions retrouv\u00e9es sous forme de traces de maladie sur ces vestiges squelettiques anciens, qui nous orientent sur la maladie et son histoire, les conditions sanitaires et le mode de vie de populations villageoises proches de Paris au cours des si\u00e8cles.","robots":{"index":"index","follow":"follow","max-snippet":"max-snippet:-1","max-image-preview":"max-image-preview:large","max-video-preview":"max-video-preview:-1"},"canonical":"https:\/\/www.istegroup.com\/fr\/produit\/atlas-des-maladies-et-traumatismes-du-monde-medieval-et-moderne\/","og_locale":"fr_FR","og_type":"article","og_title":"Atlas des maladies et traumatismes du monde m\u00e9di\u00e9val et moderne - ISTE Group","og_description":"Cet atlas pr\u00e9sente les l\u00e9sions retrouv\u00e9es sous forme de traces de maladie sur ces vestiges squelettiques anciens, qui nous orientent sur la maladie et son histoire, les conditions sanitaires et le mode de vie de populations villageoises proches de Paris au cours des si\u00e8cles.","og_url":"https:\/\/www.istegroup.com\/fr\/produit\/atlas-des-maladies-et-traumatismes-du-monde-medieval-et-moderne\/","og_site_name":"ISTE Group","article_modified_time":"2024-01-03T13:42:29+00:00","og_image":[{"width":1652,"height":2560,"url":"https:\/\/www.istegroup.com\/wp-content\/uploads\/2018\/07\/Hadjouis_Front-scaled.jpg","type":"image\/jpeg"}],"twitter_card":"summary_large_image","twitter_misc":{"Est. reading time":"1 minute"},"schema":{"@context":"https:\/\/schema.org","@graph":[{"@type":"WebPage","@id":"https:\/\/www.istegroup.com\/fr\/produit\/atlas-des-maladies-et-traumatismes-du-monde-medieval-et-moderne\/","url":"https:\/\/www.istegroup.com\/fr\/produit\/atlas-des-maladies-et-traumatismes-du-monde-medieval-et-moderne\/","name":"Atlas des maladies et traumatismes du monde m\u00e9di\u00e9val et moderne - ISTE Group","isPartOf":{"@id":"https:\/\/www.istegroup.com\/#website"},"primaryImageOfPage":{"@id":"https:\/\/www.istegroup.com\/fr\/produit\/atlas-des-maladies-et-traumatismes-du-monde-medieval-et-moderne\/#primaryimage"},"image":{"@id":"https:\/\/www.istegroup.com\/fr\/produit\/atlas-des-maladies-et-traumatismes-du-monde-medieval-et-moderne\/#primaryimage"},"thumbnailUrl":"https:\/\/www.istegroup.com\/wp-content\/uploads\/2018\/07\/Hadjouis_Front-scaled.jpg","datePublished":"2018-07-09T13:35:11+00:00","dateModified":"2024-01-03T13:42:29+00:00","description":"Cet atlas pr\u00e9sente les l\u00e9sions retrouv\u00e9es sous forme de traces de maladie sur ces vestiges squelettiques anciens, qui nous orientent sur la maladie et son histoire, les conditions sanitaires et le mode de vie de populations villageoises proches de Paris au cours des si\u00e8cles.","breadcrumb":{"@id":"https:\/\/www.istegroup.com\/fr\/produit\/atlas-des-maladies-et-traumatismes-du-monde-medieval-et-moderne\/#breadcrumb"},"inLanguage":"fr-FR","potentialAction":[{"@type":"ReadAction","target":["https:\/\/www.istegroup.com\/fr\/produit\/atlas-des-maladies-et-traumatismes-du-monde-medieval-et-moderne\/"]}]},{"@type":"ImageObject","inLanguage":"fr-FR","@id":"https:\/\/www.istegroup.com\/fr\/produit\/atlas-des-maladies-et-traumatismes-du-monde-medieval-et-moderne\/#primaryimage","url":"https:\/\/www.istegroup.com\/wp-content\/uploads\/2018\/07\/Hadjouis_Front-scaled.jpg","contentUrl":"https:\/\/www.istegroup.com\/wp-content\/uploads\/2018\/07\/Hadjouis_Front-scaled.jpg","width":1652,"height":2560,"caption":"Ve si\u00e8cle-XVIIe si\u00e8cle"},{"@type":"BreadcrumbList","@id":"https:\/\/www.istegroup.com\/fr\/produit\/atlas-des-maladies-et-traumatismes-du-monde-medieval-et-moderne\/#breadcrumb","itemListElement":[{"@type":"ListItem","position":1,"name":"Home","item":"https:\/\/www.istegroup.com\/"},{"@type":"ListItem","position":2,"name":"Shop","item":"https:\/\/www.istegroup.com\/fr\/nouveautes\/"},{"@type":"ListItem","position":3,"name":"Atlas des maladies et traumatismes du monde m\u00e9di\u00e9val et moderne"}]},{"@type":"WebSite","@id":"https:\/\/www.istegroup.com\/#website","url":"https:\/\/www.istegroup.com\/","name":"ISTE Group","description":"\u00c9diteur des Sciences","potentialAction":[{"@type":"SearchAction","target":{"@type":"EntryPoint","urlTemplate":"https:\/\/www.istegroup.com\/?s={search_term_string}"},"query-input":{"@type":"PropertyValueSpecification","valueRequired":true,"valueName":"search_term_string"}}],"inLanguage":"fr-FR"}]}},"_links":{"self":[{"href":"https:\/\/www.istegroup.com\/fr\/wp-json\/wp\/v2\/product\/13737","targetHints":{"allow":["GET"]}}],"collection":[{"href":"https:\/\/www.istegroup.com\/fr\/wp-json\/wp\/v2\/product"}],"about":[{"href":"https:\/\/www.istegroup.com\/fr\/wp-json\/wp\/v2\/types\/product"}],"wp:featuredmedia":[{"embeddable":true,"href":"https:\/\/www.istegroup.com\/fr\/wp-json\/wp\/v2\/media\/13743"}],"wp:attachment":[{"href":"https:\/\/www.istegroup.com\/fr\/wp-json\/wp\/v2\/media?parent=13737"}],"wp:term":[{"taxonomy":"product_brand","embeddable":true,"href":"https:\/\/www.istegroup.com\/fr\/wp-json\/wp\/v2\/product_brand?post=13737"},{"taxonomy":"product_cat","embeddable":true,"href":"https:\/\/www.istegroup.com\/fr\/wp-json\/wp\/v2\/product_cat?post=13737"},{"taxonomy":"product_tag","embeddable":true,"href":"https:\/\/www.istegroup.com\/fr\/wp-json\/wp\/v2\/product_tag?post=13737"}],"curies":[{"name":"wp","href":"https:\/\/api.w.org\/{rel}","templated":true}]}}

Atlas des maladies et traumatismes du monde médiéval et moderne

<p>Le service départemental d’archéologie du Val de Marne a sans cesse défendu, exploré, étudié, conservé et transmis à sa population son patrimoine archéologique. C’est dans ce territoire francilien du sud-est de Paris que des sites archéologiques de grande valeur ont été mis en évidence, allant du paléolithique à la guerre de 1870. Les vestiges squelettiques humains représentent une part considérable du mobilier archéologique fouillé et conservé dans les collections du service.</p>
<p>Cet atlas présente les lésions retrouvées sous forme de traces de maladie sur ces vestiges squelettiques anciens, qui nous orientent sur la maladie et son histoire, les conditions sanitaires et le mode de vie de populations villageoises proches de Paris au cours des siècles. Certaines maladies comme la peste, la syphilis, la tuberculose, l’ostéomyélite, le rachitisme ou la polyarthrite dévoilent un nouvel angle de l’environnement sanitaire du nord de la France.</p>

<p>Le service départemental d’archéologie du Val de Marne a sans cesse défendu, exploré, étudié, conservé et transmis à sa population son patrimoine archéologique. C’est dans ce territoire francilien du sud-est de Paris que des sites archéologiques de grande valeur ont été mis en évidence, allant du paléolithique à la guerre de 1870. Les vestiges squelettiques [&hellip;]</p>

<!-- This site is optimized with the Yoast SEO plugin v27.2 - https://yoast.com/product/yoast-seo-wordpress/ -->
<title>Atlas des maladies et traumatismes du monde médiéval et moderne - ISTE Group</title>
<meta name="description" content="Cet atlas présente les lésions retrouvées sous forme de traces de maladie sur ces vestiges squelettiques anciens, qui nous orientent sur la maladie et son histoire, les conditions sanitaires et le mode de vie de populations villageoises proches de Paris au cours des siècles." />
<meta name="robots" content="index, follow, max-snippet:-1, max-image-preview:large, max-video-preview:-1" />
<link rel="canonical" href="https://www.istegroup.com/fr/produit/atlas-des-maladies-et-traumatismes-du-monde-medieval-et-moderne/" />
<meta property="og:locale" content="fr_FR" />
<meta property="og:type" content="article" />
<meta property="og:title" content="Atlas des maladies et traumatismes du monde médiéval et moderne - ISTE Group" />
<meta property="og:description" content="Cet atlas présente les lésions retrouvées sous forme de traces de maladie sur ces vestiges squelettiques anciens, qui nous orientent sur la maladie et son histoire, les conditions sanitaires et le mode de vie de populations villageoises proches de Paris au cours des siècles." />
<meta property="og:url" content="https://www.istegroup.com/fr/produit/atlas-des-maladies-et-traumatismes-du-monde-medieval-et-moderne/" />
<meta property="og:site_name" content="ISTE Group" />
<meta property="article:modified_time" content="2024-01-03T13:42:29+00:00" />
<meta property="og:image" content="https://www.istegroup.com/wp-content/uploads/2018/07/Hadjouis_Front-scaled.jpg" />
	<meta property="og:image:width" content="1652" />
	<meta property="og:image:height" content="2560" />
	<meta property="og:image:type" content="image/jpeg" />
<meta name="twitter:card" content="summary_large_image" />
<meta name="twitter:label1" content="Est. reading time" />
	<meta name="twitter:data1" content="1 minute" />
<script type="application/ld+json" class="yoast-schema-graph">{"@context":"https://schema.org","@graph":[{"@type":"WebPage","@id":"https://www.istegroup.com/fr/produit/atlas-des-maladies-et-traumatismes-du-monde-medieval-et-moderne/","url":"https://www.istegroup.com/fr/produit/atlas-des-maladies-et-traumatismes-du-monde-medieval-et-moderne/","name":"Atlas des maladies et traumatismes du monde médiéval et moderne - ISTE Group","isPartOf":{"@id":"https://www.istegroup.com/#website"},"primaryImageOfPage":{"@id":"https://www.istegroup.com/fr/produit/atlas-des-maladies-et-traumatismes-du-monde-medieval-et-moderne/#primaryimage"},"image":{"@id":"https://www.istegroup.com/fr/produit/atlas-des-maladies-et-traumatismes-du-monde-medieval-et-moderne/#primaryimage"},"thumbnailUrl":"https://www.istegroup.com/wp-content/uploads/2018/07/Hadjouis_Front-scaled.jpg","datePublished":"2018-07-09T13:35:11+00:00","dateModified":"2024-01-03T13:42:29+00:00","description":"Cet atlas présente les lésions retrouvées sous forme de traces de maladie sur ces vestiges squelettiques anciens, qui nous orientent sur la maladie et son histoire, les conditions sanitaires et le mode de vie de populations villageoises proches de Paris au cours des siècles.","breadcrumb":{"@id":"https://www.istegroup.com/fr/produit/atlas-des-maladies-et-traumatismes-du-monde-medieval-et-moderne/#breadcrumb"},"inLanguage":"fr-FR","potentialAction":[{"@type":"ReadAction","target":["https://www.istegroup.com/fr/produit/atlas-des-maladies-et-traumatismes-du-monde-medieval-et-moderne/"]}]},{"@type":"ImageObject","inLanguage":"fr-FR","@id":"https://www.istegroup.com/fr/produit/atlas-des-maladies-et-traumatismes-du-monde-medieval-et-moderne/#primaryimage","url":"https://www.istegroup.com/wp-content/uploads/2018/07/Hadjouis_Front-scaled.jpg","contentUrl":"https://www.istegroup.com/wp-content/uploads/2018/07/Hadjouis_Front-scaled.jpg","width":1652,"height":2560,"caption":"Ve siècle-XVIIe siècle"},{"@type":"BreadcrumbList","@id":"https://www.istegroup.com/fr/produit/atlas-des-maladies-et-traumatismes-du-monde-medieval-et-moderne/#breadcrumb","itemListElement":[{"@type":"ListItem","position":1,"name":"Home","item":"https://www.istegroup.com/"},{"@type":"ListItem","position":2,"name":"Shop","item":"https://www.istegroup.com/fr/nouveautes/"},{"@type":"ListItem","position":3,"name":"Atlas des maladies et traumatismes du monde médiéval et moderne"}]},{"@type":"WebSite","@id":"https://www.istegroup.com/#website","url":"https://www.istegroup.com/","name":"ISTE Group","description":"Éditeur des Sciences","potentialAction":[{"@type":"SearchAction","target":{"@type":"EntryPoint","urlTemplate":"https://www.istegroup.com/?s={search_term_string}"},"query-input":{"@type":"PropertyValueSpecification","valueRequired":true,"valueName":"search_term_string"}}],"inLanguage":"fr-FR"}]}</script>
<!-- / Yoast SEO plugin. -->

Atlas des maladies et traumatismes du monde médiéval et moderne - ISTE Group

Cet atlas présente les lésions retrouvées sous forme de traces de maladie sur ces vestiges squelettiques anciens, qui nous orientent sur la maladie et son histoire, les conditions sanitaires et le mode de vie de populations villageoises proches de Paris au cours des siècles.

Ve siècle-XVIIe siècle

Éditeur des Sciences
