{"id":11621,"date":"2017-10-01T11:16:36","date_gmt":"2017-10-01T09:16:36","guid":{"rendered":"https:\/\/iste.yhello.co\/?post_type=product&#038;p=11621"},"modified":"2024-01-03T13:41:42","modified_gmt":"2024-01-03T13:41:42","slug":"les-fabriques-numeriques-de-lorganisation","status":"publish","type":"product","link":"https:\/\/www.istegroup.com\/fr\/produit\/les-fabriques-numeriques-de-lorganisation\/","title":{"rendered":"Les fabriques num\u00e9riques de l\u2019organisation"},"content":{"rendered":"<p><em>Les fabriques num\u00e9riques de l\u2019organisation<\/em>\u00a0d\u00e9crit l\u2019instauration de politiques num\u00e9riques organisationnelles, l\u2019\u00e9laboration de mod\u00e8les strat\u00e9giques et de dispositifs socio-techniques, l\u2019\u00e9volution mais aussi l\u2019encadrement des pratiques des salari\u00e9s, au sein de la fabrique des organisations.<\/p>\n<p>En articulant la perspective des agencements et des apports de l\u2019Actor- Network-Theory, il examine les dynamiques de formatage et de conception de scripts organisationnels, les processus de performation, les tensions internes, l\u2019action des interfaces num\u00e9riques et la fondation d\u2019une s\u00e9miopolitique.<\/p>\n<p>Prenant appui sur plusieurs analyses ethnographiques, il offre une description des processus d\u2019\u00e9laboration de ces politiques, ainsi qu\u2019une r\u00e9flexion g\u00e9n\u00e9rale sur les m\u00e9thodes et recherches permettant d\u2019\u00e9tudier ces processus.<\/p>\n<p>\u00c0 partir de nombreux cas, cet ouvrage traite du couplage entre \u00e9volutions des modes d\u2019existence au travail et politiques num\u00e9riques selon des approches techno-politiques, ethnographiques et s\u00e9miotiques. Il interroge la raison innovatrice d\u00e9velopp\u00e9e depuis les ann\u00e9es 2000 dans les milieux organisationnels et analyse les processus d\u2019innovation ainsi promus.<\/p>\n","protected":false},"excerpt":{"rendered":"<p>Les fabriques num\u00e9riques de l\u2019organisation\u00a0d\u00e9crit l\u2019instauration de politiques num\u00e9riques organisationnelles, l\u2019\u00e9laboration de mod\u00e8les strat\u00e9giques et de dispositifs socio-techniques, l\u2019\u00e9volution mais aussi l\u2019encadrement des pratiques des salari\u00e9s, au sein de la fabrique des organisations. En articulant la perspective des agencements et des apports de l\u2019Actor- Network-Theory, il examine les dynamiques de formatage et de conception de [&hellip;]<\/p>\n","protected":false},"featured_media":11627,"template":"","meta":{"_acf_changed":false,"_links_to":"","_links_to_target":""},"product_brand":[],"product_cat":[3262],"product_tag":[3600,18,20,21,22,3599,25,26,27,3598,28,3597],"class_list":{"0":"post-11621","1":"product","2":"type-product","3":"status-publish","4":"has-post-thumbnail","6":"product_cat-non-classe","7":"product_tag-agencements","8":"product_tag-edition-scientifique","9":"product_tag-editions-technique","10":"product_tag-iste-group","11":"product_tag-istegroup","12":"product_tag-les-fabriques-numeriques-de-lorganisation","13":"product_tag-livre-numerique","14":"product_tag-livre-scientifique-francais","15":"product_tag-livre-technique-francais","16":"product_tag-maryse-carmes","17":"product_tag-ouvrage-scientifique-francais","18":"product_tag-scripts-et-semiopolitiques","20":"first","21":"instock","22":"shipping-taxable","23":"purchasable","24":"product-type-variable"},"acf":[],"yoast_head":"<!-- This site is optimized with the Yoast SEO plugin v27.2 - https:\/\/yoast.com\/product\/yoast-seo-wordpress\/ -->\n<title>Les fabriques num\u00e9riques de l\u2019organisation - ISTE Group<\/title>\n<meta name=\"robots\" content=\"index, follow, max-snippet:-1, max-image-preview:large, max-video-preview:-1\" \/>\n<link rel=\"canonical\" href=\"https:\/\/www.istegroup.com\/fr\/produit\/les-fabriques-numeriques-de-lorganisation\/\" \/>\n<meta property=\"og:locale\" content=\"fr_FR\" \/>\n<meta property=\"og:type\" content=\"article\" \/>\n<meta property=\"og:title\" content=\"Les fabriques num\u00e9riques de l\u2019organisation - ISTE Group\" \/>\n<meta property=\"og:description\" content=\"Les fabriques num\u00e9riques de l\u2019organisation\u00a0d\u00e9crit l\u2019instauration de politiques num\u00e9riques organisationnelles, l\u2019\u00e9laboration de mod\u00e8les strat\u00e9giques et de dispositifs socio-techniques, l\u2019\u00e9volution mais aussi l\u2019encadrement des pratiques des salari\u00e9s, au sein de la fabrique des organisations. En articulant la perspective des agencements et des apports de l\u2019Actor- Network-Theory, il examine les dynamiques de formatage et de conception de [&hellip;]\" \/>\n<meta property=\"og:url\" content=\"https:\/\/www.istegroup.com\/fr\/produit\/les-fabriques-numeriques-de-lorganisation\/\" \/>\n<meta property=\"og:site_name\" content=\"ISTE Group\" \/>\n<meta property=\"article:modified_time\" content=\"2024-01-03T13:41:42+00:00\" \/>\n<meta property=\"og:image\" content=\"https:\/\/www.istegroup.com\/wp-content\/uploads\/2018\/03\/Carmes-Cover_Front-scaled.jpg\" \/>\n\t<meta property=\"og:image:width\" content=\"1518\" \/>\n\t<meta property=\"og:image:height\" content=\"2560\" \/>\n\t<meta property=\"og:image:type\" content=\"image\/jpeg\" \/>\n<meta name=\"twitter:card\" content=\"summary_large_image\" \/>\n<meta name=\"twitter:label1\" content=\"Est. reading time\" \/>\n\t<meta name=\"twitter:data1\" content=\"1 minute\" \/>\n<script type=\"application\/ld+json\" class=\"yoast-schema-graph\">{\"@context\":\"https:\/\/schema.org\",\"@graph\":[{\"@type\":\"WebPage\",\"@id\":\"https:\/\/www.istegroup.com\/fr\/produit\/les-fabriques-numeriques-de-lorganisation\/\",\"url\":\"https:\/\/www.istegroup.com\/fr\/produit\/les-fabriques-numeriques-de-lorganisation\/\",\"name\":\"Les fabriques num\u00e9riques de l\u2019organisation - ISTE Group\",\"isPartOf\":{\"@id\":\"https:\/\/www.istegroup.com\/#website\"},\"primaryImageOfPage\":{\"@id\":\"https:\/\/www.istegroup.com\/fr\/produit\/les-fabriques-numeriques-de-lorganisation\/#primaryimage\"},\"image\":{\"@id\":\"https:\/\/www.istegroup.com\/fr\/produit\/les-fabriques-numeriques-de-lorganisation\/#primaryimage\"},\"thumbnailUrl\":\"https:\/\/www.istegroup.com\/wp-content\/uploads\/2018\/03\/Carmes-Cover_Front-scaled.jpg\",\"datePublished\":\"2017-10-01T09:16:36+00:00\",\"dateModified\":\"2024-01-03T13:41:42+00:00\",\"breadcrumb\":{\"@id\":\"https:\/\/www.istegroup.com\/fr\/produit\/les-fabriques-numeriques-de-lorganisation\/#breadcrumb\"},\"inLanguage\":\"fr-FR\",\"potentialAction\":[{\"@type\":\"ReadAction\",\"target\":[\"https:\/\/www.istegroup.com\/fr\/produit\/les-fabriques-numeriques-de-lorganisation\/\"]}]},{\"@type\":\"ImageObject\",\"inLanguage\":\"fr-FR\",\"@id\":\"https:\/\/www.istegroup.com\/fr\/produit\/les-fabriques-numeriques-de-lorganisation\/#primaryimage\",\"url\":\"https:\/\/www.istegroup.com\/wp-content\/uploads\/2018\/03\/Carmes-Cover_Front-scaled.jpg\",\"contentUrl\":\"https:\/\/www.istegroup.com\/wp-content\/uploads\/2018\/03\/Carmes-Cover_Front-scaled.jpg\",\"width\":1518,\"height\":2560,\"caption\":\"Agencements, scripts et s\u00e9miopolitiques\"},{\"@type\":\"BreadcrumbList\",\"@id\":\"https:\/\/www.istegroup.com\/fr\/produit\/les-fabriques-numeriques-de-lorganisation\/#breadcrumb\",\"itemListElement\":[{\"@type\":\"ListItem\",\"position\":1,\"name\":\"Home\",\"item\":\"https:\/\/www.istegroup.com\/\"},{\"@type\":\"ListItem\",\"position\":2,\"name\":\"Shop\",\"item\":\"https:\/\/www.istegroup.com\/fr\/nouveautes\/\"},{\"@type\":\"ListItem\",\"position\":3,\"name\":\"Les fabriques num\u00e9riques de l\u2019organisation\"}]},{\"@type\":\"WebSite\",\"@id\":\"https:\/\/www.istegroup.com\/#website\",\"url\":\"https:\/\/www.istegroup.com\/\",\"name\":\"ISTE Group\",\"description\":\"\u00c9diteur des Sciences\",\"potentialAction\":[{\"@type\":\"SearchAction\",\"target\":{\"@type\":\"EntryPoint\",\"urlTemplate\":\"https:\/\/www.istegroup.com\/?s={search_term_string}\"},\"query-input\":{\"@type\":\"PropertyValueSpecification\",\"valueRequired\":true,\"valueName\":\"search_term_string\"}}],\"inLanguage\":\"fr-FR\"}]}<\/script>\n<!-- \/ Yoast SEO plugin. -->","yoast_head_json":{"title":"Les fabriques num\u00e9riques de l\u2019organisation - ISTE Group","robots":{"index":"index","follow":"follow","max-snippet":"max-snippet:-1","max-image-preview":"max-image-preview:large","max-video-preview":"max-video-preview:-1"},"canonical":"https:\/\/www.istegroup.com\/fr\/produit\/les-fabriques-numeriques-de-lorganisation\/","og_locale":"fr_FR","og_type":"article","og_title":"Les fabriques num\u00e9riques de l\u2019organisation - ISTE Group","og_description":"Les fabriques num\u00e9riques de l\u2019organisation\u00a0d\u00e9crit l\u2019instauration de politiques num\u00e9riques organisationnelles, l\u2019\u00e9laboration de mod\u00e8les strat\u00e9giques et de dispositifs socio-techniques, l\u2019\u00e9volution mais aussi l\u2019encadrement des pratiques des salari\u00e9s, au sein de la fabrique des organisations. En articulant la perspective des agencements et des apports de l\u2019Actor- Network-Theory, il examine les dynamiques de formatage et de conception de [&hellip;]","og_url":"https:\/\/www.istegroup.com\/fr\/produit\/les-fabriques-numeriques-de-lorganisation\/","og_site_name":"ISTE Group","article_modified_time":"2024-01-03T13:41:42+00:00","og_image":[{"width":1518,"height":2560,"url":"https:\/\/www.istegroup.com\/wp-content\/uploads\/2018\/03\/Carmes-Cover_Front-scaled.jpg","type":"image\/jpeg"}],"twitter_card":"summary_large_image","twitter_misc":{"Est. reading time":"1 minute"},"schema":{"@context":"https:\/\/schema.org","@graph":[{"@type":"WebPage","@id":"https:\/\/www.istegroup.com\/fr\/produit\/les-fabriques-numeriques-de-lorganisation\/","url":"https:\/\/www.istegroup.com\/fr\/produit\/les-fabriques-numeriques-de-lorganisation\/","name":"Les fabriques num\u00e9riques de l\u2019organisation - ISTE Group","isPartOf":{"@id":"https:\/\/www.istegroup.com\/#website"},"primaryImageOfPage":{"@id":"https:\/\/www.istegroup.com\/fr\/produit\/les-fabriques-numeriques-de-lorganisation\/#primaryimage"},"image":{"@id":"https:\/\/www.istegroup.com\/fr\/produit\/les-fabriques-numeriques-de-lorganisation\/#primaryimage"},"thumbnailUrl":"https:\/\/www.istegroup.com\/wp-content\/uploads\/2018\/03\/Carmes-Cover_Front-scaled.jpg","datePublished":"2017-10-01T09:16:36+00:00","dateModified":"2024-01-03T13:41:42+00:00","breadcrumb":{"@id":"https:\/\/www.istegroup.com\/fr\/produit\/les-fabriques-numeriques-de-lorganisation\/#breadcrumb"},"inLanguage":"fr-FR","potentialAction":[{"@type":"ReadAction","target":["https:\/\/www.istegroup.com\/fr\/produit\/les-fabriques-numeriques-de-lorganisation\/"]}]},{"@type":"ImageObject","inLanguage":"fr-FR","@id":"https:\/\/www.istegroup.com\/fr\/produit\/les-fabriques-numeriques-de-lorganisation\/#primaryimage","url":"https:\/\/www.istegroup.com\/wp-content\/uploads\/2018\/03\/Carmes-Cover_Front-scaled.jpg","contentUrl":"https:\/\/www.istegroup.com\/wp-content\/uploads\/2018\/03\/Carmes-Cover_Front-scaled.jpg","width":1518,"height":2560,"caption":"Agencements, scripts et s\u00e9miopolitiques"},{"@type":"BreadcrumbList","@id":"https:\/\/www.istegroup.com\/fr\/produit\/les-fabriques-numeriques-de-lorganisation\/#breadcrumb","itemListElement":[{"@type":"ListItem","position":1,"name":"Home","item":"https:\/\/www.istegroup.com\/"},{"@type":"ListItem","position":2,"name":"Shop","item":"https:\/\/www.istegroup.com\/fr\/nouveautes\/"},{"@type":"ListItem","position":3,"name":"Les fabriques num\u00e9riques de l\u2019organisation"}]},{"@type":"WebSite","@id":"https:\/\/www.istegroup.com\/#website","url":"https:\/\/www.istegroup.com\/","name":"ISTE Group","description":"\u00c9diteur des Sciences","potentialAction":[{"@type":"SearchAction","target":{"@type":"EntryPoint","urlTemplate":"https:\/\/www.istegroup.com\/?s={search_term_string}"},"query-input":{"@type":"PropertyValueSpecification","valueRequired":true,"valueName":"search_term_string"}}],"inLanguage":"fr-FR"}]}},"_links":{"self":[{"href":"https:\/\/www.istegroup.com\/fr\/wp-json\/wp\/v2\/product\/11621","targetHints":{"allow":["GET"]}}],"collection":[{"href":"https:\/\/www.istegroup.com\/fr\/wp-json\/wp\/v2\/product"}],"about":[{"href":"https:\/\/www.istegroup.com\/fr\/wp-json\/wp\/v2\/types\/product"}],"wp:featuredmedia":[{"embeddable":true,"href":"https:\/\/www.istegroup.com\/fr\/wp-json\/wp\/v2\/media\/11627"}],"wp:attachment":[{"href":"https:\/\/www.istegroup.com\/fr\/wp-json\/wp\/v2\/media?parent=11621"}],"wp:term":[{"taxonomy":"product_brand","embeddable":true,"href":"https:\/\/www.istegroup.com\/fr\/wp-json\/wp\/v2\/product_brand?post=11621"},{"taxonomy":"product_cat","embeddable":true,"href":"https:\/\/www.istegroup.com\/fr\/wp-json\/wp\/v2\/product_cat?post=11621"},{"taxonomy":"product_tag","embeddable":true,"href":"https:\/\/www.istegroup.com\/fr\/wp-json\/wp\/v2\/product_tag?post=11621"}],"curies":[{"name":"wp","href":"https:\/\/api.w.org\/{rel}","templated":true}]}}

Les fabriques numériques de l’organisation

<p><em>Les fabriques numériques de l’organisation</em> décrit l’instauration de politiques numériques organisationnelles, l’élaboration de modèles stratégiques et de dispositifs socio-techniques, l’évolution mais aussi l’encadrement des pratiques des salariés, au sein de la fabrique des organisations.</p>
<p>En articulant la perspective des agencements et des apports de l’Actor- Network-Theory, il examine les dynamiques de formatage et de conception de scripts organisationnels, les processus de performation, les tensions internes, l’action des interfaces numériques et la fondation d’une sémiopolitique.</p>
<p>Prenant appui sur plusieurs analyses ethnographiques, il offre une description des processus d’élaboration de ces politiques, ainsi qu’une réflexion générale sur les méthodes et recherches permettant d’étudier ces processus.</p>
<p>À partir de nombreux cas, cet ouvrage traite du couplage entre évolutions des modes d’existence au travail et politiques numériques selon des approches techno-politiques, ethnographiques et sémiotiques. Il interroge la raison innovatrice développée depuis les années 2000 dans les milieux organisationnels et analyse les processus d’innovation ainsi promus.</p>

<p>Les fabriques numériques de l’organisation décrit l’instauration de politiques numériques organisationnelles, l’élaboration de modèles stratégiques et de dispositifs socio-techniques, l’évolution mais aussi l’encadrement des pratiques des salariés, au sein de la fabrique des organisations. En articulant la perspective des agencements et des apports de l’Actor- Network-Theory, il examine les dynamiques de formatage et de conception de [&hellip;]</p>

<!-- This site is optimized with the Yoast SEO plugin v27.2 - https://yoast.com/product/yoast-seo-wordpress/ -->
<title>Les fabriques numériques de l’organisation - ISTE Group</title>
<meta name="robots" content="index, follow, max-snippet:-1, max-image-preview:large, max-video-preview:-1" />
<link rel="canonical" href="https://www.istegroup.com/fr/produit/les-fabriques-numeriques-de-lorganisation/" />
<meta property="og:locale" content="fr_FR" />
<meta property="og:type" content="article" />
<meta property="og:title" content="Les fabriques numériques de l’organisation - ISTE Group" />
<meta property="og:description" content="Les fabriques numériques de l’organisation décrit l’instauration de politiques numériques organisationnelles, l’élaboration de modèles stratégiques et de dispositifs socio-techniques, l’évolution mais aussi l’encadrement des pratiques des salariés, au sein de la fabrique des organisations. En articulant la perspective des agencements et des apports de l’Actor- Network-Theory, il examine les dynamiques de formatage et de conception de [&hellip;]" />
<meta property="og:url" content="https://www.istegroup.com/fr/produit/les-fabriques-numeriques-de-lorganisation/" />
<meta property="og:site_name" content="ISTE Group" />
<meta property="article:modified_time" content="2024-01-03T13:41:42+00:00" />
<meta property="og:image" content="https://www.istegroup.com/wp-content/uploads/2018/03/Carmes-Cover_Front-scaled.jpg" />
	<meta property="og:image:width" content="1518" />
	<meta property="og:image:height" content="2560" />
	<meta property="og:image:type" content="image/jpeg" />
<meta name="twitter:card" content="summary_large_image" />
<meta name="twitter:label1" content="Est. reading time" />
	<meta name="twitter:data1" content="1 minute" />
<script type="application/ld+json" class="yoast-schema-graph">{"@context":"https://schema.org","@graph":[{"@type":"WebPage","@id":"https://www.istegroup.com/fr/produit/les-fabriques-numeriques-de-lorganisation/","url":"https://www.istegroup.com/fr/produit/les-fabriques-numeriques-de-lorganisation/","name":"Les fabriques numériques de l’organisation - ISTE Group","isPartOf":{"@id":"https://www.istegroup.com/#website"},"primaryImageOfPage":{"@id":"https://www.istegroup.com/fr/produit/les-fabriques-numeriques-de-lorganisation/#primaryimage"},"image":{"@id":"https://www.istegroup.com/fr/produit/les-fabriques-numeriques-de-lorganisation/#primaryimage"},"thumbnailUrl":"https://www.istegroup.com/wp-content/uploads/2018/03/Carmes-Cover_Front-scaled.jpg","datePublished":"2017-10-01T09:16:36+00:00","dateModified":"2024-01-03T13:41:42+00:00","breadcrumb":{"@id":"https://www.istegroup.com/fr/produit/les-fabriques-numeriques-de-lorganisation/#breadcrumb"},"inLanguage":"fr-FR","potentialAction":[{"@type":"ReadAction","target":["https://www.istegroup.com/fr/produit/les-fabriques-numeriques-de-lorganisation/"]}]},{"@type":"ImageObject","inLanguage":"fr-FR","@id":"https://www.istegroup.com/fr/produit/les-fabriques-numeriques-de-lorganisation/#primaryimage","url":"https://www.istegroup.com/wp-content/uploads/2018/03/Carmes-Cover_Front-scaled.jpg","contentUrl":"https://www.istegroup.com/wp-content/uploads/2018/03/Carmes-Cover_Front-scaled.jpg","width":1518,"height":2560,"caption":"Agencements, scripts et sémiopolitiques"},{"@type":"BreadcrumbList","@id":"https://www.istegroup.com/fr/produit/les-fabriques-numeriques-de-lorganisation/#breadcrumb","itemListElement":[{"@type":"ListItem","position":1,"name":"Home","item":"https://www.istegroup.com/"},{"@type":"ListItem","position":2,"name":"Shop","item":"https://www.istegroup.com/fr/nouveautes/"},{"@type":"ListItem","position":3,"name":"Les fabriques numériques de l’organisation"}]},{"@type":"WebSite","@id":"https://www.istegroup.com/#website","url":"https://www.istegroup.com/","name":"ISTE Group","description":"Éditeur des Sciences","potentialAction":[{"@type":"SearchAction","target":{"@type":"EntryPoint","urlTemplate":"https://www.istegroup.com/?s={search_term_string}"},"query-input":{"@type":"PropertyValueSpecification","valueRequired":true,"valueName":"search_term_string"}}],"inLanguage":"fr-FR"}]}</script>
<!-- / Yoast SEO plugin. -->

Les fabriques numériques de l’organisation - ISTE Group

Les fabriques numériques de l’organisation décrit l’instauration de politiques numériques organisationnelles, l’élaboration de modèles stratégiques et de dispositifs socio-techniques, l’évolution mais aussi l’encadrement des pratiques des salariés, au sein de la fabrique des organisations. En articulant la perspective des agencements et des apports de l’Actor- Network-Theory, il examine les dynamiques de formatage et de conception de [&hellip;]

Agencements, scripts et sémiopolitiques

Éditeur des Sciences
