{"id":61071,"date":"2025-07-23T10:09:51","date_gmt":"2025-07-23T09:09:51","guid":{"rendered":"https:\/\/www.istegroup.com\/?post_type=product&#038;p=61071"},"modified":"2025-12-15T15:14:30","modified_gmt":"2025-12-15T15:14:30","slug":"vers-une-unification-des-lois-de-la-physique-en-theorie-des-champs-classiques","status":"publish","type":"product","link":"https:\/\/www.istegroup.com\/en\/produit\/vers-une-unification-des-lois-de-la-physique-en-theorie-des-champs-classiques\/","title":{"rendered":"Vers une unification des lois de la physique en th\u00e9orie des champs classiques"},"content":{"rendered":"<p>L\u2019unification des lois de la physique, objectif de compl\u00e9tude et aspiration l\u00e9gitime, est ici entreprise \u00e0 l\u2019aide des concepts de la m\u00e9canique discr\u00e8te. Cet ouvrage \u00e9tend ces concepts \u00e0 la physique des champs classiques. Il examine et revisite les principes fondamentaux de la physique afin de d\u00e9river une loi du mouvement unifi\u00e9e, capable de mod\u00e9liser les ph\u00e9nom\u00e8nes observ\u00e9s aujourd\u2019hui d\u00e9crits par des lois disparates. Les r\u00e9f\u00e9rentiels globaux de la m\u00e9canique classique et de la relativit\u00e9 sont abandonn\u00e9s : l\u2019espace est d\u00e9fini \u00e0 partir d\u2019un r\u00e9f\u00e9rentiel local unidimensionnel, et le temps est consid\u00e9r\u00e9 comme discret. L\u2019application du principe de parcimonie \u00e0 la d\u00e9rivation de cette loi unique conduit \u00e0 \u00e9carter de nombreux concepts issus de la m\u00e9canique classique et de la relativit\u00e9, pour ne retenir que l\u2019acc\u00e9l\u00e9ration propre comme unique quantit\u00e9 absolue.<\/p>\n<p>La construction de cette loi du mouvement unifi\u00e9e ouvre la voie \u00e0 une r\u00e9solution rationnelle des ph\u00e9nom\u00e8nes relevant de la m\u00e9canique, de la relativit\u00e9 restreinte et g\u00e9n\u00e9rale, de l\u2019\u00e9lectromagn\u00e9tisme et, plus largement, de la physique dans son ensemble.<\/p>\n","protected":false},"excerpt":{"rendered":"<p>L\u2019unification des lois de la physique, objectif de compl\u00e9tude et aspiration l\u00e9gitime, est ici entreprise \u00e0 l\u2019aide des concepts de la m\u00e9canique discr\u00e8te. Cet ouvrage \u00e9tend ces concepts \u00e0 la physique des champs classiques. Il examine et revisite les principes fondamentaux de la physique afin de d\u00e9river une loi du mouvement unifi\u00e9e, capable de mod\u00e9liser [&hellip;]<\/p>\n","protected":false},"featured_media":61078,"template":"","meta":{"_acf_changed":false,"_links_to":"","_links_to_target":""},"product_brand":[],"product_cat":[3262],"product_tag":[],"class_list":{"0":"post-61071","1":"product","2":"type-product","3":"status-publish","4":"has-post-thumbnail","6":"product_cat-non-classe","8":"first","9":"instock","10":"shipping-taxable","11":"purchasable","12":"product-type-variable"},"acf":[],"yoast_head":"<!-- This site is optimized with the Yoast SEO plugin v27.2 - https:\/\/yoast.com\/product\/yoast-seo-wordpress\/ -->\n<title>Vers une unification des lois de la physique en th\u00e9orie des champs classiques - ISTE Group<\/title>\n<meta name=\"description\" content=\"L\u2019unification des lois de la physique, objectif de compl\u00e9tude et aspiration l\u00e9gitime, est ici entreprise \u00e0 l\u2019aide des concepts de la m\u00e9canique discr\u00e8te. Cet ouvrage \u00e9tend ces concepts \u00e0 la physique des champs classiques.\" \/>\n<meta name=\"robots\" content=\"index, follow, max-snippet:-1, max-image-preview:large, max-video-preview:-1\" \/>\n<link rel=\"canonical\" href=\"https:\/\/www.istegroup.com\/produit\/vers-une-unification-des-lois-de-la-physique-en-theorie-des-champs-classiques\/\" \/>\n<meta property=\"og:locale\" content=\"en_US\" \/>\n<meta property=\"og:type\" content=\"article\" \/>\n<meta property=\"og:title\" content=\"Vers une unification des lois de la physique en th\u00e9orie des champs classiques - ISTE Group\" \/>\n<meta property=\"og:description\" content=\"L\u2019unification des lois de la physique, objectif de compl\u00e9tude et aspiration l\u00e9gitime, est ici entreprise \u00e0 l\u2019aide des concepts de la m\u00e9canique discr\u00e8te. Cet ouvrage \u00e9tend ces concepts \u00e0 la physique des champs classiques.\" \/>\n<meta property=\"og:url\" content=\"https:\/\/www.istegroup.com\/produit\/vers-une-unification-des-lois-de-la-physique-en-theorie-des-champs-classiques\/\" \/>\n<meta property=\"og:site_name\" content=\"ISTE Group\" \/>\n<meta property=\"article:modified_time\" content=\"2025-12-15T15:14:30+00:00\" \/>\n<meta property=\"og:image\" content=\"https:\/\/www.istegroup.com\/wp-content\/uploads\/2025\/07\/Vers-une-unification-des-lois-de-la-physique-en-theorie-des-champs-classiques_front.jpg\" \/>\n\t<meta property=\"og:image:width\" content=\"554\" \/>\n\t<meta property=\"og:image:height\" content=\"835\" \/>\n\t<meta property=\"og:image:type\" content=\"image\/jpeg\" \/>\n<meta name=\"twitter:card\" content=\"summary_large_image\" \/>\n<meta name=\"twitter:label1\" content=\"Est. reading time\" \/>\n\t<meta name=\"twitter:data1\" content=\"2 minutes\" \/>\n<script type=\"application\/ld+json\" class=\"yoast-schema-graph\">{\"@context\":\"https:\/\/schema.org\",\"@graph\":[{\"@type\":\"WebPage\",\"@id\":\"https:\/\/www.istegroup.com\/produit\/vers-une-unification-des-lois-de-la-physique-en-theorie-des-champs-classiques\/\",\"url\":\"https:\/\/www.istegroup.com\/produit\/vers-une-unification-des-lois-de-la-physique-en-theorie-des-champs-classiques\/\",\"name\":\"Vers une unification des lois de la physique en th\u00e9orie des champs classiques - ISTE Group\",\"isPartOf\":{\"@id\":\"https:\/\/www.istegroup.com\/#website\"},\"primaryImageOfPage\":{\"@id\":\"https:\/\/www.istegroup.com\/produit\/vers-une-unification-des-lois-de-la-physique-en-theorie-des-champs-classiques\/#primaryimage\"},\"image\":{\"@id\":\"https:\/\/www.istegroup.com\/produit\/vers-une-unification-des-lois-de-la-physique-en-theorie-des-champs-classiques\/#primaryimage\"},\"thumbnailUrl\":\"https:\/\/www.istegroup.com\/wp-content\/uploads\/2025\/07\/Vers-une-unification-des-lois-de-la-physique-en-theorie-des-champs-classiques_front.jpg\",\"datePublished\":\"2025-07-23T09:09:51+00:00\",\"dateModified\":\"2025-12-15T15:14:30+00:00\",\"description\":\"L\u2019unification des lois de la physique, objectif de compl\u00e9tude et aspiration l\u00e9gitime, est ici entreprise \u00e0 l\u2019aide des concepts de la m\u00e9canique discr\u00e8te. Cet ouvrage \u00e9tend ces concepts \u00e0 la physique des champs classiques.\",\"breadcrumb\":{\"@id\":\"https:\/\/www.istegroup.com\/produit\/vers-une-unification-des-lois-de-la-physique-en-theorie-des-champs-classiques\/#breadcrumb\"},\"inLanguage\":\"en-US\",\"potentialAction\":[{\"@type\":\"ReadAction\",\"target\":[\"https:\/\/www.istegroup.com\/produit\/vers-une-unification-des-lois-de-la-physique-en-theorie-des-champs-classiques\/\"]}]},{\"@type\":\"ImageObject\",\"inLanguage\":\"en-US\",\"@id\":\"https:\/\/www.istegroup.com\/produit\/vers-une-unification-des-lois-de-la-physique-en-theorie-des-champs-classiques\/#primaryimage\",\"url\":\"https:\/\/www.istegroup.com\/wp-content\/uploads\/2025\/07\/Vers-une-unification-des-lois-de-la-physique-en-theorie-des-champs-classiques_front.jpg\",\"contentUrl\":\"https:\/\/www.istegroup.com\/wp-content\/uploads\/2025\/07\/Vers-une-unification-des-lois-de-la-physique-en-theorie-des-champs-classiques_front.jpg\",\"width\":554,\"height\":835},{\"@type\":\"BreadcrumbList\",\"@id\":\"https:\/\/www.istegroup.com\/produit\/vers-une-unification-des-lois-de-la-physique-en-theorie-des-champs-classiques\/#breadcrumb\",\"itemListElement\":[{\"@type\":\"ListItem\",\"position\":1,\"name\":\"Home\",\"item\":\"https:\/\/www.istegroup.com\/\"},{\"@type\":\"ListItem\",\"position\":2,\"name\":\"Shop\",\"item\":\"https:\/\/www.istegroup.com\/fr\/nouveautes\/\"},{\"@type\":\"ListItem\",\"position\":3,\"name\":\"Vers une unification des lois de la physique en th\u00e9orie des champs classiques\"}]},{\"@type\":\"WebSite\",\"@id\":\"https:\/\/www.istegroup.com\/#website\",\"url\":\"https:\/\/www.istegroup.com\/\",\"name\":\"ISTE Group\",\"description\":\"Publishing Knowledge\",\"potentialAction\":[{\"@type\":\"SearchAction\",\"target\":{\"@type\":\"EntryPoint\",\"urlTemplate\":\"https:\/\/www.istegroup.com\/?s={search_term_string}\"},\"query-input\":{\"@type\":\"PropertyValueSpecification\",\"valueRequired\":true,\"valueName\":\"search_term_string\"}}],\"inLanguage\":\"en-US\"}]}<\/script>\n<!-- \/ Yoast SEO plugin. -->","yoast_head_json":{"title":"Vers une unification des lois de la physique en th\u00e9orie des champs classiques - ISTE Group","description":"L\u2019unification des lois de la physique, objectif de compl\u00e9tude et aspiration l\u00e9gitime, est ici entreprise \u00e0 l\u2019aide des concepts de la m\u00e9canique discr\u00e8te. Cet ouvrage \u00e9tend ces concepts \u00e0 la physique des champs classiques.","robots":{"index":"index","follow":"follow","max-snippet":"max-snippet:-1","max-image-preview":"max-image-preview:large","max-video-preview":"max-video-preview:-1"},"canonical":"https:\/\/www.istegroup.com\/produit\/vers-une-unification-des-lois-de-la-physique-en-theorie-des-champs-classiques\/","og_locale":"en_US","og_type":"article","og_title":"Vers une unification des lois de la physique en th\u00e9orie des champs classiques - ISTE Group","og_description":"L\u2019unification des lois de la physique, objectif de compl\u00e9tude et aspiration l\u00e9gitime, est ici entreprise \u00e0 l\u2019aide des concepts de la m\u00e9canique discr\u00e8te. Cet ouvrage \u00e9tend ces concepts \u00e0 la physique des champs classiques.","og_url":"https:\/\/www.istegroup.com\/produit\/vers-une-unification-des-lois-de-la-physique-en-theorie-des-champs-classiques\/","og_site_name":"ISTE Group","article_modified_time":"2025-12-15T15:14:30+00:00","og_image":[{"width":554,"height":835,"url":"https:\/\/www.istegroup.com\/wp-content\/uploads\/2025\/07\/Vers-une-unification-des-lois-de-la-physique-en-theorie-des-champs-classiques_front.jpg","type":"image\/jpeg"}],"twitter_card":"summary_large_image","twitter_misc":{"Est. reading time":"2 minutes"},"schema":{"@context":"https:\/\/schema.org","@graph":[{"@type":"WebPage","@id":"https:\/\/www.istegroup.com\/produit\/vers-une-unification-des-lois-de-la-physique-en-theorie-des-champs-classiques\/","url":"https:\/\/www.istegroup.com\/produit\/vers-une-unification-des-lois-de-la-physique-en-theorie-des-champs-classiques\/","name":"Vers une unification des lois de la physique en th\u00e9orie des champs classiques - ISTE Group","isPartOf":{"@id":"https:\/\/www.istegroup.com\/#website"},"primaryImageOfPage":{"@id":"https:\/\/www.istegroup.com\/produit\/vers-une-unification-des-lois-de-la-physique-en-theorie-des-champs-classiques\/#primaryimage"},"image":{"@id":"https:\/\/www.istegroup.com\/produit\/vers-une-unification-des-lois-de-la-physique-en-theorie-des-champs-classiques\/#primaryimage"},"thumbnailUrl":"https:\/\/www.istegroup.com\/wp-content\/uploads\/2025\/07\/Vers-une-unification-des-lois-de-la-physique-en-theorie-des-champs-classiques_front.jpg","datePublished":"2025-07-23T09:09:51+00:00","dateModified":"2025-12-15T15:14:30+00:00","description":"L\u2019unification des lois de la physique, objectif de compl\u00e9tude et aspiration l\u00e9gitime, est ici entreprise \u00e0 l\u2019aide des concepts de la m\u00e9canique discr\u00e8te. Cet ouvrage \u00e9tend ces concepts \u00e0 la physique des champs classiques.","breadcrumb":{"@id":"https:\/\/www.istegroup.com\/produit\/vers-une-unification-des-lois-de-la-physique-en-theorie-des-champs-classiques\/#breadcrumb"},"inLanguage":"en-US","potentialAction":[{"@type":"ReadAction","target":["https:\/\/www.istegroup.com\/produit\/vers-une-unification-des-lois-de-la-physique-en-theorie-des-champs-classiques\/"]}]},{"@type":"ImageObject","inLanguage":"en-US","@id":"https:\/\/www.istegroup.com\/produit\/vers-une-unification-des-lois-de-la-physique-en-theorie-des-champs-classiques\/#primaryimage","url":"https:\/\/www.istegroup.com\/wp-content\/uploads\/2025\/07\/Vers-une-unification-des-lois-de-la-physique-en-theorie-des-champs-classiques_front.jpg","contentUrl":"https:\/\/www.istegroup.com\/wp-content\/uploads\/2025\/07\/Vers-une-unification-des-lois-de-la-physique-en-theorie-des-champs-classiques_front.jpg","width":554,"height":835},{"@type":"BreadcrumbList","@id":"https:\/\/www.istegroup.com\/produit\/vers-une-unification-des-lois-de-la-physique-en-theorie-des-champs-classiques\/#breadcrumb","itemListElement":[{"@type":"ListItem","position":1,"name":"Home","item":"https:\/\/www.istegroup.com\/"},{"@type":"ListItem","position":2,"name":"Shop","item":"https:\/\/www.istegroup.com\/fr\/nouveautes\/"},{"@type":"ListItem","position":3,"name":"Vers une unification des lois de la physique en th\u00e9orie des champs classiques"}]},{"@type":"WebSite","@id":"https:\/\/www.istegroup.com\/#website","url":"https:\/\/www.istegroup.com\/","name":"ISTE Group","description":"Publishing Knowledge","potentialAction":[{"@type":"SearchAction","target":{"@type":"EntryPoint","urlTemplate":"https:\/\/www.istegroup.com\/?s={search_term_string}"},"query-input":{"@type":"PropertyValueSpecification","valueRequired":true,"valueName":"search_term_string"}}],"inLanguage":"en-US"}]}},"_links":{"self":[{"href":"https:\/\/www.istegroup.com\/en\/wp-json\/wp\/v2\/product\/61071","targetHints":{"allow":["GET"]}}],"collection":[{"href":"https:\/\/www.istegroup.com\/en\/wp-json\/wp\/v2\/product"}],"about":[{"href":"https:\/\/www.istegroup.com\/en\/wp-json\/wp\/v2\/types\/product"}],"wp:featuredmedia":[{"embeddable":true,"href":"https:\/\/www.istegroup.com\/en\/wp-json\/wp\/v2\/media\/61078"}],"wp:attachment":[{"href":"https:\/\/www.istegroup.com\/en\/wp-json\/wp\/v2\/media?parent=61071"}],"wp:term":[{"taxonomy":"product_brand","embeddable":true,"href":"https:\/\/www.istegroup.com\/en\/wp-json\/wp\/v2\/product_brand?post=61071"},{"taxonomy":"product_cat","embeddable":true,"href":"https:\/\/www.istegroup.com\/en\/wp-json\/wp\/v2\/product_cat?post=61071"},{"taxonomy":"product_tag","embeddable":true,"href":"https:\/\/www.istegroup.com\/en\/wp-json\/wp\/v2\/product_tag?post=61071"}],"curies":[{"name":"wp","href":"https:\/\/api.w.org\/{rel}","templated":true}]}}

Vers une unification des lois de la physique en théorie des champs classiques

<p>L’unification des lois de la physique, objectif de complétude et aspiration légitime, est ici entreprise à l’aide des concepts de la mécanique discrète. Cet ouvrage étend ces concepts à la physique des champs classiques. Il examine et revisite les principes fondamentaux de la physique afin de dériver une loi du mouvement unifiée, capable de modéliser les phénomènes observés aujourd’hui décrits par des lois disparates. Les référentiels globaux de la mécanique classique et de la relativité sont abandonnés : l’espace est défini à partir d’un référentiel local unidimensionnel, et le temps est considéré comme discret. L’application du principe de parcimonie à la dérivation de cette loi unique conduit à écarter de nombreux concepts issus de la mécanique classique et de la relativité, pour ne retenir que l’accélération propre comme unique quantité absolue.</p>
<p>La construction de cette loi du mouvement unifiée ouvre la voie à une résolution rationnelle des phénomènes relevant de la mécanique, de la relativité restreinte et générale, de l’électromagnétisme et, plus largement, de la physique dans son ensemble.</p>

<p>L’unification des lois de la physique, objectif de complétude et aspiration légitime, est ici entreprise à l’aide des concepts de la mécanique discrète. Cet ouvrage étend ces concepts à la physique des champs classiques. Il examine et revisite les principes fondamentaux de la physique afin de dériver une loi du mouvement unifiée, capable de modéliser [&hellip;]</p>

<!-- This site is optimized with the Yoast SEO plugin v27.2 - https://yoast.com/product/yoast-seo-wordpress/ -->
<title>Vers une unification des lois de la physique en théorie des champs classiques - ISTE Group</title>
<meta name="description" content="L’unification des lois de la physique, objectif de complétude et aspiration légitime, est ici entreprise à l’aide des concepts de la mécanique discrète. Cet ouvrage étend ces concepts à la physique des champs classiques." />
<meta name="robots" content="index, follow, max-snippet:-1, max-image-preview:large, max-video-preview:-1" />
<link rel="canonical" href="https://www.istegroup.com/produit/vers-une-unification-des-lois-de-la-physique-en-theorie-des-champs-classiques/" />
<meta property="og:locale" content="en_US" />
<meta property="og:type" content="article" />
<meta property="og:title" content="Vers une unification des lois de la physique en théorie des champs classiques - ISTE Group" />
<meta property="og:description" content="L’unification des lois de la physique, objectif de complétude et aspiration légitime, est ici entreprise à l’aide des concepts de la mécanique discrète. Cet ouvrage étend ces concepts à la physique des champs classiques." />
<meta property="og:url" content="https://www.istegroup.com/produit/vers-une-unification-des-lois-de-la-physique-en-theorie-des-champs-classiques/" />
<meta property="og:site_name" content="ISTE Group" />
<meta property="article:modified_time" content="2025-12-15T15:14:30+00:00" />
<meta property="og:image" content="https://www.istegroup.com/wp-content/uploads/2025/07/Vers-une-unification-des-lois-de-la-physique-en-theorie-des-champs-classiques_front.jpg" />
	<meta property="og:image:width" content="554" />
	<meta property="og:image:height" content="835" />
	<meta property="og:image:type" content="image/jpeg" />
<meta name="twitter:card" content="summary_large_image" />
<meta name="twitter:label1" content="Est. reading time" />
	<meta name="twitter:data1" content="2 minutes" />
<script type="application/ld+json" class="yoast-schema-graph">{"@context":"https://schema.org","@graph":[{"@type":"WebPage","@id":"https://www.istegroup.com/produit/vers-une-unification-des-lois-de-la-physique-en-theorie-des-champs-classiques/","url":"https://www.istegroup.com/produit/vers-une-unification-des-lois-de-la-physique-en-theorie-des-champs-classiques/","name":"Vers une unification des lois de la physique en théorie des champs classiques - ISTE Group","isPartOf":{"@id":"https://www.istegroup.com/#website"},"primaryImageOfPage":{"@id":"https://www.istegroup.com/produit/vers-une-unification-des-lois-de-la-physique-en-theorie-des-champs-classiques/#primaryimage"},"image":{"@id":"https://www.istegroup.com/produit/vers-une-unification-des-lois-de-la-physique-en-theorie-des-champs-classiques/#primaryimage"},"thumbnailUrl":"https://www.istegroup.com/wp-content/uploads/2025/07/Vers-une-unification-des-lois-de-la-physique-en-theorie-des-champs-classiques_front.jpg","datePublished":"2025-07-23T09:09:51+00:00","dateModified":"2025-12-15T15:14:30+00:00","description":"L’unification des lois de la physique, objectif de complétude et aspiration légitime, est ici entreprise à l’aide des concepts de la mécanique discrète. Cet ouvrage étend ces concepts à la physique des champs classiques.","breadcrumb":{"@id":"https://www.istegroup.com/produit/vers-une-unification-des-lois-de-la-physique-en-theorie-des-champs-classiques/#breadcrumb"},"inLanguage":"en-US","potentialAction":[{"@type":"ReadAction","target":["https://www.istegroup.com/produit/vers-une-unification-des-lois-de-la-physique-en-theorie-des-champs-classiques/"]}]},{"@type":"ImageObject","inLanguage":"en-US","@id":"https://www.istegroup.com/produit/vers-une-unification-des-lois-de-la-physique-en-theorie-des-champs-classiques/#primaryimage","url":"https://www.istegroup.com/wp-content/uploads/2025/07/Vers-une-unification-des-lois-de-la-physique-en-theorie-des-champs-classiques_front.jpg","contentUrl":"https://www.istegroup.com/wp-content/uploads/2025/07/Vers-une-unification-des-lois-de-la-physique-en-theorie-des-champs-classiques_front.jpg","width":554,"height":835},{"@type":"BreadcrumbList","@id":"https://www.istegroup.com/produit/vers-une-unification-des-lois-de-la-physique-en-theorie-des-champs-classiques/#breadcrumb","itemListElement":[{"@type":"ListItem","position":1,"name":"Home","item":"https://www.istegroup.com/"},{"@type":"ListItem","position":2,"name":"Shop","item":"https://www.istegroup.com/fr/nouveautes/"},{"@type":"ListItem","position":3,"name":"Vers une unification des lois de la physique en théorie des champs classiques"}]},{"@type":"WebSite","@id":"https://www.istegroup.com/#website","url":"https://www.istegroup.com/","name":"ISTE Group","description":"Publishing Knowledge","potentialAction":[{"@type":"SearchAction","target":{"@type":"EntryPoint","urlTemplate":"https://www.istegroup.com/?s={search_term_string}"},"query-input":{"@type":"PropertyValueSpecification","valueRequired":true,"valueName":"search_term_string"}}],"inLanguage":"en-US"}]}</script>
<!-- / Yoast SEO plugin. -->

Vers une unification des lois de la physique en théorie des champs classiques - ISTE Group

L’unification des lois de la physique, objectif de complétude et aspiration légitime, est ici entreprise à l’aide des concepts de la mécanique discrète. Cet ouvrage étend ces concepts à la physique des champs classiques.
