{"id":583,"date":"2017-07-28T15:17:30","date_gmt":"2017-07-28T13:17:30","guid":{"rendered":"https:\/\/iste.yhello.co\/product\/sensible-et-communication\/"},"modified":"2024-01-03T13:40:58","modified_gmt":"2024-01-03T13:40:58","slug":"sensible-et-communication","status":"publish","type":"product","link":"https:\/\/www.istegroup.com\/en\/produit\/sensible-et-communication\/","title":{"rendered":"Sensible et communication"},"content":{"rendered":"<p>Les sensations prennent sens sur le fond identitaire du rapport \u00e0 soi et aux autres. Du symbolique au sensoriel, l\u2019inscription sociale et culturelle des situations de communication (normes, rites, codes, processus culturalis\u00e9s) contribue \u00e0 pr\u00e9figurer un monde de sensations et d\u2019\u00e9motions \u00e0 partir d\u2019images et de valeurs pr\u00e9existantes.<\/p>\n<p>Chacun se repr\u00e9sente ais\u00e9ment la vie sensible, sa r\u00e9alit\u00e9, son imaginaire, mais tout se complique d\u00e8s qu\u2019il faut d\u00e9finir en propre le sensible. Terme difficilement traduisible qui compose avec le sensoriel, le discours, les formes, comme avec les mots, les moments ou les \u00e9motions.<\/p>\n<p>Le sensible marque le passage de l\u2019incantation \u00e0 l\u2019incarnation, du discours et des effets de langage \u00e0 la mise en forme, en sc\u00e8ne, en acte, de la communication. Cet ouvrage propose de mettre cette approche \u00e0 l\u2019\u00e9preuve, \u00e0 travers des valeurs, des discours, des univers d\u2019exp\u00e9rience qui, sous l\u2019attrait du sensible et de son pouvoir de figurativit\u00e9, donnent vie et \u00e2me \u00e0 la communication.<\/p>\n","protected":false},"excerpt":{"rendered":"<p>Les sensations prennent sens sur le fond identitaire du rapport \u00e0 soi et aux autres. Du symbolique au sensoriel, l\u2019inscription sociale et culturelle des situations de communication (normes, rites, codes, processus culturalis\u00e9s) contribue \u00e0 pr\u00e9figurer un monde de sensations et d\u2019\u00e9motions \u00e0 partir d\u2019images et de valeurs pr\u00e9existantes. Chacun se repr\u00e9sente ais\u00e9ment la vie sensible, [&hellip;]<\/p>\n","protected":false},"featured_media":584,"template":"","meta":{"_acf_changed":false,"_links_to":"","_links_to_target":""},"product_brand":[],"product_cat":[682],"product_tag":[2234,170,2235,2236,31,196,2246,2237,197,198,199,21,200,22,2238,201,203,204,63,25,172,209,212,38,192,145,28,2239,2240,2241,2242,2243,2244,2245],"class_list":{"0":"post-583","1":"product","2":"type-product","3":"status-publish","4":"has-post-thumbnail","6":"product_cat-sciences-cognitives-12506546","7":"product_tag-cognitif","8":"product_tag-communication","9":"product_tag-culturelle","10":"product_tag-du-cognitif-au-symbolique","11":"product_tag-ebook","12":"product_tag-ebooks","13":"product_tag-emotions","14":"product_tag-imaginaire","15":"product_tag-iste","16":"product_tag-iste-edition","17":"product_tag-iste-editions","18":"product_tag-iste-group","19":"product_tag-isteedition","20":"product_tag-istegroup","21":"product_tag-jean-jacques-boutaud","22":"product_tag-kindle","23":"product_tag-liseuse","24":"product_tag-livre","25":"product_tag-livre-electronique","26":"product_tag-livre-numerique","27":"product_tag-livre-scientifique","28":"product_tag-livres-scientifiques","29":"product_tag-ouvrage","30":"product_tag-ouvrage-numerique","31":"product_tag-ouvrage-science","32":"product_tag-ouvrage-scientifique","33":"product_tag-ouvrage-scientifique-francais","34":"product_tag-sensations","35":"product_tag-sensible","36":"product_tag-sensible-et-communication","37":"product_tag-sensoriel","38":"product_tag-sociale","39":"product_tag-symbolique","40":"product_tag-valeurs","42":"first","43":"instock","44":"shipping-taxable","45":"purchasable","46":"product-type-variable"},"acf":[],"yoast_head":"<!-- This site is optimized with the Yoast SEO plugin v27.2 - https:\/\/yoast.com\/product\/yoast-seo-wordpress\/ -->\n<title>Sensible et communication - ISTE Group<\/title>\n<meta name=\"description\" content=\"Le sensible marque le passage de l\u2019incantation \u00e0 l\u2019incarnation, du discours et des effets de langage \u00e0 la mise en forme, en sc\u00e8ne, en acte, de la communication. Cet ouvrage propose de mettre cette approche \u00e0 l\u2019\u00e9preuve, \u00e0 travers des valeurs, des discours, des univers d\u2019exp\u00e9rience qui, sous l\u2019attrait du sensible et de son pouvoir de figurativit\u00e9, donnent vie et \u00e2me \u00e0 la communication.\" \/>\n<meta name=\"robots\" content=\"index, follow, max-snippet:-1, max-image-preview:large, max-video-preview:-1\" \/>\n<link rel=\"canonical\" href=\"https:\/\/www.istegroup.com\/fr\/produit\/sensible-et-communication\/\" \/>\n<meta property=\"og:locale\" content=\"en_US\" \/>\n<meta property=\"og:type\" content=\"article\" \/>\n<meta property=\"og:title\" content=\"Sensible et communication - ISTE Group\" \/>\n<meta property=\"og:description\" content=\"Le sensible marque le passage de l\u2019incantation \u00e0 l\u2019incarnation, du discours et des effets de langage \u00e0 la mise en forme, en sc\u00e8ne, en acte, de la communication. Cet ouvrage propose de mettre cette approche \u00e0 l\u2019\u00e9preuve, \u00e0 travers des valeurs, des discours, des univers d\u2019exp\u00e9rience qui, sous l\u2019attrait du sensible et de son pouvoir de figurativit\u00e9, donnent vie et \u00e2me \u00e0 la communication.\" \/>\n<meta property=\"og:url\" content=\"https:\/\/www.istegroup.com\/fr\/produit\/sensible-et-communication\/\" \/>\n<meta property=\"og:site_name\" content=\"ISTE Group\" \/>\n<meta property=\"article:modified_time\" content=\"2024-01-03T13:40:58+00:00\" \/>\n<meta property=\"og:image\" content=\"https:\/\/www.istegroup.com\/wp-content\/uploads\/2017\/07\/7693992644_3669562948-1.jpg\" \/>\n\t<meta property=\"og:image:width\" content=\"300\" \/>\n\t<meta property=\"og:image:height\" content=\"450\" \/>\n\t<meta property=\"og:image:type\" content=\"image\/jpeg\" \/>\n<meta name=\"twitter:card\" content=\"summary_large_image\" \/>\n<meta name=\"twitter:label1\" content=\"Est. reading time\" \/>\n\t<meta name=\"twitter:data1\" content=\"1 minute\" \/>\n<script type=\"application\/ld+json\" class=\"yoast-schema-graph\">{\"@context\":\"https:\/\/schema.org\",\"@graph\":[{\"@type\":\"WebPage\",\"@id\":\"https:\/\/www.istegroup.com\/fr\/produit\/sensible-et-communication\/\",\"url\":\"https:\/\/www.istegroup.com\/fr\/produit\/sensible-et-communication\/\",\"name\":\"Sensible et communication - ISTE Group\",\"isPartOf\":{\"@id\":\"https:\/\/www.istegroup.com\/#website\"},\"primaryImageOfPage\":{\"@id\":\"https:\/\/www.istegroup.com\/fr\/produit\/sensible-et-communication\/#primaryimage\"},\"image\":{\"@id\":\"https:\/\/www.istegroup.com\/fr\/produit\/sensible-et-communication\/#primaryimage\"},\"thumbnailUrl\":\"https:\/\/www.istegroup.com\/wp-content\/uploads\/2017\/07\/7693992644_3669562948-1.jpg\",\"datePublished\":\"2017-07-28T13:17:30+00:00\",\"dateModified\":\"2024-01-03T13:40:58+00:00\",\"description\":\"Le sensible marque le passage de l\u2019incantation \u00e0 l\u2019incarnation, du discours et des effets de langage \u00e0 la mise en forme, en sc\u00e8ne, en acte, de la communication. Cet ouvrage propose de mettre cette approche \u00e0 l\u2019\u00e9preuve, \u00e0 travers des valeurs, des discours, des univers d\u2019exp\u00e9rience qui, sous l\u2019attrait du sensible et de son pouvoir de figurativit\u00e9, donnent vie et \u00e2me \u00e0 la communication.\",\"breadcrumb\":{\"@id\":\"https:\/\/www.istegroup.com\/fr\/produit\/sensible-et-communication\/#breadcrumb\"},\"inLanguage\":\"en-US\",\"potentialAction\":[{\"@type\":\"ReadAction\",\"target\":[\"https:\/\/www.istegroup.com\/fr\/produit\/sensible-et-communication\/\"]}]},{\"@type\":\"ImageObject\",\"inLanguage\":\"en-US\",\"@id\":\"https:\/\/www.istegroup.com\/fr\/produit\/sensible-et-communication\/#primaryimage\",\"url\":\"https:\/\/www.istegroup.com\/wp-content\/uploads\/2017\/07\/7693992644_3669562948-1.jpg\",\"contentUrl\":\"https:\/\/www.istegroup.com\/wp-content\/uploads\/2017\/07\/7693992644_3669562948-1.jpg\",\"width\":300,\"height\":450,\"caption\":\"Du cognitif au symbolique\"},{\"@type\":\"BreadcrumbList\",\"@id\":\"https:\/\/www.istegroup.com\/fr\/produit\/sensible-et-communication\/#breadcrumb\",\"itemListElement\":[{\"@type\":\"ListItem\",\"position\":1,\"name\":\"Home\",\"item\":\"https:\/\/www.istegroup.com\/\"},{\"@type\":\"ListItem\",\"position\":2,\"name\":\"Shop\",\"item\":\"https:\/\/www.istegroup.com\/fr\/nouveautes\/\"},{\"@type\":\"ListItem\",\"position\":3,\"name\":\"Sensible et communication\"}]},{\"@type\":\"WebSite\",\"@id\":\"https:\/\/www.istegroup.com\/#website\",\"url\":\"https:\/\/www.istegroup.com\/\",\"name\":\"ISTE Group\",\"description\":\"Publishing Knowledge\",\"potentialAction\":[{\"@type\":\"SearchAction\",\"target\":{\"@type\":\"EntryPoint\",\"urlTemplate\":\"https:\/\/www.istegroup.com\/?s={search_term_string}\"},\"query-input\":{\"@type\":\"PropertyValueSpecification\",\"valueRequired\":true,\"valueName\":\"search_term_string\"}}],\"inLanguage\":\"en-US\"}]}<\/script>\n<!-- \/ Yoast SEO plugin. -->","yoast_head_json":{"title":"Sensible et communication - ISTE Group","description":"Le sensible marque le passage de l\u2019incantation \u00e0 l\u2019incarnation, du discours et des effets de langage \u00e0 la mise en forme, en sc\u00e8ne, en acte, de la communication. Cet ouvrage propose de mettre cette approche \u00e0 l\u2019\u00e9preuve, \u00e0 travers des valeurs, des discours, des univers d\u2019exp\u00e9rience qui, sous l\u2019attrait du sensible et de son pouvoir de figurativit\u00e9, donnent vie et \u00e2me \u00e0 la communication.","robots":{"index":"index","follow":"follow","max-snippet":"max-snippet:-1","max-image-preview":"max-image-preview:large","max-video-preview":"max-video-preview:-1"},"canonical":"https:\/\/www.istegroup.com\/fr\/produit\/sensible-et-communication\/","og_locale":"en_US","og_type":"article","og_title":"Sensible et communication - ISTE Group","og_description":"Le sensible marque le passage de l\u2019incantation \u00e0 l\u2019incarnation, du discours et des effets de langage \u00e0 la mise en forme, en sc\u00e8ne, en acte, de la communication. Cet ouvrage propose de mettre cette approche \u00e0 l\u2019\u00e9preuve, \u00e0 travers des valeurs, des discours, des univers d\u2019exp\u00e9rience qui, sous l\u2019attrait du sensible et de son pouvoir de figurativit\u00e9, donnent vie et \u00e2me \u00e0 la communication.","og_url":"https:\/\/www.istegroup.com\/fr\/produit\/sensible-et-communication\/","og_site_name":"ISTE Group","article_modified_time":"2024-01-03T13:40:58+00:00","og_image":[{"width":300,"height":450,"url":"https:\/\/www.istegroup.com\/wp-content\/uploads\/2017\/07\/7693992644_3669562948-1.jpg","type":"image\/jpeg"}],"twitter_card":"summary_large_image","twitter_misc":{"Est. reading time":"1 minute"},"schema":{"@context":"https:\/\/schema.org","@graph":[{"@type":"WebPage","@id":"https:\/\/www.istegroup.com\/fr\/produit\/sensible-et-communication\/","url":"https:\/\/www.istegroup.com\/fr\/produit\/sensible-et-communication\/","name":"Sensible et communication - ISTE Group","isPartOf":{"@id":"https:\/\/www.istegroup.com\/#website"},"primaryImageOfPage":{"@id":"https:\/\/www.istegroup.com\/fr\/produit\/sensible-et-communication\/#primaryimage"},"image":{"@id":"https:\/\/www.istegroup.com\/fr\/produit\/sensible-et-communication\/#primaryimage"},"thumbnailUrl":"https:\/\/www.istegroup.com\/wp-content\/uploads\/2017\/07\/7693992644_3669562948-1.jpg","datePublished":"2017-07-28T13:17:30+00:00","dateModified":"2024-01-03T13:40:58+00:00","description":"Le sensible marque le passage de l\u2019incantation \u00e0 l\u2019incarnation, du discours et des effets de langage \u00e0 la mise en forme, en sc\u00e8ne, en acte, de la communication. Cet ouvrage propose de mettre cette approche \u00e0 l\u2019\u00e9preuve, \u00e0 travers des valeurs, des discours, des univers d\u2019exp\u00e9rience qui, sous l\u2019attrait du sensible et de son pouvoir de figurativit\u00e9, donnent vie et \u00e2me \u00e0 la communication.","breadcrumb":{"@id":"https:\/\/www.istegroup.com\/fr\/produit\/sensible-et-communication\/#breadcrumb"},"inLanguage":"en-US","potentialAction":[{"@type":"ReadAction","target":["https:\/\/www.istegroup.com\/fr\/produit\/sensible-et-communication\/"]}]},{"@type":"ImageObject","inLanguage":"en-US","@id":"https:\/\/www.istegroup.com\/fr\/produit\/sensible-et-communication\/#primaryimage","url":"https:\/\/www.istegroup.com\/wp-content\/uploads\/2017\/07\/7693992644_3669562948-1.jpg","contentUrl":"https:\/\/www.istegroup.com\/wp-content\/uploads\/2017\/07\/7693992644_3669562948-1.jpg","width":300,"height":450,"caption":"Du cognitif au symbolique"},{"@type":"BreadcrumbList","@id":"https:\/\/www.istegroup.com\/fr\/produit\/sensible-et-communication\/#breadcrumb","itemListElement":[{"@type":"ListItem","position":1,"name":"Home","item":"https:\/\/www.istegroup.com\/"},{"@type":"ListItem","position":2,"name":"Shop","item":"https:\/\/www.istegroup.com\/fr\/nouveautes\/"},{"@type":"ListItem","position":3,"name":"Sensible et communication"}]},{"@type":"WebSite","@id":"https:\/\/www.istegroup.com\/#website","url":"https:\/\/www.istegroup.com\/","name":"ISTE Group","description":"Publishing Knowledge","potentialAction":[{"@type":"SearchAction","target":{"@type":"EntryPoint","urlTemplate":"https:\/\/www.istegroup.com\/?s={search_term_string}"},"query-input":{"@type":"PropertyValueSpecification","valueRequired":true,"valueName":"search_term_string"}}],"inLanguage":"en-US"}]}},"_links":{"self":[{"href":"https:\/\/www.istegroup.com\/en\/wp-json\/wp\/v2\/product\/583","targetHints":{"allow":["GET"]}}],"collection":[{"href":"https:\/\/www.istegroup.com\/en\/wp-json\/wp\/v2\/product"}],"about":[{"href":"https:\/\/www.istegroup.com\/en\/wp-json\/wp\/v2\/types\/product"}],"wp:featuredmedia":[{"embeddable":true,"href":"https:\/\/www.istegroup.com\/en\/wp-json\/wp\/v2\/media\/584"}],"wp:attachment":[{"href":"https:\/\/www.istegroup.com\/en\/wp-json\/wp\/v2\/media?parent=583"}],"wp:term":[{"taxonomy":"product_brand","embeddable":true,"href":"https:\/\/www.istegroup.com\/en\/wp-json\/wp\/v2\/product_brand?post=583"},{"taxonomy":"product_cat","embeddable":true,"href":"https:\/\/www.istegroup.com\/en\/wp-json\/wp\/v2\/product_cat?post=583"},{"taxonomy":"product_tag","embeddable":true,"href":"https:\/\/www.istegroup.com\/en\/wp-json\/wp\/v2\/product_tag?post=583"}],"curies":[{"name":"wp","href":"https:\/\/api.w.org\/{rel}","templated":true}]}}

<p>Les sensations prennent sens sur le fond identitaire du rapport à soi et aux autres. Du symbolique au sensoriel, l’inscription sociale et culturelle des situations de communication (normes, rites, codes, processus culturalisés) contribue à préfigurer un monde de sensations et d’émotions à partir d’images et de valeurs préexistantes.</p>
<p>Chacun se représente aisément la vie sensible, sa réalité, son imaginaire, mais tout se complique dès qu’il faut définir en propre le sensible. Terme difficilement traduisible qui compose avec le sensoriel, le discours, les formes, comme avec les mots, les moments ou les émotions.</p>
<p>Le sensible marque le passage de l’incantation à l’incarnation, du discours et des effets de langage à la mise en forme, en scène, en acte, de la communication. Cet ouvrage propose de mettre cette approche à l’épreuve, à travers des valeurs, des discours, des univers d’expérience qui, sous l’attrait du sensible et de son pouvoir de figurativité, donnent vie et âme à la communication.</p>

<p>Les sensations prennent sens sur le fond identitaire du rapport à soi et aux autres. Du symbolique au sensoriel, l’inscription sociale et culturelle des situations de communication (normes, rites, codes, processus culturalisés) contribue à préfigurer un monde de sensations et d’émotions à partir d’images et de valeurs préexistantes. Chacun se représente aisément la vie sensible, [&hellip;]</p>

<!-- This site is optimized with the Yoast SEO plugin v27.2 - https://yoast.com/product/yoast-seo-wordpress/ -->
<title>Sensible et communication - ISTE Group</title>
<meta name="description" content="Le sensible marque le passage de l’incantation à l’incarnation, du discours et des effets de langage à la mise en forme, en scène, en acte, de la communication. Cet ouvrage propose de mettre cette approche à l’épreuve, à travers des valeurs, des discours, des univers d’expérience qui, sous l’attrait du sensible et de son pouvoir de figurativité, donnent vie et âme à la communication." />
<meta name="robots" content="index, follow, max-snippet:-1, max-image-preview:large, max-video-preview:-1" />
<link rel="canonical" href="https://www.istegroup.com/fr/produit/sensible-et-communication/" />
<meta property="og:locale" content="en_US" />
<meta property="og:type" content="article" />
<meta property="og:title" content="Sensible et communication - ISTE Group" />
<meta property="og:description" content="Le sensible marque le passage de l’incantation à l’incarnation, du discours et des effets de langage à la mise en forme, en scène, en acte, de la communication. Cet ouvrage propose de mettre cette approche à l’épreuve, à travers des valeurs, des discours, des univers d’expérience qui, sous l’attrait du sensible et de son pouvoir de figurativité, donnent vie et âme à la communication." />
<meta property="og:url" content="https://www.istegroup.com/fr/produit/sensible-et-communication/" />
<meta property="og:site_name" content="ISTE Group" />
<meta property="article:modified_time" content="2024-01-03T13:40:58+00:00" />
<meta property="og:image" content="https://www.istegroup.com/wp-content/uploads/2017/07/7693992644_3669562948-1.jpg" />
	<meta property="og:image:width" content="300" />
	<meta property="og:image:height" content="450" />
	<meta property="og:image:type" content="image/jpeg" />
<meta name="twitter:card" content="summary_large_image" />
<meta name="twitter:label1" content="Est. reading time" />
	<meta name="twitter:data1" content="1 minute" />
<script type="application/ld+json" class="yoast-schema-graph">{"@context":"https://schema.org","@graph":[{"@type":"WebPage","@id":"https://www.istegroup.com/fr/produit/sensible-et-communication/","url":"https://www.istegroup.com/fr/produit/sensible-et-communication/","name":"Sensible et communication - ISTE Group","isPartOf":{"@id":"https://www.istegroup.com/#website"},"primaryImageOfPage":{"@id":"https://www.istegroup.com/fr/produit/sensible-et-communication/#primaryimage"},"image":{"@id":"https://www.istegroup.com/fr/produit/sensible-et-communication/#primaryimage"},"thumbnailUrl":"https://www.istegroup.com/wp-content/uploads/2017/07/7693992644_3669562948-1.jpg","datePublished":"2017-07-28T13:17:30+00:00","dateModified":"2024-01-03T13:40:58+00:00","description":"Le sensible marque le passage de l’incantation à l’incarnation, du discours et des effets de langage à la mise en forme, en scène, en acte, de la communication. Cet ouvrage propose de mettre cette approche à l’épreuve, à travers des valeurs, des discours, des univers d’expérience qui, sous l’attrait du sensible et de son pouvoir de figurativité, donnent vie et âme à la communication.","breadcrumb":{"@id":"https://www.istegroup.com/fr/produit/sensible-et-communication/#breadcrumb"},"inLanguage":"en-US","potentialAction":[{"@type":"ReadAction","target":["https://www.istegroup.com/fr/produit/sensible-et-communication/"]}]},{"@type":"ImageObject","inLanguage":"en-US","@id":"https://www.istegroup.com/fr/produit/sensible-et-communication/#primaryimage","url":"https://www.istegroup.com/wp-content/uploads/2017/07/7693992644_3669562948-1.jpg","contentUrl":"https://www.istegroup.com/wp-content/uploads/2017/07/7693992644_3669562948-1.jpg","width":300,"height":450,"caption":"Du cognitif au symbolique"},{"@type":"BreadcrumbList","@id":"https://www.istegroup.com/fr/produit/sensible-et-communication/#breadcrumb","itemListElement":[{"@type":"ListItem","position":1,"name":"Home","item":"https://www.istegroup.com/"},{"@type":"ListItem","position":2,"name":"Shop","item":"https://www.istegroup.com/fr/nouveautes/"},{"@type":"ListItem","position":3,"name":"Sensible et communication"}]},{"@type":"WebSite","@id":"https://www.istegroup.com/#website","url":"https://www.istegroup.com/","name":"ISTE Group","description":"Publishing Knowledge","potentialAction":[{"@type":"SearchAction","target":{"@type":"EntryPoint","urlTemplate":"https://www.istegroup.com/?s={search_term_string}"},"query-input":{"@type":"PropertyValueSpecification","valueRequired":true,"valueName":"search_term_string"}}],"inLanguage":"en-US"}]}</script>
<!-- / Yoast SEO plugin. -->

Le sensible marque le passage de l’incantation à l’incarnation, du discours et des effets de langage à la mise en forme, en scène, en acte, de la communication. Cet ouvrage propose de mettre cette approche à l’épreuve, à travers des valeurs, des discours, des univers d’expérience qui, sous l’attrait du sensible et de son pouvoir de figurativité, donnent vie et âme à la communication.
