{"id":24361,"date":"2020-05-09T09:29:48","date_gmt":"2020-05-09T08:29:48","guid":{"rendered":"https:\/\/www.istegroup.com\/?post_type=product&#038;p=24361"},"modified":"2024-01-03T13:43:35","modified_gmt":"2024-01-03T13:43:35","slug":"la-ville-autrement","status":"publish","type":"product","link":"https:\/\/www.istegroup.com\/en\/produit\/la-ville-autrement\/","title":{"rendered":"La ville autrement"},"content":{"rendered":"<p>Cet ouvrage rassemble des approches de la ville qui visent \u00e0 r\u00e9v\u00e9ler la mosa\u00efque des relations et des situations socio-spatiales composant la pluralit\u00e9 de l\u2019espace dans les villes de l\u2019Europe du Sud.<\/p>\n<p>Il s\u2019appuie sur l\u2019\u00e9tude pluridisciplinaire du quotidien, en relevant ses implications genr\u00e9es et spatiales, dans le contexte du Sud europ\u00e9en et par le biais d\u2019une perspective qui lui est particuli\u00e8re. Ce contexte, caract\u00e9ris\u00e9 par une grande diversit\u00e9, est per\u00e7u comme un v\u00e9ritable laboratoire, aussi bien de la pratique locale que de la mondialisation des flux et des r\u00e9seaux.<\/p>\n<p>\u00c0 travers diff\u00e9rents cas d\u2019\u00e9tude, comme les relations entre les migrants et les habitants de Terzigno ou encore les flux et mouvements des enfants \u00e0 Ath\u00e8nes, La ville autrement examine de multiples aspects de la vie urbaine afin de proposer une relecture de la ville du Sud europ\u00e9en au regard des \u00e9volutions socio-\u00e9conomiques r\u00e9centes.<\/p>\n","protected":false},"excerpt":{"rendered":"<p>Cet ouvrage rassemble des approches de la ville qui visent \u00e0 r\u00e9v\u00e9ler la mosa\u00efque des relations et des situations socio-spatiales composant la pluralit\u00e9 de l\u2019espace dans les villes de l\u2019Europe du Sud. Il s\u2019appuie sur l\u2019\u00e9tude pluridisciplinaire du quotidien, en relevant ses implications genr\u00e9es et spatiales, dans le contexte du Sud europ\u00e9en et par le [&hellip;]<\/p>\n","protected":false},"featured_media":24372,"template":"","meta":{"_acf_changed":false,"_links_to":"","_links_to_target":""},"product_brand":[],"product_cat":[684],"product_tag":[],"class_list":{"0":"post-24361","1":"product","2":"type-product","3":"status-publish","4":"has-post-thumbnail","6":"product_cat-sciences-socit-et-nouvelles-technologies-188422468","8":"first","9":"instock","10":"shipping-taxable","11":"purchasable","12":"product-type-variable"},"acf":[],"yoast_head":"<!-- This site is optimized with the Yoast SEO plugin v27.2 - https:\/\/yoast.com\/product\/yoast-seo-wordpress\/ -->\n<title>La ville autrement - ISTE Group<\/title>\n<meta name=\"description\" content=\"Cet ouvrage rassemble des approches de la ville qui visent \u00e0 r\u00e9v\u00e9ler la mosa\u00efque des relations et des situations socio-spatiales composant la pluralit\u00e9 de l\u2019espace dans les villes de l\u2019Europe du Sud.\" \/>\n<meta name=\"robots\" content=\"index, follow, max-snippet:-1, max-image-preview:large, max-video-preview:-1\" \/>\n<link rel=\"canonical\" href=\"https:\/\/www.istegroup.com\/fr\/produit\/la-ville-autrement\/\" \/>\n<meta property=\"og:locale\" content=\"en_US\" \/>\n<meta property=\"og:type\" content=\"article\" \/>\n<meta property=\"og:title\" content=\"La ville autrement - ISTE Group\" \/>\n<meta property=\"og:description\" content=\"Cet ouvrage rassemble des approches de la ville qui visent \u00e0 r\u00e9v\u00e9ler la mosa\u00efque des relations et des situations socio-spatiales composant la pluralit\u00e9 de l\u2019espace dans les villes de l\u2019Europe du Sud.\" \/>\n<meta property=\"og:url\" content=\"https:\/\/www.istegroup.com\/fr\/produit\/la-ville-autrement\/\" \/>\n<meta property=\"og:site_name\" content=\"ISTE Group\" \/>\n<meta property=\"article:modified_time\" content=\"2024-01-03T13:43:35+00:00\" \/>\n<meta property=\"og:image\" content=\"https:\/\/www.istegroup.com\/wp-content\/uploads\/2019\/12\/La-ville-autrement.jpg\" \/>\n\t<meta property=\"og:image:width\" content=\"300\" \/>\n\t<meta property=\"og:image:height\" content=\"452\" \/>\n\t<meta property=\"og:image:type\" content=\"image\/jpeg\" \/>\n<meta name=\"twitter:card\" content=\"summary_large_image\" \/>\n<meta name=\"twitter:label1\" content=\"Est. reading time\" \/>\n\t<meta name=\"twitter:data1\" content=\"1 minute\" \/>\n<script type=\"application\/ld+json\" class=\"yoast-schema-graph\">{\"@context\":\"https:\/\/schema.org\",\"@graph\":[{\"@type\":\"WebPage\",\"@id\":\"https:\/\/www.istegroup.com\/fr\/produit\/la-ville-autrement\/\",\"url\":\"https:\/\/www.istegroup.com\/fr\/produit\/la-ville-autrement\/\",\"name\":\"La ville autrement - ISTE Group\",\"isPartOf\":{\"@id\":\"https:\/\/www.istegroup.com\/#website\"},\"primaryImageOfPage\":{\"@id\":\"https:\/\/www.istegroup.com\/fr\/produit\/la-ville-autrement\/#primaryimage\"},\"image\":{\"@id\":\"https:\/\/www.istegroup.com\/fr\/produit\/la-ville-autrement\/#primaryimage\"},\"thumbnailUrl\":\"https:\/\/www.istegroup.com\/wp-content\/uploads\/2019\/12\/La-ville-autrement.jpg\",\"datePublished\":\"2020-05-09T08:29:48+00:00\",\"dateModified\":\"2024-01-03T13:43:35+00:00\",\"description\":\"Cet ouvrage rassemble des approches de la ville qui visent \u00e0 r\u00e9v\u00e9ler la mosa\u00efque des relations et des situations socio-spatiales composant la pluralit\u00e9 de l\u2019espace dans les villes de l\u2019Europe du Sud.\",\"breadcrumb\":{\"@id\":\"https:\/\/www.istegroup.com\/fr\/produit\/la-ville-autrement\/#breadcrumb\"},\"inLanguage\":\"en-US\",\"potentialAction\":[{\"@type\":\"ReadAction\",\"target\":[\"https:\/\/www.istegroup.com\/fr\/produit\/la-ville-autrement\/\"]}]},{\"@type\":\"ImageObject\",\"inLanguage\":\"en-US\",\"@id\":\"https:\/\/www.istegroup.com\/fr\/produit\/la-ville-autrement\/#primaryimage\",\"url\":\"https:\/\/www.istegroup.com\/wp-content\/uploads\/2019\/12\/La-ville-autrement.jpg\",\"contentUrl\":\"https:\/\/www.istegroup.com\/wp-content\/uploads\/2019\/12\/La-ville-autrement.jpg\",\"width\":300,\"height\":452,\"caption\":\"Questions th\u00e9oriques et outils m\u00e9thodologiques\"},{\"@type\":\"BreadcrumbList\",\"@id\":\"https:\/\/www.istegroup.com\/fr\/produit\/la-ville-autrement\/#breadcrumb\",\"itemListElement\":[{\"@type\":\"ListItem\",\"position\":1,\"name\":\"Home\",\"item\":\"https:\/\/www.istegroup.com\/\"},{\"@type\":\"ListItem\",\"position\":2,\"name\":\"Shop\",\"item\":\"https:\/\/www.istegroup.com\/fr\/nouveautes\/\"},{\"@type\":\"ListItem\",\"position\":3,\"name\":\"La ville autrement\"}]},{\"@type\":\"WebSite\",\"@id\":\"https:\/\/www.istegroup.com\/#website\",\"url\":\"https:\/\/www.istegroup.com\/\",\"name\":\"ISTE Group\",\"description\":\"Publishing Knowledge\",\"potentialAction\":[{\"@type\":\"SearchAction\",\"target\":{\"@type\":\"EntryPoint\",\"urlTemplate\":\"https:\/\/www.istegroup.com\/?s={search_term_string}\"},\"query-input\":{\"@type\":\"PropertyValueSpecification\",\"valueRequired\":true,\"valueName\":\"search_term_string\"}}],\"inLanguage\":\"en-US\"}]}<\/script>\n<!-- \/ Yoast SEO plugin. -->","yoast_head_json":{"title":"La ville autrement - ISTE Group","description":"Cet ouvrage rassemble des approches de la ville qui visent \u00e0 r\u00e9v\u00e9ler la mosa\u00efque des relations et des situations socio-spatiales composant la pluralit\u00e9 de l\u2019espace dans les villes de l\u2019Europe du Sud.","robots":{"index":"index","follow":"follow","max-snippet":"max-snippet:-1","max-image-preview":"max-image-preview:large","max-video-preview":"max-video-preview:-1"},"canonical":"https:\/\/www.istegroup.com\/fr\/produit\/la-ville-autrement\/","og_locale":"en_US","og_type":"article","og_title":"La ville autrement - ISTE Group","og_description":"Cet ouvrage rassemble des approches de la ville qui visent \u00e0 r\u00e9v\u00e9ler la mosa\u00efque des relations et des situations socio-spatiales composant la pluralit\u00e9 de l\u2019espace dans les villes de l\u2019Europe du Sud.","og_url":"https:\/\/www.istegroup.com\/fr\/produit\/la-ville-autrement\/","og_site_name":"ISTE Group","article_modified_time":"2024-01-03T13:43:35+00:00","og_image":[{"width":300,"height":452,"url":"https:\/\/www.istegroup.com\/wp-content\/uploads\/2019\/12\/La-ville-autrement.jpg","type":"image\/jpeg"}],"twitter_card":"summary_large_image","twitter_misc":{"Est. reading time":"1 minute"},"schema":{"@context":"https:\/\/schema.org","@graph":[{"@type":"WebPage","@id":"https:\/\/www.istegroup.com\/fr\/produit\/la-ville-autrement\/","url":"https:\/\/www.istegroup.com\/fr\/produit\/la-ville-autrement\/","name":"La ville autrement - ISTE Group","isPartOf":{"@id":"https:\/\/www.istegroup.com\/#website"},"primaryImageOfPage":{"@id":"https:\/\/www.istegroup.com\/fr\/produit\/la-ville-autrement\/#primaryimage"},"image":{"@id":"https:\/\/www.istegroup.com\/fr\/produit\/la-ville-autrement\/#primaryimage"},"thumbnailUrl":"https:\/\/www.istegroup.com\/wp-content\/uploads\/2019\/12\/La-ville-autrement.jpg","datePublished":"2020-05-09T08:29:48+00:00","dateModified":"2024-01-03T13:43:35+00:00","description":"Cet ouvrage rassemble des approches de la ville qui visent \u00e0 r\u00e9v\u00e9ler la mosa\u00efque des relations et des situations socio-spatiales composant la pluralit\u00e9 de l\u2019espace dans les villes de l\u2019Europe du Sud.","breadcrumb":{"@id":"https:\/\/www.istegroup.com\/fr\/produit\/la-ville-autrement\/#breadcrumb"},"inLanguage":"en-US","potentialAction":[{"@type":"ReadAction","target":["https:\/\/www.istegroup.com\/fr\/produit\/la-ville-autrement\/"]}]},{"@type":"ImageObject","inLanguage":"en-US","@id":"https:\/\/www.istegroup.com\/fr\/produit\/la-ville-autrement\/#primaryimage","url":"https:\/\/www.istegroup.com\/wp-content\/uploads\/2019\/12\/La-ville-autrement.jpg","contentUrl":"https:\/\/www.istegroup.com\/wp-content\/uploads\/2019\/12\/La-ville-autrement.jpg","width":300,"height":452,"caption":"Questions th\u00e9oriques et outils m\u00e9thodologiques"},{"@type":"BreadcrumbList","@id":"https:\/\/www.istegroup.com\/fr\/produit\/la-ville-autrement\/#breadcrumb","itemListElement":[{"@type":"ListItem","position":1,"name":"Home","item":"https:\/\/www.istegroup.com\/"},{"@type":"ListItem","position":2,"name":"Shop","item":"https:\/\/www.istegroup.com\/fr\/nouveautes\/"},{"@type":"ListItem","position":3,"name":"La ville autrement"}]},{"@type":"WebSite","@id":"https:\/\/www.istegroup.com\/#website","url":"https:\/\/www.istegroup.com\/","name":"ISTE Group","description":"Publishing Knowledge","potentialAction":[{"@type":"SearchAction","target":{"@type":"EntryPoint","urlTemplate":"https:\/\/www.istegroup.com\/?s={search_term_string}"},"query-input":{"@type":"PropertyValueSpecification","valueRequired":true,"valueName":"search_term_string"}}],"inLanguage":"en-US"}]}},"_links":{"self":[{"href":"https:\/\/www.istegroup.com\/en\/wp-json\/wp\/v2\/product\/24361","targetHints":{"allow":["GET"]}}],"collection":[{"href":"https:\/\/www.istegroup.com\/en\/wp-json\/wp\/v2\/product"}],"about":[{"href":"https:\/\/www.istegroup.com\/en\/wp-json\/wp\/v2\/types\/product"}],"wp:featuredmedia":[{"embeddable":true,"href":"https:\/\/www.istegroup.com\/en\/wp-json\/wp\/v2\/media\/24372"}],"wp:attachment":[{"href":"https:\/\/www.istegroup.com\/en\/wp-json\/wp\/v2\/media?parent=24361"}],"wp:term":[{"taxonomy":"product_brand","embeddable":true,"href":"https:\/\/www.istegroup.com\/en\/wp-json\/wp\/v2\/product_brand?post=24361"},{"taxonomy":"product_cat","embeddable":true,"href":"https:\/\/www.istegroup.com\/en\/wp-json\/wp\/v2\/product_cat?post=24361"},{"taxonomy":"product_tag","embeddable":true,"href":"https:\/\/www.istegroup.com\/en\/wp-json\/wp\/v2\/product_tag?post=24361"}],"curies":[{"name":"wp","href":"https:\/\/api.w.org\/{rel}","templated":true}]}}

<p>Cet ouvrage rassemble des approches de la ville qui visent à révéler la mosaïque des relations et des situations socio-spatiales composant la pluralité de l’espace dans les villes de l’Europe du Sud.</p>
<p>Il s’appuie sur l’étude pluridisciplinaire du quotidien, en relevant ses implications genrées et spatiales, dans le contexte du Sud européen et par le biais d’une perspective qui lui est particulière. Ce contexte, caractérisé par une grande diversité, est perçu comme un véritable laboratoire, aussi bien de la pratique locale que de la mondialisation des flux et des réseaux.</p>
<p>À travers différents cas d’étude, comme les relations entre les migrants et les habitants de Terzigno ou encore les flux et mouvements des enfants à Athènes, La ville autrement examine de multiples aspects de la vie urbaine afin de proposer une relecture de la ville du Sud européen au regard des évolutions socio-économiques récentes.</p>

<p>Cet ouvrage rassemble des approches de la ville qui visent à révéler la mosaïque des relations et des situations socio-spatiales composant la pluralité de l’espace dans les villes de l’Europe du Sud. Il s’appuie sur l’étude pluridisciplinaire du quotidien, en relevant ses implications genrées et spatiales, dans le contexte du Sud européen et par le [&hellip;]</p>

<!-- This site is optimized with the Yoast SEO plugin v27.2 - https://yoast.com/product/yoast-seo-wordpress/ -->
<title>La ville autrement - ISTE Group</title>
<meta name="description" content="Cet ouvrage rassemble des approches de la ville qui visent à révéler la mosaïque des relations et des situations socio-spatiales composant la pluralité de l’espace dans les villes de l’Europe du Sud." />
<meta name="robots" content="index, follow, max-snippet:-1, max-image-preview:large, max-video-preview:-1" />
<link rel="canonical" href="https://www.istegroup.com/fr/produit/la-ville-autrement/" />
<meta property="og:locale" content="en_US" />
<meta property="og:type" content="article" />
<meta property="og:title" content="La ville autrement - ISTE Group" />
<meta property="og:description" content="Cet ouvrage rassemble des approches de la ville qui visent à révéler la mosaïque des relations et des situations socio-spatiales composant la pluralité de l’espace dans les villes de l’Europe du Sud." />
<meta property="og:url" content="https://www.istegroup.com/fr/produit/la-ville-autrement/" />
<meta property="og:site_name" content="ISTE Group" />
<meta property="article:modified_time" content="2024-01-03T13:43:35+00:00" />
<meta property="og:image" content="https://www.istegroup.com/wp-content/uploads/2019/12/La-ville-autrement.jpg" />
	<meta property="og:image:width" content="300" />
	<meta property="og:image:height" content="452" />
	<meta property="og:image:type" content="image/jpeg" />
<meta name="twitter:card" content="summary_large_image" />
<meta name="twitter:label1" content="Est. reading time" />
	<meta name="twitter:data1" content="1 minute" />
<script type="application/ld+json" class="yoast-schema-graph">{"@context":"https://schema.org","@graph":[{"@type":"WebPage","@id":"https://www.istegroup.com/fr/produit/la-ville-autrement/","url":"https://www.istegroup.com/fr/produit/la-ville-autrement/","name":"La ville autrement - ISTE Group","isPartOf":{"@id":"https://www.istegroup.com/#website"},"primaryImageOfPage":{"@id":"https://www.istegroup.com/fr/produit/la-ville-autrement/#primaryimage"},"image":{"@id":"https://www.istegroup.com/fr/produit/la-ville-autrement/#primaryimage"},"thumbnailUrl":"https://www.istegroup.com/wp-content/uploads/2019/12/La-ville-autrement.jpg","datePublished":"2020-05-09T08:29:48+00:00","dateModified":"2024-01-03T13:43:35+00:00","description":"Cet ouvrage rassemble des approches de la ville qui visent à révéler la mosaïque des relations et des situations socio-spatiales composant la pluralité de l’espace dans les villes de l’Europe du Sud.","breadcrumb":{"@id":"https://www.istegroup.com/fr/produit/la-ville-autrement/#breadcrumb"},"inLanguage":"en-US","potentialAction":[{"@type":"ReadAction","target":["https://www.istegroup.com/fr/produit/la-ville-autrement/"]}]},{"@type":"ImageObject","inLanguage":"en-US","@id":"https://www.istegroup.com/fr/produit/la-ville-autrement/#primaryimage","url":"https://www.istegroup.com/wp-content/uploads/2019/12/La-ville-autrement.jpg","contentUrl":"https://www.istegroup.com/wp-content/uploads/2019/12/La-ville-autrement.jpg","width":300,"height":452,"caption":"Questions théoriques et outils méthodologiques"},{"@type":"BreadcrumbList","@id":"https://www.istegroup.com/fr/produit/la-ville-autrement/#breadcrumb","itemListElement":[{"@type":"ListItem","position":1,"name":"Home","item":"https://www.istegroup.com/"},{"@type":"ListItem","position":2,"name":"Shop","item":"https://www.istegroup.com/fr/nouveautes/"},{"@type":"ListItem","position":3,"name":"La ville autrement"}]},{"@type":"WebSite","@id":"https://www.istegroup.com/#website","url":"https://www.istegroup.com/","name":"ISTE Group","description":"Publishing Knowledge","potentialAction":[{"@type":"SearchAction","target":{"@type":"EntryPoint","urlTemplate":"https://www.istegroup.com/?s={search_term_string}"},"query-input":{"@type":"PropertyValueSpecification","valueRequired":true,"valueName":"search_term_string"}}],"inLanguage":"en-US"}]}</script>
<!-- / Yoast SEO plugin. -->

Cet ouvrage rassemble des approches de la ville qui visent à révéler la mosaïque des relations et des situations socio-spatiales composant la pluralité de l’espace dans les villes de l’Europe du Sud.

Questions théoriques et outils méthodologiques
