{"id":23829,"date":"2023-07-11T11:20:26","date_gmt":"2023-07-11T10:20:26","guid":{"rendered":"https:\/\/www.istegroup.com\/?post_type=product&#038;p=23829"},"modified":"2025-03-07T10:27:23","modified_gmt":"2025-03-07T10:27:23","slug":"cycles-sismiques","status":"publish","type":"product","link":"https:\/\/www.istegroup.com\/en\/produit\/cycles-sismiques\/","title":{"rendered":"Le cycle sismique"},"content":{"rendered":"<p>Les s\u00e9ismes sont parmi les manifestations les plus destructrices de la dynamique interne de la Terre. Cet ouvrage analyse le cycle sismique \u00e0 diff\u00e9rentes \u00e9chelles de temps : le s\u00e9isme (quelques secondes), les phases post-sismique (quelques ann\u00e9es \u00e0 dizaines d\u2019ann\u00e9es) et inter-sismique (quelques dizaines \u00e0 centaines d\u2019ann\u00e9es), et enfin la d\u00e9formation cumul\u00e9e due \u00e0 plusieurs cycles sismiques (quelques milliers \u00e0 centaines de milliers d\u2019ann\u00e9es).<\/p>\n<p>Le cycle sismique est ici \u00e9tudi\u00e9 \u00e0 travers des observations court terme sismologiques et g\u00e9od\u00e9siques (GPS et InSAR) et des observations long terme tectoniques, g\u00e9omorphologiques, morphotectoniques et pal\u00e9osismologiques. Divers outils de mod\u00e9lisation sont pr\u00e9sent\u00e9s : les exp\u00e9riences analogiques, les approches exp\u00e9rimentales et la mod\u00e9lisation cin\u00e9matique ou m\u00e9canique. Le cycle sismique est illustr\u00e9 dans diff\u00e9rents contextes tectoniques, des failles d\u00e9crochantes continentales aux zones de subduction. Enfin, les interactions entre le cycle sismique et le magmatisme dans les rifts ainsi que les interactions avec l\u2019\u00e9rosion dans les cha\u00eenes de montagnes sont \u00e9galement trait\u00e9es.<\/p>\n","protected":false},"excerpt":{"rendered":"<p>Les s\u00e9ismes sont parmi les manifestations les plus destructrices de la dynamique interne de la Terre. Cet ouvrage analyse le cycle sismique \u00e0 diff\u00e9rentes \u00e9chelles de temps : le s\u00e9isme (quelques secondes), les phases post-sismique (quelques ann\u00e9es \u00e0 dizaines d\u2019ann\u00e9es) et inter-sismique (quelques dizaines \u00e0 centaines d\u2019ann\u00e9es), et enfin la d\u00e9formation cumul\u00e9e due \u00e0 plusieurs [&hellip;]<\/p>\n","protected":false},"featured_media":52369,"template":"","meta":{"_acf_changed":false,"_links_to":"","_links_to_target":""},"product_brand":[],"product_cat":[4289],"product_tag":[],"class_list":{"0":"post-23829","1":"product","2":"type-product","3":"status-publish","4":"has-post-thumbnail","6":"product_cat-sciences","8":"first","9":"instock","10":"shipping-taxable","11":"purchasable","12":"product-type-variable"},"acf":[],"yoast_head":"<!-- This site is optimized with the Yoast SEO plugin v27.2 - https:\/\/yoast.com\/product\/yoast-seo-wordpress\/ -->\n<title>Le cycle sismique - ISTE Group<\/title>\n<meta name=\"description\" content=\"Cet ouvrage analyse le cycle sismique \u00e0 diff\u00e9rentes \u00e9chelles de temps : le s\u00e9isme, les phases post-sismique et inter-sismique, et enfin la d\u00e9formation cumul\u00e9e due \u00e0 plusieurs cycles sismiques.\" \/>\n<meta name=\"robots\" content=\"index, follow, max-snippet:-1, max-image-preview:large, max-video-preview:-1\" \/>\n<link rel=\"canonical\" href=\"https:\/\/www.istegroup.com\/produit\/cycles-sismiques\/\" \/>\n<meta property=\"og:locale\" content=\"en_US\" \/>\n<meta property=\"og:type\" content=\"article\" \/>\n<meta property=\"og:title\" content=\"Le cycle sismique - ISTE Group\" \/>\n<meta property=\"og:description\" content=\"Cet ouvrage analyse le cycle sismique \u00e0 diff\u00e9rentes \u00e9chelles de temps : le s\u00e9isme, les phases post-sismique et inter-sismique, et enfin la d\u00e9formation cumul\u00e9e due \u00e0 plusieurs cycles sismiques.\" \/>\n<meta property=\"og:url\" content=\"https:\/\/www.istegroup.com\/produit\/cycles-sismiques\/\" \/>\n<meta property=\"og:site_name\" content=\"ISTE Group\" \/>\n<meta property=\"article:modified_time\" content=\"2025-03-07T10:27:23+00:00\" \/>\n<meta property=\"og:image\" content=\"https:\/\/www.istegroup.com\/wp-content\/uploads\/2023\/07\/Rolandone_couv_300x450-1.jpg\" \/>\n\t<meta property=\"og:image:width\" content=\"300\" \/>\n\t<meta property=\"og:image:height\" content=\"450\" \/>\n\t<meta property=\"og:image:type\" content=\"image\/jpeg\" \/>\n<meta name=\"twitter:card\" content=\"summary_large_image\" \/>\n<meta name=\"twitter:label1\" content=\"Est. reading time\" \/>\n\t<meta name=\"twitter:data1\" content=\"1 minute\" \/>\n<script type=\"application\/ld+json\" class=\"yoast-schema-graph\">{\"@context\":\"https:\/\/schema.org\",\"@graph\":[{\"@type\":\"WebPage\",\"@id\":\"https:\/\/www.istegroup.com\/produit\/cycles-sismiques\/\",\"url\":\"https:\/\/www.istegroup.com\/produit\/cycles-sismiques\/\",\"name\":\"Le cycle sismique - ISTE Group\",\"isPartOf\":{\"@id\":\"https:\/\/www.istegroup.com\/#website\"},\"primaryImageOfPage\":{\"@id\":\"https:\/\/www.istegroup.com\/produit\/cycles-sismiques\/#primaryimage\"},\"image\":{\"@id\":\"https:\/\/www.istegroup.com\/produit\/cycles-sismiques\/#primaryimage\"},\"thumbnailUrl\":\"https:\/\/www.istegroup.com\/wp-content\/uploads\/2023\/07\/Rolandone_couv_300x450-1.jpg\",\"datePublished\":\"2023-07-11T10:20:26+00:00\",\"dateModified\":\"2025-03-07T10:27:23+00:00\",\"description\":\"Cet ouvrage analyse le cycle sismique \u00e0 diff\u00e9rentes \u00e9chelles de temps : le s\u00e9isme, les phases post-sismique et inter-sismique, et enfin la d\u00e9formation cumul\u00e9e due \u00e0 plusieurs cycles sismiques.\",\"breadcrumb\":{\"@id\":\"https:\/\/www.istegroup.com\/produit\/cycles-sismiques\/#breadcrumb\"},\"inLanguage\":\"en-US\",\"potentialAction\":[{\"@type\":\"ReadAction\",\"target\":[\"https:\/\/www.istegroup.com\/produit\/cycles-sismiques\/\"]}]},{\"@type\":\"ImageObject\",\"inLanguage\":\"en-US\",\"@id\":\"https:\/\/www.istegroup.com\/produit\/cycles-sismiques\/#primaryimage\",\"url\":\"https:\/\/www.istegroup.com\/wp-content\/uploads\/2023\/07\/Rolandone_couv_300x450-1.jpg\",\"contentUrl\":\"https:\/\/www.istegroup.com\/wp-content\/uploads\/2023\/07\/Rolandone_couv_300x450-1.jpg\",\"width\":300,\"height\":450},{\"@type\":\"BreadcrumbList\",\"@id\":\"https:\/\/www.istegroup.com\/produit\/cycles-sismiques\/#breadcrumb\",\"itemListElement\":[{\"@type\":\"ListItem\",\"position\":1,\"name\":\"Home\",\"item\":\"https:\/\/www.istegroup.com\/\"},{\"@type\":\"ListItem\",\"position\":2,\"name\":\"Shop\",\"item\":\"https:\/\/www.istegroup.com\/fr\/nouveautes\/\"},{\"@type\":\"ListItem\",\"position\":3,\"name\":\"Le cycle sismique\"}]},{\"@type\":\"WebSite\",\"@id\":\"https:\/\/www.istegroup.com\/#website\",\"url\":\"https:\/\/www.istegroup.com\/\",\"name\":\"ISTE Group\",\"description\":\"Publishing Knowledge\",\"potentialAction\":[{\"@type\":\"SearchAction\",\"target\":{\"@type\":\"EntryPoint\",\"urlTemplate\":\"https:\/\/www.istegroup.com\/?s={search_term_string}\"},\"query-input\":{\"@type\":\"PropertyValueSpecification\",\"valueRequired\":true,\"valueName\":\"search_term_string\"}}],\"inLanguage\":\"en-US\"}]}<\/script>\n<!-- \/ Yoast SEO plugin. -->","yoast_head_json":{"title":"Le cycle sismique - ISTE Group","description":"Cet ouvrage analyse le cycle sismique \u00e0 diff\u00e9rentes \u00e9chelles de temps : le s\u00e9isme, les phases post-sismique et inter-sismique, et enfin la d\u00e9formation cumul\u00e9e due \u00e0 plusieurs cycles sismiques.","robots":{"index":"index","follow":"follow","max-snippet":"max-snippet:-1","max-image-preview":"max-image-preview:large","max-video-preview":"max-video-preview:-1"},"canonical":"https:\/\/www.istegroup.com\/produit\/cycles-sismiques\/","og_locale":"en_US","og_type":"article","og_title":"Le cycle sismique - ISTE Group","og_description":"Cet ouvrage analyse le cycle sismique \u00e0 diff\u00e9rentes \u00e9chelles de temps : le s\u00e9isme, les phases post-sismique et inter-sismique, et enfin la d\u00e9formation cumul\u00e9e due \u00e0 plusieurs cycles sismiques.","og_url":"https:\/\/www.istegroup.com\/produit\/cycles-sismiques\/","og_site_name":"ISTE Group","article_modified_time":"2025-03-07T10:27:23+00:00","og_image":[{"width":300,"height":450,"url":"https:\/\/www.istegroup.com\/wp-content\/uploads\/2023\/07\/Rolandone_couv_300x450-1.jpg","type":"image\/jpeg"}],"twitter_card":"summary_large_image","twitter_misc":{"Est. reading time":"1 minute"},"schema":{"@context":"https:\/\/schema.org","@graph":[{"@type":"WebPage","@id":"https:\/\/www.istegroup.com\/produit\/cycles-sismiques\/","url":"https:\/\/www.istegroup.com\/produit\/cycles-sismiques\/","name":"Le cycle sismique - ISTE Group","isPartOf":{"@id":"https:\/\/www.istegroup.com\/#website"},"primaryImageOfPage":{"@id":"https:\/\/www.istegroup.com\/produit\/cycles-sismiques\/#primaryimage"},"image":{"@id":"https:\/\/www.istegroup.com\/produit\/cycles-sismiques\/#primaryimage"},"thumbnailUrl":"https:\/\/www.istegroup.com\/wp-content\/uploads\/2023\/07\/Rolandone_couv_300x450-1.jpg","datePublished":"2023-07-11T10:20:26+00:00","dateModified":"2025-03-07T10:27:23+00:00","description":"Cet ouvrage analyse le cycle sismique \u00e0 diff\u00e9rentes \u00e9chelles de temps : le s\u00e9isme, les phases post-sismique et inter-sismique, et enfin la d\u00e9formation cumul\u00e9e due \u00e0 plusieurs cycles sismiques.","breadcrumb":{"@id":"https:\/\/www.istegroup.com\/produit\/cycles-sismiques\/#breadcrumb"},"inLanguage":"en-US","potentialAction":[{"@type":"ReadAction","target":["https:\/\/www.istegroup.com\/produit\/cycles-sismiques\/"]}]},{"@type":"ImageObject","inLanguage":"en-US","@id":"https:\/\/www.istegroup.com\/produit\/cycles-sismiques\/#primaryimage","url":"https:\/\/www.istegroup.com\/wp-content\/uploads\/2023\/07\/Rolandone_couv_300x450-1.jpg","contentUrl":"https:\/\/www.istegroup.com\/wp-content\/uploads\/2023\/07\/Rolandone_couv_300x450-1.jpg","width":300,"height":450},{"@type":"BreadcrumbList","@id":"https:\/\/www.istegroup.com\/produit\/cycles-sismiques\/#breadcrumb","itemListElement":[{"@type":"ListItem","position":1,"name":"Home","item":"https:\/\/www.istegroup.com\/"},{"@type":"ListItem","position":2,"name":"Shop","item":"https:\/\/www.istegroup.com\/fr\/nouveautes\/"},{"@type":"ListItem","position":3,"name":"Le cycle sismique"}]},{"@type":"WebSite","@id":"https:\/\/www.istegroup.com\/#website","url":"https:\/\/www.istegroup.com\/","name":"ISTE Group","description":"Publishing Knowledge","potentialAction":[{"@type":"SearchAction","target":{"@type":"EntryPoint","urlTemplate":"https:\/\/www.istegroup.com\/?s={search_term_string}"},"query-input":{"@type":"PropertyValueSpecification","valueRequired":true,"valueName":"search_term_string"}}],"inLanguage":"en-US"}]}},"_links":{"self":[{"href":"https:\/\/www.istegroup.com\/en\/wp-json\/wp\/v2\/product\/23829","targetHints":{"allow":["GET"]}}],"collection":[{"href":"https:\/\/www.istegroup.com\/en\/wp-json\/wp\/v2\/product"}],"about":[{"href":"https:\/\/www.istegroup.com\/en\/wp-json\/wp\/v2\/types\/product"}],"wp:featuredmedia":[{"embeddable":true,"href":"https:\/\/www.istegroup.com\/en\/wp-json\/wp\/v2\/media\/52369"}],"wp:attachment":[{"href":"https:\/\/www.istegroup.com\/en\/wp-json\/wp\/v2\/media?parent=23829"}],"wp:term":[{"taxonomy":"product_brand","embeddable":true,"href":"https:\/\/www.istegroup.com\/en\/wp-json\/wp\/v2\/product_brand?post=23829"},{"taxonomy":"product_cat","embeddable":true,"href":"https:\/\/www.istegroup.com\/en\/wp-json\/wp\/v2\/product_cat?post=23829"},{"taxonomy":"product_tag","embeddable":true,"href":"https:\/\/www.istegroup.com\/en\/wp-json\/wp\/v2\/product_tag?post=23829"}],"curies":[{"name":"wp","href":"https:\/\/api.w.org\/{rel}","templated":true}]}}

<p>Les séismes sont parmi les manifestations les plus destructrices de la dynamique interne de la Terre. Cet ouvrage analyse le cycle sismique à différentes échelles de temps : le séisme (quelques secondes), les phases post-sismique (quelques années à dizaines d’années) et inter-sismique (quelques dizaines à centaines d’années), et enfin la déformation cumulée due à plusieurs cycles sismiques (quelques milliers à centaines de milliers d’années).</p>
<p>Le cycle sismique est ici étudié à travers des observations court terme sismologiques et géodésiques (GPS et InSAR) et des observations long terme tectoniques, géomorphologiques, morphotectoniques et paléosismologiques. Divers outils de modélisation sont présentés : les expériences analogiques, les approches expérimentales et la modélisation cinématique ou mécanique. Le cycle sismique est illustré dans différents contextes tectoniques, des failles décrochantes continentales aux zones de subduction. Enfin, les interactions entre le cycle sismique et le magmatisme dans les rifts ainsi que les interactions avec l’érosion dans les chaînes de montagnes sont également traitées.</p>

<p>Les séismes sont parmi les manifestations les plus destructrices de la dynamique interne de la Terre. Cet ouvrage analyse le cycle sismique à différentes échelles de temps : le séisme (quelques secondes), les phases post-sismique (quelques années à dizaines d’années) et inter-sismique (quelques dizaines à centaines d’années), et enfin la déformation cumulée due à plusieurs [&hellip;]</p>

<!-- This site is optimized with the Yoast SEO plugin v27.2 - https://yoast.com/product/yoast-seo-wordpress/ -->
<title>Le cycle sismique - ISTE Group</title>
<meta name="description" content="Cet ouvrage analyse le cycle sismique à différentes échelles de temps : le séisme, les phases post-sismique et inter-sismique, et enfin la déformation cumulée due à plusieurs cycles sismiques." />
<meta name="robots" content="index, follow, max-snippet:-1, max-image-preview:large, max-video-preview:-1" />
<link rel="canonical" href="https://www.istegroup.com/produit/cycles-sismiques/" />
<meta property="og:locale" content="en_US" />
<meta property="og:type" content="article" />
<meta property="og:title" content="Le cycle sismique - ISTE Group" />
<meta property="og:description" content="Cet ouvrage analyse le cycle sismique à différentes échelles de temps : le séisme, les phases post-sismique et inter-sismique, et enfin la déformation cumulée due à plusieurs cycles sismiques." />
<meta property="og:url" content="https://www.istegroup.com/produit/cycles-sismiques/" />
<meta property="og:site_name" content="ISTE Group" />
<meta property="article:modified_time" content="2025-03-07T10:27:23+00:00" />
<meta property="og:image" content="https://www.istegroup.com/wp-content/uploads/2023/07/Rolandone_couv_300x450-1.jpg" />
	<meta property="og:image:width" content="300" />
	<meta property="og:image:height" content="450" />
	<meta property="og:image:type" content="image/jpeg" />
<meta name="twitter:card" content="summary_large_image" />
<meta name="twitter:label1" content="Est. reading time" />
	<meta name="twitter:data1" content="1 minute" />
<script type="application/ld+json" class="yoast-schema-graph">{"@context":"https://schema.org","@graph":[{"@type":"WebPage","@id":"https://www.istegroup.com/produit/cycles-sismiques/","url":"https://www.istegroup.com/produit/cycles-sismiques/","name":"Le cycle sismique - ISTE Group","isPartOf":{"@id":"https://www.istegroup.com/#website"},"primaryImageOfPage":{"@id":"https://www.istegroup.com/produit/cycles-sismiques/#primaryimage"},"image":{"@id":"https://www.istegroup.com/produit/cycles-sismiques/#primaryimage"},"thumbnailUrl":"https://www.istegroup.com/wp-content/uploads/2023/07/Rolandone_couv_300x450-1.jpg","datePublished":"2023-07-11T10:20:26+00:00","dateModified":"2025-03-07T10:27:23+00:00","description":"Cet ouvrage analyse le cycle sismique à différentes échelles de temps : le séisme, les phases post-sismique et inter-sismique, et enfin la déformation cumulée due à plusieurs cycles sismiques.","breadcrumb":{"@id":"https://www.istegroup.com/produit/cycles-sismiques/#breadcrumb"},"inLanguage":"en-US","potentialAction":[{"@type":"ReadAction","target":["https://www.istegroup.com/produit/cycles-sismiques/"]}]},{"@type":"ImageObject","inLanguage":"en-US","@id":"https://www.istegroup.com/produit/cycles-sismiques/#primaryimage","url":"https://www.istegroup.com/wp-content/uploads/2023/07/Rolandone_couv_300x450-1.jpg","contentUrl":"https://www.istegroup.com/wp-content/uploads/2023/07/Rolandone_couv_300x450-1.jpg","width":300,"height":450},{"@type":"BreadcrumbList","@id":"https://www.istegroup.com/produit/cycles-sismiques/#breadcrumb","itemListElement":[{"@type":"ListItem","position":1,"name":"Home","item":"https://www.istegroup.com/"},{"@type":"ListItem","position":2,"name":"Shop","item":"https://www.istegroup.com/fr/nouveautes/"},{"@type":"ListItem","position":3,"name":"Le cycle sismique"}]},{"@type":"WebSite","@id":"https://www.istegroup.com/#website","url":"https://www.istegroup.com/","name":"ISTE Group","description":"Publishing Knowledge","potentialAction":[{"@type":"SearchAction","target":{"@type":"EntryPoint","urlTemplate":"https://www.istegroup.com/?s={search_term_string}"},"query-input":{"@type":"PropertyValueSpecification","valueRequired":true,"valueName":"search_term_string"}}],"inLanguage":"en-US"}]}</script>
<!-- / Yoast SEO plugin. -->

Cet ouvrage analyse le cycle sismique à différentes échelles de temps : le séisme, les phases post-sismique et inter-sismique, et enfin la déformation cumulée due à plusieurs cycles sismiques.
