{"id":20446,"date":"2019-06-08T14:01:45","date_gmt":"2019-06-08T13:01:45","guid":{"rendered":"https:\/\/www.istegroup.com\/?post_type=product&#038;p=20446"},"modified":"2024-01-03T13:43:10","modified_gmt":"2024-01-03T13:43:10","slug":"dans-quel-monde-voulons-nous-vivre-ensemble","status":"publish","type":"product","link":"https:\/\/www.istegroup.com\/en\/produit\/dans-quel-monde-voulons-nous-vivre-ensemble\/","title":{"rendered":"Dans quel monde voulons-nous vivre ensemble ?"},"content":{"rendered":"<p>De nouveaux mondes se dessinent, sur fond de mise \u00e0 l\u2019\u00e9preuve de la d\u00e9mocratie, de l\u2019Europe, et de l\u2019id\u00e9al m\u00eame de valeurs communes. De la Terre br\u00fbl\u00e9e \u00e0 la citoyennet\u00e9 r\u00eav\u00e9e, de l\u2019intelligence artificielle au g\u00e9nie g\u00e9n\u00e9tique, \u00e9mergent de nouvelles possibilit\u00e9s d\u2019\u00e9mancipation autant que d\u2019exploitation.<\/p>\n<p><em>Dans quel monde voulons-nous vivre ensemble ?<\/em> analyse la mani\u00e8re dont notre monde est con\u00e7u, donnant \u00e0 saisir tant ses injustices structurelles que ses lueurs et fulgurances. Il d\u00e9veloppe ainsi de nouvelles ressources pour penser le monde et le construire autrement. Il offre pour cela des r\u00e9ponses \u00e9clairantes et subversives aux grandes questions philosophiques, et construit les instruments conceptuels pour mener \u00e0 bien la qu\u00eate de l\u2019\u00e9thique digitale et g\u00e9n\u00e9tique \u2013 recherche de l\u2019Europe comme \u00ab faire-nous \u00bb et qu\u00eate romanesque de l\u2019humanit\u00e9 elle-m\u00eame.<\/p>\n<p>Appel lucide \u00e0 construire attentivement nos relations et notre monde, cet ouvrage nous entra\u00eene \u00e0 la r\u00e9sistance et nous ouvre \u00e0 d\u2019autres possibles.<\/p>\n","protected":false},"excerpt":{"rendered":"<p>De nouveaux mondes se dessinent, sur fond de mise \u00e0 l\u2019\u00e9preuve de la d\u00e9mocratie, de l\u2019Europe, et de l\u2019id\u00e9al m\u00eame de valeurs communes. De la Terre br\u00fbl\u00e9e \u00e0 la citoyennet\u00e9 r\u00eav\u00e9e, de l\u2019intelligence artificielle au g\u00e9nie g\u00e9n\u00e9tique, \u00e9mergent de nouvelles possibilit\u00e9s d\u2019\u00e9mancipation autant que d\u2019exploitation. Dans quel monde voulons-nous vivre ensemble ? analyse la mani\u00e8re [&hellip;]<\/p>\n","protected":false},"featured_media":20453,"template":"","meta":{"_acf_changed":false,"_links_to":"","_links_to_target":""},"product_brand":[],"product_cat":[3262],"product_tag":[],"class_list":{"0":"post-20446","1":"product","2":"type-product","3":"status-publish","4":"has-post-thumbnail","6":"product_cat-non-classe","8":"first","9":"instock","10":"shipping-taxable","11":"purchasable","12":"product-type-variable"},"acf":[],"yoast_head":"<!-- This site is optimized with the Yoast SEO plugin v27.2 - https:\/\/yoast.com\/product\/yoast-seo-wordpress\/ -->\n<title>Dans quel monde voulons-nous vivre ensemble ? - ISTE Group<\/title>\n<meta name=\"description\" content=\"Dans quel monde voulons-nous vivre ensemble ? analyse la mani\u00e8re dont notre monde est con\u00e7u, donnant \u00e0 saisir tant ses injustices structurelles que ses lueurs et fulgurances. Il d\u00e9veloppe ainsi de nouvelles ressources pour penser le monde et le construire autrement.\" \/>\n<meta name=\"robots\" content=\"index, follow, max-snippet:-1, max-image-preview:large, max-video-preview:-1\" \/>\n<link rel=\"canonical\" href=\"https:\/\/www.istegroup.com\/en\/produit\/dans-quel-monde-voulons-nous-vivre-ensemble\/\" \/>\n<meta property=\"og:locale\" content=\"en_US\" \/>\n<meta property=\"og:type\" content=\"article\" \/>\n<meta property=\"og:title\" content=\"Dans quel monde voulons-nous vivre ensemble ? - ISTE Group\" \/>\n<meta property=\"og:description\" content=\"Dans quel monde voulons-nous vivre ensemble ? analyse la mani\u00e8re dont notre monde est con\u00e7u, donnant \u00e0 saisir tant ses injustices structurelles que ses lueurs et fulgurances. Il d\u00e9veloppe ainsi de nouvelles ressources pour penser le monde et le construire autrement.\" \/>\n<meta property=\"og:url\" content=\"https:\/\/www.istegroup.com\/en\/produit\/dans-quel-monde-voulons-nous-vivre-ensemble\/\" \/>\n<meta property=\"og:site_name\" content=\"ISTE Group\" \/>\n<meta property=\"article:modified_time\" content=\"2024-01-03T13:43:10+00:00\" \/>\n<meta property=\"og:image\" content=\"https:\/\/www.istegroup.com\/wp-content\/uploads\/2019\/04\/Dratwa_Front.jpg\" \/>\n\t<meta property=\"og:image:width\" content=\"300\" \/>\n\t<meta property=\"og:image:height\" content=\"451\" \/>\n\t<meta property=\"og:image:type\" content=\"image\/jpeg\" \/>\n<meta name=\"twitter:card\" content=\"summary_large_image\" \/>\n<meta name=\"twitter:label1\" content=\"Est. reading time\" \/>\n\t<meta name=\"twitter:data1\" content=\"1 minute\" \/>\n<script type=\"application\/ld+json\" class=\"yoast-schema-graph\">{\"@context\":\"https:\/\/schema.org\",\"@graph\":[{\"@type\":\"WebPage\",\"@id\":\"https:\/\/www.istegroup.com\/en\/produit\/dans-quel-monde-voulons-nous-vivre-ensemble\/\",\"url\":\"https:\/\/www.istegroup.com\/en\/produit\/dans-quel-monde-voulons-nous-vivre-ensemble\/\",\"name\":\"Dans quel monde voulons-nous vivre ensemble ? - ISTE Group\",\"isPartOf\":{\"@id\":\"https:\/\/www.istegroup.com\/#website\"},\"primaryImageOfPage\":{\"@id\":\"https:\/\/www.istegroup.com\/en\/produit\/dans-quel-monde-voulons-nous-vivre-ensemble\/#primaryimage\"},\"image\":{\"@id\":\"https:\/\/www.istegroup.com\/en\/produit\/dans-quel-monde-voulons-nous-vivre-ensemble\/#primaryimage\"},\"thumbnailUrl\":\"https:\/\/www.istegroup.com\/wp-content\/uploads\/2019\/04\/Dratwa_Front.jpg\",\"datePublished\":\"2019-06-08T13:01:45+00:00\",\"dateModified\":\"2024-01-03T13:43:10+00:00\",\"description\":\"Dans quel monde voulons-nous vivre ensemble ? analyse la mani\u00e8re dont notre monde est con\u00e7u, donnant \u00e0 saisir tant ses injustices structurelles que ses lueurs et fulgurances. Il d\u00e9veloppe ainsi de nouvelles ressources pour penser le monde et le construire autrement.\",\"breadcrumb\":{\"@id\":\"https:\/\/www.istegroup.com\/en\/produit\/dans-quel-monde-voulons-nous-vivre-ensemble\/#breadcrumb\"},\"inLanguage\":\"en-US\",\"potentialAction\":[{\"@type\":\"ReadAction\",\"target\":[\"https:\/\/www.istegroup.com\/en\/produit\/dans-quel-monde-voulons-nous-vivre-ensemble\/\"]}]},{\"@type\":\"ImageObject\",\"inLanguage\":\"en-US\",\"@id\":\"https:\/\/www.istegroup.com\/en\/produit\/dans-quel-monde-voulons-nous-vivre-ensemble\/#primaryimage\",\"url\":\"https:\/\/www.istegroup.com\/wp-content\/uploads\/2019\/04\/Dratwa_Front.jpg\",\"contentUrl\":\"https:\/\/www.istegroup.com\/wp-content\/uploads\/2019\/04\/Dratwa_Front.jpg\",\"width\":300,\"height\":451,\"caption\":\"\u00c9thique et Europe\"},{\"@type\":\"BreadcrumbList\",\"@id\":\"https:\/\/www.istegroup.com\/en\/produit\/dans-quel-monde-voulons-nous-vivre-ensemble\/#breadcrumb\",\"itemListElement\":[{\"@type\":\"ListItem\",\"position\":1,\"name\":\"Home\",\"item\":\"https:\/\/www.istegroup.com\/\"},{\"@type\":\"ListItem\",\"position\":2,\"name\":\"Shop\",\"item\":\"https:\/\/www.istegroup.com\/fr\/nouveautes\/\"},{\"@type\":\"ListItem\",\"position\":3,\"name\":\"Dans quel monde voulons-nous vivre ensemble ?\"}]},{\"@type\":\"WebSite\",\"@id\":\"https:\/\/www.istegroup.com\/#website\",\"url\":\"https:\/\/www.istegroup.com\/\",\"name\":\"ISTE Group\",\"description\":\"Publishing Knowledge\",\"potentialAction\":[{\"@type\":\"SearchAction\",\"target\":{\"@type\":\"EntryPoint\",\"urlTemplate\":\"https:\/\/www.istegroup.com\/?s={search_term_string}\"},\"query-input\":{\"@type\":\"PropertyValueSpecification\",\"valueRequired\":true,\"valueName\":\"search_term_string\"}}],\"inLanguage\":\"en-US\"}]}<\/script>\n<!-- \/ Yoast SEO plugin. -->","yoast_head_json":{"title":"Dans quel monde voulons-nous vivre ensemble ? - ISTE Group","description":"Dans quel monde voulons-nous vivre ensemble ? analyse la mani\u00e8re dont notre monde est con\u00e7u, donnant \u00e0 saisir tant ses injustices structurelles que ses lueurs et fulgurances. Il d\u00e9veloppe ainsi de nouvelles ressources pour penser le monde et le construire autrement.","robots":{"index":"index","follow":"follow","max-snippet":"max-snippet:-1","max-image-preview":"max-image-preview:large","max-video-preview":"max-video-preview:-1"},"canonical":"https:\/\/www.istegroup.com\/en\/produit\/dans-quel-monde-voulons-nous-vivre-ensemble\/","og_locale":"en_US","og_type":"article","og_title":"Dans quel monde voulons-nous vivre ensemble ? - ISTE Group","og_description":"Dans quel monde voulons-nous vivre ensemble ? analyse la mani\u00e8re dont notre monde est con\u00e7u, donnant \u00e0 saisir tant ses injustices structurelles que ses lueurs et fulgurances. Il d\u00e9veloppe ainsi de nouvelles ressources pour penser le monde et le construire autrement.","og_url":"https:\/\/www.istegroup.com\/en\/produit\/dans-quel-monde-voulons-nous-vivre-ensemble\/","og_site_name":"ISTE Group","article_modified_time":"2024-01-03T13:43:10+00:00","og_image":[{"width":300,"height":451,"url":"https:\/\/www.istegroup.com\/wp-content\/uploads\/2019\/04\/Dratwa_Front.jpg","type":"image\/jpeg"}],"twitter_card":"summary_large_image","twitter_misc":{"Est. reading time":"1 minute"},"schema":{"@context":"https:\/\/schema.org","@graph":[{"@type":"WebPage","@id":"https:\/\/www.istegroup.com\/en\/produit\/dans-quel-monde-voulons-nous-vivre-ensemble\/","url":"https:\/\/www.istegroup.com\/en\/produit\/dans-quel-monde-voulons-nous-vivre-ensemble\/","name":"Dans quel monde voulons-nous vivre ensemble ? - ISTE Group","isPartOf":{"@id":"https:\/\/www.istegroup.com\/#website"},"primaryImageOfPage":{"@id":"https:\/\/www.istegroup.com\/en\/produit\/dans-quel-monde-voulons-nous-vivre-ensemble\/#primaryimage"},"image":{"@id":"https:\/\/www.istegroup.com\/en\/produit\/dans-quel-monde-voulons-nous-vivre-ensemble\/#primaryimage"},"thumbnailUrl":"https:\/\/www.istegroup.com\/wp-content\/uploads\/2019\/04\/Dratwa_Front.jpg","datePublished":"2019-06-08T13:01:45+00:00","dateModified":"2024-01-03T13:43:10+00:00","description":"Dans quel monde voulons-nous vivre ensemble ? analyse la mani\u00e8re dont notre monde est con\u00e7u, donnant \u00e0 saisir tant ses injustices structurelles que ses lueurs et fulgurances. Il d\u00e9veloppe ainsi de nouvelles ressources pour penser le monde et le construire autrement.","breadcrumb":{"@id":"https:\/\/www.istegroup.com\/en\/produit\/dans-quel-monde-voulons-nous-vivre-ensemble\/#breadcrumb"},"inLanguage":"en-US","potentialAction":[{"@type":"ReadAction","target":["https:\/\/www.istegroup.com\/en\/produit\/dans-quel-monde-voulons-nous-vivre-ensemble\/"]}]},{"@type":"ImageObject","inLanguage":"en-US","@id":"https:\/\/www.istegroup.com\/en\/produit\/dans-quel-monde-voulons-nous-vivre-ensemble\/#primaryimage","url":"https:\/\/www.istegroup.com\/wp-content\/uploads\/2019\/04\/Dratwa_Front.jpg","contentUrl":"https:\/\/www.istegroup.com\/wp-content\/uploads\/2019\/04\/Dratwa_Front.jpg","width":300,"height":451,"caption":"\u00c9thique et Europe"},{"@type":"BreadcrumbList","@id":"https:\/\/www.istegroup.com\/en\/produit\/dans-quel-monde-voulons-nous-vivre-ensemble\/#breadcrumb","itemListElement":[{"@type":"ListItem","position":1,"name":"Home","item":"https:\/\/www.istegroup.com\/"},{"@type":"ListItem","position":2,"name":"Shop","item":"https:\/\/www.istegroup.com\/fr\/nouveautes\/"},{"@type":"ListItem","position":3,"name":"Dans quel monde voulons-nous vivre ensemble ?"}]},{"@type":"WebSite","@id":"https:\/\/www.istegroup.com\/#website","url":"https:\/\/www.istegroup.com\/","name":"ISTE Group","description":"Publishing Knowledge","potentialAction":[{"@type":"SearchAction","target":{"@type":"EntryPoint","urlTemplate":"https:\/\/www.istegroup.com\/?s={search_term_string}"},"query-input":{"@type":"PropertyValueSpecification","valueRequired":true,"valueName":"search_term_string"}}],"inLanguage":"en-US"}]}},"_links":{"self":[{"href":"https:\/\/www.istegroup.com\/en\/wp-json\/wp\/v2\/product\/20446","targetHints":{"allow":["GET"]}}],"collection":[{"href":"https:\/\/www.istegroup.com\/en\/wp-json\/wp\/v2\/product"}],"about":[{"href":"https:\/\/www.istegroup.com\/en\/wp-json\/wp\/v2\/types\/product"}],"wp:featuredmedia":[{"embeddable":true,"href":"https:\/\/www.istegroup.com\/en\/wp-json\/wp\/v2\/media\/20453"}],"wp:attachment":[{"href":"https:\/\/www.istegroup.com\/en\/wp-json\/wp\/v2\/media?parent=20446"}],"wp:term":[{"taxonomy":"product_brand","embeddable":true,"href":"https:\/\/www.istegroup.com\/en\/wp-json\/wp\/v2\/product_brand?post=20446"},{"taxonomy":"product_cat","embeddable":true,"href":"https:\/\/www.istegroup.com\/en\/wp-json\/wp\/v2\/product_cat?post=20446"},{"taxonomy":"product_tag","embeddable":true,"href":"https:\/\/www.istegroup.com\/en\/wp-json\/wp\/v2\/product_tag?post=20446"}],"curies":[{"name":"wp","href":"https:\/\/api.w.org\/{rel}","templated":true}]}}

<p>De nouveaux mondes se dessinent, sur fond de mise à l’épreuve de la démocratie, de l’Europe, et de l’idéal même de valeurs communes. De la Terre brûlée à la citoyenneté rêvée, de l’intelligence artificielle au génie génétique, émergent de nouvelles possibilités d’émancipation autant que d’exploitation.</p>
<p><em>Dans quel monde voulons-nous vivre ensemble ?</em> analyse la manière dont notre monde est conçu, donnant à saisir tant ses injustices structurelles que ses lueurs et fulgurances. Il développe ainsi de nouvelles ressources pour penser le monde et le construire autrement. Il offre pour cela des réponses éclairantes et subversives aux grandes questions philosophiques, et construit les instruments conceptuels pour mener à bien la quête de l’éthique digitale et génétique – recherche de l’Europe comme « faire-nous » et quête romanesque de l’humanité elle-même.</p>
<p>Appel lucide à construire attentivement nos relations et notre monde, cet ouvrage nous entraîne à la résistance et nous ouvre à d’autres possibles.</p>

<p>De nouveaux mondes se dessinent, sur fond de mise à l’épreuve de la démocratie, de l’Europe, et de l’idéal même de valeurs communes. De la Terre brûlée à la citoyenneté rêvée, de l’intelligence artificielle au génie génétique, émergent de nouvelles possibilités d’émancipation autant que d’exploitation. Dans quel monde voulons-nous vivre ensemble ? analyse la manière [&hellip;]</p>

<!-- This site is optimized with the Yoast SEO plugin v27.2 - https://yoast.com/product/yoast-seo-wordpress/ -->
<title>Dans quel monde voulons-nous vivre ensemble ? - ISTE Group</title>
<meta name="description" content="Dans quel monde voulons-nous vivre ensemble ? analyse la manière dont notre monde est conçu, donnant à saisir tant ses injustices structurelles que ses lueurs et fulgurances. Il développe ainsi de nouvelles ressources pour penser le monde et le construire autrement." />
<meta name="robots" content="index, follow, max-snippet:-1, max-image-preview:large, max-video-preview:-1" />
<link rel="canonical" href="https://www.istegroup.com/en/produit/dans-quel-monde-voulons-nous-vivre-ensemble/" />
<meta property="og:locale" content="en_US" />
<meta property="og:type" content="article" />
<meta property="og:title" content="Dans quel monde voulons-nous vivre ensemble ? - ISTE Group" />
<meta property="og:description" content="Dans quel monde voulons-nous vivre ensemble ? analyse la manière dont notre monde est conçu, donnant à saisir tant ses injustices structurelles que ses lueurs et fulgurances. Il développe ainsi de nouvelles ressources pour penser le monde et le construire autrement." />
<meta property="og:url" content="https://www.istegroup.com/en/produit/dans-quel-monde-voulons-nous-vivre-ensemble/" />
<meta property="og:site_name" content="ISTE Group" />
<meta property="article:modified_time" content="2024-01-03T13:43:10+00:00" />
<meta property="og:image" content="https://www.istegroup.com/wp-content/uploads/2019/04/Dratwa_Front.jpg" />
	<meta property="og:image:width" content="300" />
	<meta property="og:image:height" content="451" />
	<meta property="og:image:type" content="image/jpeg" />
<meta name="twitter:card" content="summary_large_image" />
<meta name="twitter:label1" content="Est. reading time" />
	<meta name="twitter:data1" content="1 minute" />
<script type="application/ld+json" class="yoast-schema-graph">{"@context":"https://schema.org","@graph":[{"@type":"WebPage","@id":"https://www.istegroup.com/en/produit/dans-quel-monde-voulons-nous-vivre-ensemble/","url":"https://www.istegroup.com/en/produit/dans-quel-monde-voulons-nous-vivre-ensemble/","name":"Dans quel monde voulons-nous vivre ensemble ? - ISTE Group","isPartOf":{"@id":"https://www.istegroup.com/#website"},"primaryImageOfPage":{"@id":"https://www.istegroup.com/en/produit/dans-quel-monde-voulons-nous-vivre-ensemble/#primaryimage"},"image":{"@id":"https://www.istegroup.com/en/produit/dans-quel-monde-voulons-nous-vivre-ensemble/#primaryimage"},"thumbnailUrl":"https://www.istegroup.com/wp-content/uploads/2019/04/Dratwa_Front.jpg","datePublished":"2019-06-08T13:01:45+00:00","dateModified":"2024-01-03T13:43:10+00:00","description":"Dans quel monde voulons-nous vivre ensemble ? analyse la manière dont notre monde est conçu, donnant à saisir tant ses injustices structurelles que ses lueurs et fulgurances. Il développe ainsi de nouvelles ressources pour penser le monde et le construire autrement.","breadcrumb":{"@id":"https://www.istegroup.com/en/produit/dans-quel-monde-voulons-nous-vivre-ensemble/#breadcrumb"},"inLanguage":"en-US","potentialAction":[{"@type":"ReadAction","target":["https://www.istegroup.com/en/produit/dans-quel-monde-voulons-nous-vivre-ensemble/"]}]},{"@type":"ImageObject","inLanguage":"en-US","@id":"https://www.istegroup.com/en/produit/dans-quel-monde-voulons-nous-vivre-ensemble/#primaryimage","url":"https://www.istegroup.com/wp-content/uploads/2019/04/Dratwa_Front.jpg","contentUrl":"https://www.istegroup.com/wp-content/uploads/2019/04/Dratwa_Front.jpg","width":300,"height":451,"caption":"Éthique et Europe"},{"@type":"BreadcrumbList","@id":"https://www.istegroup.com/en/produit/dans-quel-monde-voulons-nous-vivre-ensemble/#breadcrumb","itemListElement":[{"@type":"ListItem","position":1,"name":"Home","item":"https://www.istegroup.com/"},{"@type":"ListItem","position":2,"name":"Shop","item":"https://www.istegroup.com/fr/nouveautes/"},{"@type":"ListItem","position":3,"name":"Dans quel monde voulons-nous vivre ensemble ?"}]},{"@type":"WebSite","@id":"https://www.istegroup.com/#website","url":"https://www.istegroup.com/","name":"ISTE Group","description":"Publishing Knowledge","potentialAction":[{"@type":"SearchAction","target":{"@type":"EntryPoint","urlTemplate":"https://www.istegroup.com/?s={search_term_string}"},"query-input":{"@type":"PropertyValueSpecification","valueRequired":true,"valueName":"search_term_string"}}],"inLanguage":"en-US"}]}</script>
<!-- / Yoast SEO plugin. -->

Dans quel monde voulons-nous vivre ensemble ? analyse la manière dont notre monde est conçu, donnant à saisir tant ses injustices structurelles que ses lueurs et fulgurances. Il développe ainsi de nouvelles ressources pour penser le monde et le construire autrement.

Éthique et Europe
