{"id":14658,"date":"2018-10-08T14:53:51","date_gmt":"2018-10-08T12:53:51","guid":{"rendered":"https:\/\/iste.yhello.co\/?post_type=product&#038;p=14658"},"modified":"2024-01-03T13:42:39","modified_gmt":"2024-01-03T13:42:39","slug":"la-mediation","status":"publish","type":"product","link":"https:\/\/www.istegroup.com\/en\/produit\/la-mediation\/","title":{"rendered":"La m\u00e9diation"},"content":{"rendered":"<p>La m\u00e9diation est une pratique tr\u00e8s ancienne qui rena\u00eet aujourd\u2019hui pour r\u00e9pondre aux besoins du monde contemporain. Elle est ainsi de plus en plus pr\u00e9sente dans les soci\u00e9t\u00e9s actuelles.<\/p>\n<p>Cet ouvrage pr\u00e9sente les fondements th\u00e9oriques de la m\u00e9diation ainsi que la fa\u00e7on dont les enseignants-chercheurs en sciences de l\u2019information et de la communication (SIC) s\u2019approprient ce concept pour le d\u00e9velopper et l\u2019utiliser dans leurs probl\u00e9matiques. Qu\u2019il s\u2019agisse de m\u00e9diation communicationnelle, informationnelle, culturelle, organisationnelle ou soci\u00e9tale, elle appartient \u00e0 un champ de recherche, pleinement investi par les SIC, qui voit en elle un processus de d\u00e9passement des conflits, de r\u00e9tablissement de la communication et de construction des liens sociaux.<\/p>\n<p><em>La m\u00e9diation<\/em>\u00a0inaugure cette s\u00e9rie par sa contribution \u00e0 un \u00e9tat de l\u2019art th\u00e9orique des concepts utilis\u00e9s par la communaut\u00e9 des SIC. Il s\u2019adresse aussi bien aux enseignants-chercheurs qu\u2019aux \u00e9tudiants, ou encore aux professionnels de l\u2019information, d\u00e9sireux de r\u00e9fl\u00e9chir \u00e0 leur pratique quotidienne.<\/p>\n","protected":false},"excerpt":{"rendered":"<p>La m\u00e9diation est une pratique tr\u00e8s ancienne qui rena\u00eet aujourd\u2019hui pour r\u00e9pondre aux besoins du monde contemporain. Elle est ainsi de plus en plus pr\u00e9sente dans les soci\u00e9t\u00e9s actuelles. Cet ouvrage pr\u00e9sente les fondements th\u00e9oriques de la m\u00e9diation ainsi que la fa\u00e7on dont les enseignants-chercheurs en sciences de l\u2019information et de la communication (SIC) s\u2019approprient [&hellip;]<\/p>\n","protected":false},"featured_media":20430,"template":"","meta":{"_acf_changed":false,"_links_to":"","_links_to_target":""},"product_brand":[],"product_cat":[3262],"product_tag":[],"class_list":{"0":"post-14658","1":"product","2":"type-product","3":"status-publish","4":"has-post-thumbnail","6":"product_cat-non-classe","8":"first","9":"instock","10":"shipping-taxable","11":"purchasable","12":"product-type-variable"},"acf":[],"yoast_head":"<!-- This site is optimized with the Yoast SEO plugin v27.2 - https:\/\/yoast.com\/product\/yoast-seo-wordpress\/ -->\n<title>La m\u00e9diation - ISTE Group<\/title>\n<meta name=\"description\" content=\"Cet ouvrage pr\u00e9sente les fondements th\u00e9oriques de la m\u00e9diation ainsi que la fa\u00e7on dont les enseignants-chercheurs en sciences de l\u2019information et de la communication (SIC) s\u2019approprient ce concept pour le d\u00e9velopper et l\u2019utiliser dans leurs probl\u00e9matiques.\" \/>\n<meta name=\"robots\" content=\"index, follow, max-snippet:-1, max-image-preview:large, max-video-preview:-1\" \/>\n<link rel=\"canonical\" href=\"https:\/\/www.istegroup.com\/en\/produit\/la-mediation\/\" \/>\n<meta property=\"og:locale\" content=\"en_US\" \/>\n<meta property=\"og:type\" content=\"article\" \/>\n<meta property=\"og:title\" content=\"La m\u00e9diation - ISTE Group\" \/>\n<meta property=\"og:description\" content=\"Cet ouvrage pr\u00e9sente les fondements th\u00e9oriques de la m\u00e9diation ainsi que la fa\u00e7on dont les enseignants-chercheurs en sciences de l\u2019information et de la communication (SIC) s\u2019approprient ce concept pour le d\u00e9velopper et l\u2019utiliser dans leurs probl\u00e9matiques.\" \/>\n<meta property=\"og:url\" content=\"https:\/\/www.istegroup.com\/en\/produit\/la-mediation\/\" \/>\n<meta property=\"og:site_name\" content=\"ISTE Group\" \/>\n<meta property=\"article:modified_time\" content=\"2024-01-03T13:42:39+00:00\" \/>\n<meta property=\"og:image\" content=\"https:\/\/www.istegroup.com\/wp-content\/uploads\/2019\/04\/Deschamps_Front.jpg\" \/>\n\t<meta property=\"og:image:width\" content=\"300\" \/>\n\t<meta property=\"og:image:height\" content=\"452\" \/>\n\t<meta property=\"og:image:type\" content=\"image\/jpeg\" \/>\n<meta name=\"twitter:card\" content=\"summary_large_image\" \/>\n<meta name=\"twitter:label1\" content=\"Est. reading time\" \/>\n\t<meta name=\"twitter:data1\" content=\"1 minute\" \/>\n<script type=\"application\/ld+json\" class=\"yoast-schema-graph\">{\"@context\":\"https:\/\/schema.org\",\"@graph\":[{\"@type\":\"WebPage\",\"@id\":\"https:\/\/www.istegroup.com\/en\/produit\/la-mediation\/\",\"url\":\"https:\/\/www.istegroup.com\/en\/produit\/la-mediation\/\",\"name\":\"La m\u00e9diation - ISTE Group\",\"isPartOf\":{\"@id\":\"https:\/\/www.istegroup.com\/#website\"},\"primaryImageOfPage\":{\"@id\":\"https:\/\/www.istegroup.com\/en\/produit\/la-mediation\/#primaryimage\"},\"image\":{\"@id\":\"https:\/\/www.istegroup.com\/en\/produit\/la-mediation\/#primaryimage\"},\"thumbnailUrl\":\"https:\/\/www.istegroup.com\/wp-content\/uploads\/2019\/04\/Deschamps_Front.jpg\",\"datePublished\":\"2018-10-08T12:53:51+00:00\",\"dateModified\":\"2024-01-03T13:42:39+00:00\",\"description\":\"Cet ouvrage pr\u00e9sente les fondements th\u00e9oriques de la m\u00e9diation ainsi que la fa\u00e7on dont les enseignants-chercheurs en sciences de l\u2019information et de la communication (SIC) s\u2019approprient ce concept pour le d\u00e9velopper et l\u2019utiliser dans leurs probl\u00e9matiques.\",\"breadcrumb\":{\"@id\":\"https:\/\/www.istegroup.com\/en\/produit\/la-mediation\/#breadcrumb\"},\"inLanguage\":\"en-US\",\"potentialAction\":[{\"@type\":\"ReadAction\",\"target\":[\"https:\/\/www.istegroup.com\/en\/produit\/la-mediation\/\"]}]},{\"@type\":\"ImageObject\",\"inLanguage\":\"en-US\",\"@id\":\"https:\/\/www.istegroup.com\/en\/produit\/la-mediation\/#primaryimage\",\"url\":\"https:\/\/www.istegroup.com\/wp-content\/uploads\/2019\/04\/Deschamps_Front.jpg\",\"contentUrl\":\"https:\/\/www.istegroup.com\/wp-content\/uploads\/2019\/04\/Deschamps_Front.jpg\",\"width\":300,\"height\":452,\"caption\":\"Un concept pour les sciences de l\u2019information et de la communication\"},{\"@type\":\"BreadcrumbList\",\"@id\":\"https:\/\/www.istegroup.com\/en\/produit\/la-mediation\/#breadcrumb\",\"itemListElement\":[{\"@type\":\"ListItem\",\"position\":1,\"name\":\"Home\",\"item\":\"https:\/\/www.istegroup.com\/\"},{\"@type\":\"ListItem\",\"position\":2,\"name\":\"Shop\",\"item\":\"https:\/\/www.istegroup.com\/fr\/nouveautes\/\"},{\"@type\":\"ListItem\",\"position\":3,\"name\":\"La m\u00e9diation\"}]},{\"@type\":\"WebSite\",\"@id\":\"https:\/\/www.istegroup.com\/#website\",\"url\":\"https:\/\/www.istegroup.com\/\",\"name\":\"ISTE Group\",\"description\":\"Publishing Knowledge\",\"potentialAction\":[{\"@type\":\"SearchAction\",\"target\":{\"@type\":\"EntryPoint\",\"urlTemplate\":\"https:\/\/www.istegroup.com\/?s={search_term_string}\"},\"query-input\":{\"@type\":\"PropertyValueSpecification\",\"valueRequired\":true,\"valueName\":\"search_term_string\"}}],\"inLanguage\":\"en-US\"}]}<\/script>\n<!-- \/ Yoast SEO plugin. -->","yoast_head_json":{"title":"La m\u00e9diation - ISTE Group","description":"Cet ouvrage pr\u00e9sente les fondements th\u00e9oriques de la m\u00e9diation ainsi que la fa\u00e7on dont les enseignants-chercheurs en sciences de l\u2019information et de la communication (SIC) s\u2019approprient ce concept pour le d\u00e9velopper et l\u2019utiliser dans leurs probl\u00e9matiques.","robots":{"index":"index","follow":"follow","max-snippet":"max-snippet:-1","max-image-preview":"max-image-preview:large","max-video-preview":"max-video-preview:-1"},"canonical":"https:\/\/www.istegroup.com\/en\/produit\/la-mediation\/","og_locale":"en_US","og_type":"article","og_title":"La m\u00e9diation - ISTE Group","og_description":"Cet ouvrage pr\u00e9sente les fondements th\u00e9oriques de la m\u00e9diation ainsi que la fa\u00e7on dont les enseignants-chercheurs en sciences de l\u2019information et de la communication (SIC) s\u2019approprient ce concept pour le d\u00e9velopper et l\u2019utiliser dans leurs probl\u00e9matiques.","og_url":"https:\/\/www.istegroup.com\/en\/produit\/la-mediation\/","og_site_name":"ISTE Group","article_modified_time":"2024-01-03T13:42:39+00:00","og_image":[{"width":300,"height":452,"url":"https:\/\/www.istegroup.com\/wp-content\/uploads\/2019\/04\/Deschamps_Front.jpg","type":"image\/jpeg"}],"twitter_card":"summary_large_image","twitter_misc":{"Est. reading time":"1 minute"},"schema":{"@context":"https:\/\/schema.org","@graph":[{"@type":"WebPage","@id":"https:\/\/www.istegroup.com\/en\/produit\/la-mediation\/","url":"https:\/\/www.istegroup.com\/en\/produit\/la-mediation\/","name":"La m\u00e9diation - ISTE Group","isPartOf":{"@id":"https:\/\/www.istegroup.com\/#website"},"primaryImageOfPage":{"@id":"https:\/\/www.istegroup.com\/en\/produit\/la-mediation\/#primaryimage"},"image":{"@id":"https:\/\/www.istegroup.com\/en\/produit\/la-mediation\/#primaryimage"},"thumbnailUrl":"https:\/\/www.istegroup.com\/wp-content\/uploads\/2019\/04\/Deschamps_Front.jpg","datePublished":"2018-10-08T12:53:51+00:00","dateModified":"2024-01-03T13:42:39+00:00","description":"Cet ouvrage pr\u00e9sente les fondements th\u00e9oriques de la m\u00e9diation ainsi que la fa\u00e7on dont les enseignants-chercheurs en sciences de l\u2019information et de la communication (SIC) s\u2019approprient ce concept pour le d\u00e9velopper et l\u2019utiliser dans leurs probl\u00e9matiques.","breadcrumb":{"@id":"https:\/\/www.istegroup.com\/en\/produit\/la-mediation\/#breadcrumb"},"inLanguage":"en-US","potentialAction":[{"@type":"ReadAction","target":["https:\/\/www.istegroup.com\/en\/produit\/la-mediation\/"]}]},{"@type":"ImageObject","inLanguage":"en-US","@id":"https:\/\/www.istegroup.com\/en\/produit\/la-mediation\/#primaryimage","url":"https:\/\/www.istegroup.com\/wp-content\/uploads\/2019\/04\/Deschamps_Front.jpg","contentUrl":"https:\/\/www.istegroup.com\/wp-content\/uploads\/2019\/04\/Deschamps_Front.jpg","width":300,"height":452,"caption":"Un concept pour les sciences de l\u2019information et de la communication"},{"@type":"BreadcrumbList","@id":"https:\/\/www.istegroup.com\/en\/produit\/la-mediation\/#breadcrumb","itemListElement":[{"@type":"ListItem","position":1,"name":"Home","item":"https:\/\/www.istegroup.com\/"},{"@type":"ListItem","position":2,"name":"Shop","item":"https:\/\/www.istegroup.com\/fr\/nouveautes\/"},{"@type":"ListItem","position":3,"name":"La m\u00e9diation"}]},{"@type":"WebSite","@id":"https:\/\/www.istegroup.com\/#website","url":"https:\/\/www.istegroup.com\/","name":"ISTE Group","description":"Publishing Knowledge","potentialAction":[{"@type":"SearchAction","target":{"@type":"EntryPoint","urlTemplate":"https:\/\/www.istegroup.com\/?s={search_term_string}"},"query-input":{"@type":"PropertyValueSpecification","valueRequired":true,"valueName":"search_term_string"}}],"inLanguage":"en-US"}]}},"_links":{"self":[{"href":"https:\/\/www.istegroup.com\/en\/wp-json\/wp\/v2\/product\/14658","targetHints":{"allow":["GET"]}}],"collection":[{"href":"https:\/\/www.istegroup.com\/en\/wp-json\/wp\/v2\/product"}],"about":[{"href":"https:\/\/www.istegroup.com\/en\/wp-json\/wp\/v2\/types\/product"}],"wp:featuredmedia":[{"embeddable":true,"href":"https:\/\/www.istegroup.com\/en\/wp-json\/wp\/v2\/media\/20430"}],"wp:attachment":[{"href":"https:\/\/www.istegroup.com\/en\/wp-json\/wp\/v2\/media?parent=14658"}],"wp:term":[{"taxonomy":"product_brand","embeddable":true,"href":"https:\/\/www.istegroup.com\/en\/wp-json\/wp\/v2\/product_brand?post=14658"},{"taxonomy":"product_cat","embeddable":true,"href":"https:\/\/www.istegroup.com\/en\/wp-json\/wp\/v2\/product_cat?post=14658"},{"taxonomy":"product_tag","embeddable":true,"href":"https:\/\/www.istegroup.com\/en\/wp-json\/wp\/v2\/product_tag?post=14658"}],"curies":[{"name":"wp","href":"https:\/\/api.w.org\/{rel}","templated":true}]}}

La médiation

<p>La médiation est une pratique très ancienne qui renaît aujourd’hui pour répondre aux besoins du monde contemporain. Elle est ainsi de plus en plus présente dans les sociétés actuelles.</p>
<p>Cet ouvrage présente les fondements théoriques de la médiation ainsi que la façon dont les enseignants-chercheurs en sciences de l’information et de la communication (SIC) s’approprient ce concept pour le développer et l’utiliser dans leurs problématiques. Qu’il s’agisse de médiation communicationnelle, informationnelle, culturelle, organisationnelle ou sociétale, elle appartient à un champ de recherche, pleinement investi par les SIC, qui voit en elle un processus de dépassement des conflits, de rétablissement de la communication et de construction des liens sociaux.</p>
<p><em>La médiation</em> inaugure cette série par sa contribution à un état de l’art théorique des concepts utilisés par la communauté des SIC. Il s’adresse aussi bien aux enseignants-chercheurs qu’aux étudiants, ou encore aux professionnels de l’information, désireux de réfléchir à leur pratique quotidienne.</p>

<p>La médiation est une pratique très ancienne qui renaît aujourd’hui pour répondre aux besoins du monde contemporain. Elle est ainsi de plus en plus présente dans les sociétés actuelles. Cet ouvrage présente les fondements théoriques de la médiation ainsi que la façon dont les enseignants-chercheurs en sciences de l’information et de la communication (SIC) s’approprient [&hellip;]</p>

<!-- This site is optimized with the Yoast SEO plugin v27.2 - https://yoast.com/product/yoast-seo-wordpress/ -->
<title>La médiation - ISTE Group</title>
<meta name="description" content="Cet ouvrage présente les fondements théoriques de la médiation ainsi que la façon dont les enseignants-chercheurs en sciences de l’information et de la communication (SIC) s’approprient ce concept pour le développer et l’utiliser dans leurs problématiques." />
<meta name="robots" content="index, follow, max-snippet:-1, max-image-preview:large, max-video-preview:-1" />
<link rel="canonical" href="https://www.istegroup.com/en/produit/la-mediation/" />
<meta property="og:locale" content="en_US" />
<meta property="og:type" content="article" />
<meta property="og:title" content="La médiation - ISTE Group" />
<meta property="og:description" content="Cet ouvrage présente les fondements théoriques de la médiation ainsi que la façon dont les enseignants-chercheurs en sciences de l’information et de la communication (SIC) s’approprient ce concept pour le développer et l’utiliser dans leurs problématiques." />
<meta property="og:url" content="https://www.istegroup.com/en/produit/la-mediation/" />
<meta property="og:site_name" content="ISTE Group" />
<meta property="article:modified_time" content="2024-01-03T13:42:39+00:00" />
<meta property="og:image" content="https://www.istegroup.com/wp-content/uploads/2019/04/Deschamps_Front.jpg" />
	<meta property="og:image:width" content="300" />
	<meta property="og:image:height" content="452" />
	<meta property="og:image:type" content="image/jpeg" />
<meta name="twitter:card" content="summary_large_image" />
<meta name="twitter:label1" content="Est. reading time" />
	<meta name="twitter:data1" content="1 minute" />
<script type="application/ld+json" class="yoast-schema-graph">{"@context":"https://schema.org","@graph":[{"@type":"WebPage","@id":"https://www.istegroup.com/en/produit/la-mediation/","url":"https://www.istegroup.com/en/produit/la-mediation/","name":"La médiation - ISTE Group","isPartOf":{"@id":"https://www.istegroup.com/#website"},"primaryImageOfPage":{"@id":"https://www.istegroup.com/en/produit/la-mediation/#primaryimage"},"image":{"@id":"https://www.istegroup.com/en/produit/la-mediation/#primaryimage"},"thumbnailUrl":"https://www.istegroup.com/wp-content/uploads/2019/04/Deschamps_Front.jpg","datePublished":"2018-10-08T12:53:51+00:00","dateModified":"2024-01-03T13:42:39+00:00","description":"Cet ouvrage présente les fondements théoriques de la médiation ainsi que la façon dont les enseignants-chercheurs en sciences de l’information et de la communication (SIC) s’approprient ce concept pour le développer et l’utiliser dans leurs problématiques.","breadcrumb":{"@id":"https://www.istegroup.com/en/produit/la-mediation/#breadcrumb"},"inLanguage":"en-US","potentialAction":[{"@type":"ReadAction","target":["https://www.istegroup.com/en/produit/la-mediation/"]}]},{"@type":"ImageObject","inLanguage":"en-US","@id":"https://www.istegroup.com/en/produit/la-mediation/#primaryimage","url":"https://www.istegroup.com/wp-content/uploads/2019/04/Deschamps_Front.jpg","contentUrl":"https://www.istegroup.com/wp-content/uploads/2019/04/Deschamps_Front.jpg","width":300,"height":452,"caption":"Un concept pour les sciences de l’information et de la communication"},{"@type":"BreadcrumbList","@id":"https://www.istegroup.com/en/produit/la-mediation/#breadcrumb","itemListElement":[{"@type":"ListItem","position":1,"name":"Home","item":"https://www.istegroup.com/"},{"@type":"ListItem","position":2,"name":"Shop","item":"https://www.istegroup.com/fr/nouveautes/"},{"@type":"ListItem","position":3,"name":"La médiation"}]},{"@type":"WebSite","@id":"https://www.istegroup.com/#website","url":"https://www.istegroup.com/","name":"ISTE Group","description":"Publishing Knowledge","potentialAction":[{"@type":"SearchAction","target":{"@type":"EntryPoint","urlTemplate":"https://www.istegroup.com/?s={search_term_string}"},"query-input":{"@type":"PropertyValueSpecification","valueRequired":true,"valueName":"search_term_string"}}],"inLanguage":"en-US"}]}</script>
<!-- / Yoast SEO plugin. -->

La médiation - ISTE Group

Cet ouvrage présente les fondements théoriques de la médiation ainsi que la façon dont les enseignants-chercheurs en sciences de l’information et de la communication (SIC) s’approprient ce concept pour le développer et l’utiliser dans leurs problématiques.
