{"id":13765,"date":"2018-07-09T16:17:22","date_gmt":"2018-07-09T14:17:22","guid":{"rendered":"https:\/\/iste.yhello.co\/?post_type=product&#038;p=13765"},"modified":"2024-01-03T13:42:29","modified_gmt":"2024-01-03T13:42:29","slug":"mecanique-discrete","status":"publish","type":"product","link":"https:\/\/www.istegroup.com\/en\/produit\/mecanique-discrete\/","title":{"rendered":"M\u00e9canique discr\u00e8te"},"content":{"rendered":"<p>La vision discr\u00e8te de la m\u00e9canique est bas\u00e9e sur les id\u00e9es fondatrices de Galil\u00e9e, le principe de relativit\u00e9 et celui d\u2019\u00e9quivalence \u2013 qui postule l\u2019\u00e9galit\u00e9 entre la masse li\u00e9e \u00e0 la gravit\u00e9 et la masse inertielle. \u00c0 ces principes s\u2019ajoutent la d\u00e9composition de Hodge-Helmholtz, le principe d\u2019accumulation des contraintes et l\u2019hypoth\u00e8se de dualit\u00e9 des effets physiques.<\/p>\n<p>Ces principes permettent d\u2019\u00e9tablir l\u2019\u00e9quation du mouvement bas\u00e9e sur la conservation de l\u2019acc\u00e9l\u00e9ration consid\u00e9r\u00e9e comme une quantit\u00e9 absolue, somme d\u2019un gradient d\u2019un potentiel scalaire et d\u2019un rotationnel d\u2019un potentiel vectoriel ; ces potentiels repr\u00e9sentant les contraintes de compression et de rotation sont mis \u00e0 jour dans cet ouvrage \u00e0 partir des op\u00e9rateurs discrets.<\/p>\n<p><em>M\u00e9canique discr\u00e8te<\/em>\u00a0montre que cette \u00e9quation du mouvement discr\u00e8te est repr\u00e9sentative des \u00e9coulements compressibles ou incompressibles de fluides visqueux ou parfaits, de l\u2019\u00e9tat de contrainte dans un milieu solide ou visco\u00e9lastique et de la propagation des ondes non lin\u00e9aires.<\/p>\n","protected":false},"excerpt":{"rendered":"<p>La vision discr\u00e8te de la m\u00e9canique est bas\u00e9e sur les id\u00e9es fondatrices de Galil\u00e9e, le principe de relativit\u00e9 et celui d\u2019\u00e9quivalence \u2013 qui postule l\u2019\u00e9galit\u00e9 entre la masse li\u00e9e \u00e0 la gravit\u00e9 et la masse inertielle. \u00c0 ces principes s\u2019ajoutent la d\u00e9composition de Hodge-Helmholtz, le principe d\u2019accumulation des contraintes et l\u2019hypoth\u00e8se de dualit\u00e9 des effets [&hellip;]<\/p>\n","protected":false},"featured_media":13769,"template":"","meta":{"_acf_changed":false,"_links_to":"","_links_to_target":""},"product_brand":[],"product_cat":[3262],"product_tag":[],"class_list":{"0":"post-13765","1":"product","2":"type-product","3":"status-publish","4":"has-post-thumbnail","6":"product_cat-non-classe","8":"first","9":"instock","10":"shipping-taxable","11":"purchasable","12":"product-type-variable"},"acf":[],"yoast_head":"<!-- This site is optimized with the Yoast SEO plugin v27.2 - https:\/\/yoast.com\/product\/yoast-seo-wordpress\/ -->\n<title>M\u00e9canique discr\u00e8te - ISTE Group<\/title>\n<meta name=\"description\" content=\"La vision discr\u00e8te de la m\u00e9canique est bas\u00e9e sur les id\u00e9es fondatrices de Galil\u00e9e, le principe de relativit\u00e9 et celui d\u2019\u00e9quivalence \u2013 qui postule l\u2019\u00e9galit\u00e9 entre la masse li\u00e9e \u00e0 la gravit\u00e9 et la masse inertielle.\" \/>\n<meta name=\"robots\" content=\"index, follow, max-snippet:-1, max-image-preview:large, max-video-preview:-1\" \/>\n<link rel=\"canonical\" href=\"https:\/\/www.istegroup.com\/fr\/produit\/mecanique-discrete\/\" \/>\n<meta property=\"og:locale\" content=\"en_US\" \/>\n<meta property=\"og:type\" content=\"article\" \/>\n<meta property=\"og:title\" content=\"M\u00e9canique discr\u00e8te - ISTE Group\" \/>\n<meta property=\"og:description\" content=\"La vision discr\u00e8te de la m\u00e9canique est bas\u00e9e sur les id\u00e9es fondatrices de Galil\u00e9e, le principe de relativit\u00e9 et celui d\u2019\u00e9quivalence \u2013 qui postule l\u2019\u00e9galit\u00e9 entre la masse li\u00e9e \u00e0 la gravit\u00e9 et la masse inertielle.\" \/>\n<meta property=\"og:url\" content=\"https:\/\/www.istegroup.com\/fr\/produit\/mecanique-discrete\/\" \/>\n<meta property=\"og:site_name\" content=\"ISTE Group\" \/>\n<meta property=\"article:modified_time\" content=\"2024-01-03T13:42:29+00:00\" \/>\n<meta property=\"og:image\" content=\"https:\/\/www.istegroup.com\/wp-content\/uploads\/2018\/07\/Caltagirone_Front-scaled.jpg\" \/>\n\t<meta property=\"og:image:width\" content=\"1707\" \/>\n\t<meta property=\"og:image:height\" content=\"2560\" \/>\n\t<meta property=\"og:image:type\" content=\"image\/jpeg\" \/>\n<meta name=\"twitter:card\" content=\"summary_large_image\" \/>\n<meta name=\"twitter:label1\" content=\"Est. reading time\" \/>\n\t<meta name=\"twitter:data1\" content=\"1 minute\" \/>\n<script type=\"application\/ld+json\" class=\"yoast-schema-graph\">{\"@context\":\"https:\/\/schema.org\",\"@graph\":[{\"@type\":\"WebPage\",\"@id\":\"https:\/\/www.istegroup.com\/fr\/produit\/mecanique-discrete\/\",\"url\":\"https:\/\/www.istegroup.com\/fr\/produit\/mecanique-discrete\/\",\"name\":\"M\u00e9canique discr\u00e8te - ISTE Group\",\"isPartOf\":{\"@id\":\"https:\/\/www.istegroup.com\/#website\"},\"primaryImageOfPage\":{\"@id\":\"https:\/\/www.istegroup.com\/fr\/produit\/mecanique-discrete\/#primaryimage\"},\"image\":{\"@id\":\"https:\/\/www.istegroup.com\/fr\/produit\/mecanique-discrete\/#primaryimage\"},\"thumbnailUrl\":\"https:\/\/www.istegroup.com\/wp-content\/uploads\/2018\/07\/Caltagirone_Front-scaled.jpg\",\"datePublished\":\"2018-07-09T14:17:22+00:00\",\"dateModified\":\"2024-01-03T13:42:29+00:00\",\"description\":\"La vision discr\u00e8te de la m\u00e9canique est bas\u00e9e sur les id\u00e9es fondatrices de Galil\u00e9e, le principe de relativit\u00e9 et celui d\u2019\u00e9quivalence \u2013 qui postule l\u2019\u00e9galit\u00e9 entre la masse li\u00e9e \u00e0 la gravit\u00e9 et la masse inertielle.\",\"breadcrumb\":{\"@id\":\"https:\/\/www.istegroup.com\/fr\/produit\/mecanique-discrete\/#breadcrumb\"},\"inLanguage\":\"en-US\",\"potentialAction\":[{\"@type\":\"ReadAction\",\"target\":[\"https:\/\/www.istegroup.com\/fr\/produit\/mecanique-discrete\/\"]}]},{\"@type\":\"ImageObject\",\"inLanguage\":\"en-US\",\"@id\":\"https:\/\/www.istegroup.com\/fr\/produit\/mecanique-discrete\/#primaryimage\",\"url\":\"https:\/\/www.istegroup.com\/wp-content\/uploads\/2018\/07\/Caltagirone_Front-scaled.jpg\",\"contentUrl\":\"https:\/\/www.istegroup.com\/wp-content\/uploads\/2018\/07\/Caltagirone_Front-scaled.jpg\",\"width\":1707,\"height\":2560,\"caption\":\"M\u00e9canique discr\u00e8te ISTE Group\"},{\"@type\":\"BreadcrumbList\",\"@id\":\"https:\/\/www.istegroup.com\/fr\/produit\/mecanique-discrete\/#breadcrumb\",\"itemListElement\":[{\"@type\":\"ListItem\",\"position\":1,\"name\":\"Home\",\"item\":\"https:\/\/www.istegroup.com\/\"},{\"@type\":\"ListItem\",\"position\":2,\"name\":\"Shop\",\"item\":\"https:\/\/www.istegroup.com\/fr\/nouveautes\/\"},{\"@type\":\"ListItem\",\"position\":3,\"name\":\"M\u00e9canique discr\u00e8te\"}]},{\"@type\":\"WebSite\",\"@id\":\"https:\/\/www.istegroup.com\/#website\",\"url\":\"https:\/\/www.istegroup.com\/\",\"name\":\"ISTE Group\",\"description\":\"Publishing Knowledge\",\"potentialAction\":[{\"@type\":\"SearchAction\",\"target\":{\"@type\":\"EntryPoint\",\"urlTemplate\":\"https:\/\/www.istegroup.com\/?s={search_term_string}\"},\"query-input\":{\"@type\":\"PropertyValueSpecification\",\"valueRequired\":true,\"valueName\":\"search_term_string\"}}],\"inLanguage\":\"en-US\"}]}<\/script>\n<!-- \/ Yoast SEO plugin. -->","yoast_head_json":{"title":"M\u00e9canique discr\u00e8te - ISTE Group","description":"La vision discr\u00e8te de la m\u00e9canique est bas\u00e9e sur les id\u00e9es fondatrices de Galil\u00e9e, le principe de relativit\u00e9 et celui d\u2019\u00e9quivalence \u2013 qui postule l\u2019\u00e9galit\u00e9 entre la masse li\u00e9e \u00e0 la gravit\u00e9 et la masse inertielle.","robots":{"index":"index","follow":"follow","max-snippet":"max-snippet:-1","max-image-preview":"max-image-preview:large","max-video-preview":"max-video-preview:-1"},"canonical":"https:\/\/www.istegroup.com\/fr\/produit\/mecanique-discrete\/","og_locale":"en_US","og_type":"article","og_title":"M\u00e9canique discr\u00e8te - ISTE Group","og_description":"La vision discr\u00e8te de la m\u00e9canique est bas\u00e9e sur les id\u00e9es fondatrices de Galil\u00e9e, le principe de relativit\u00e9 et celui d\u2019\u00e9quivalence \u2013 qui postule l\u2019\u00e9galit\u00e9 entre la masse li\u00e9e \u00e0 la gravit\u00e9 et la masse inertielle.","og_url":"https:\/\/www.istegroup.com\/fr\/produit\/mecanique-discrete\/","og_site_name":"ISTE Group","article_modified_time":"2024-01-03T13:42:29+00:00","og_image":[{"width":1707,"height":2560,"url":"https:\/\/www.istegroup.com\/wp-content\/uploads\/2018\/07\/Caltagirone_Front-scaled.jpg","type":"image\/jpeg"}],"twitter_card":"summary_large_image","twitter_misc":{"Est. reading time":"1 minute"},"schema":{"@context":"https:\/\/schema.org","@graph":[{"@type":"WebPage","@id":"https:\/\/www.istegroup.com\/fr\/produit\/mecanique-discrete\/","url":"https:\/\/www.istegroup.com\/fr\/produit\/mecanique-discrete\/","name":"M\u00e9canique discr\u00e8te - ISTE Group","isPartOf":{"@id":"https:\/\/www.istegroup.com\/#website"},"primaryImageOfPage":{"@id":"https:\/\/www.istegroup.com\/fr\/produit\/mecanique-discrete\/#primaryimage"},"image":{"@id":"https:\/\/www.istegroup.com\/fr\/produit\/mecanique-discrete\/#primaryimage"},"thumbnailUrl":"https:\/\/www.istegroup.com\/wp-content\/uploads\/2018\/07\/Caltagirone_Front-scaled.jpg","datePublished":"2018-07-09T14:17:22+00:00","dateModified":"2024-01-03T13:42:29+00:00","description":"La vision discr\u00e8te de la m\u00e9canique est bas\u00e9e sur les id\u00e9es fondatrices de Galil\u00e9e, le principe de relativit\u00e9 et celui d\u2019\u00e9quivalence \u2013 qui postule l\u2019\u00e9galit\u00e9 entre la masse li\u00e9e \u00e0 la gravit\u00e9 et la masse inertielle.","breadcrumb":{"@id":"https:\/\/www.istegroup.com\/fr\/produit\/mecanique-discrete\/#breadcrumb"},"inLanguage":"en-US","potentialAction":[{"@type":"ReadAction","target":["https:\/\/www.istegroup.com\/fr\/produit\/mecanique-discrete\/"]}]},{"@type":"ImageObject","inLanguage":"en-US","@id":"https:\/\/www.istegroup.com\/fr\/produit\/mecanique-discrete\/#primaryimage","url":"https:\/\/www.istegroup.com\/wp-content\/uploads\/2018\/07\/Caltagirone_Front-scaled.jpg","contentUrl":"https:\/\/www.istegroup.com\/wp-content\/uploads\/2018\/07\/Caltagirone_Front-scaled.jpg","width":1707,"height":2560,"caption":"M\u00e9canique discr\u00e8te ISTE Group"},{"@type":"BreadcrumbList","@id":"https:\/\/www.istegroup.com\/fr\/produit\/mecanique-discrete\/#breadcrumb","itemListElement":[{"@type":"ListItem","position":1,"name":"Home","item":"https:\/\/www.istegroup.com\/"},{"@type":"ListItem","position":2,"name":"Shop","item":"https:\/\/www.istegroup.com\/fr\/nouveautes\/"},{"@type":"ListItem","position":3,"name":"M\u00e9canique discr\u00e8te"}]},{"@type":"WebSite","@id":"https:\/\/www.istegroup.com\/#website","url":"https:\/\/www.istegroup.com\/","name":"ISTE Group","description":"Publishing Knowledge","potentialAction":[{"@type":"SearchAction","target":{"@type":"EntryPoint","urlTemplate":"https:\/\/www.istegroup.com\/?s={search_term_string}"},"query-input":{"@type":"PropertyValueSpecification","valueRequired":true,"valueName":"search_term_string"}}],"inLanguage":"en-US"}]}},"_links":{"self":[{"href":"https:\/\/www.istegroup.com\/en\/wp-json\/wp\/v2\/product\/13765","targetHints":{"allow":["GET"]}}],"collection":[{"href":"https:\/\/www.istegroup.com\/en\/wp-json\/wp\/v2\/product"}],"about":[{"href":"https:\/\/www.istegroup.com\/en\/wp-json\/wp\/v2\/types\/product"}],"wp:featuredmedia":[{"embeddable":true,"href":"https:\/\/www.istegroup.com\/en\/wp-json\/wp\/v2\/media\/13769"}],"wp:attachment":[{"href":"https:\/\/www.istegroup.com\/en\/wp-json\/wp\/v2\/media?parent=13765"}],"wp:term":[{"taxonomy":"product_brand","embeddable":true,"href":"https:\/\/www.istegroup.com\/en\/wp-json\/wp\/v2\/product_brand?post=13765"},{"taxonomy":"product_cat","embeddable":true,"href":"https:\/\/www.istegroup.com\/en\/wp-json\/wp\/v2\/product_cat?post=13765"},{"taxonomy":"product_tag","embeddable":true,"href":"https:\/\/www.istegroup.com\/en\/wp-json\/wp\/v2\/product_tag?post=13765"}],"curies":[{"name":"wp","href":"https:\/\/api.w.org\/{rel}","templated":true}]}}

Mécanique discrète

<p>La vision discrète de la mécanique est basée sur les idées fondatrices de Galilée, le principe de relativité et celui d’équivalence – qui postule l’égalité entre la masse liée à la gravité et la masse inertielle. À ces principes s’ajoutent la décomposition de Hodge-Helmholtz, le principe d’accumulation des contraintes et l’hypothèse de dualité des effets physiques.</p>
<p>Ces principes permettent d’établir l’équation du mouvement basée sur la conservation de l’accélération considérée comme une quantité absolue, somme d’un gradient d’un potentiel scalaire et d’un rotationnel d’un potentiel vectoriel ; ces potentiels représentant les contraintes de compression et de rotation sont mis à jour dans cet ouvrage à partir des opérateurs discrets.</p>
<p><em>Mécanique discrète</em> montre que cette équation du mouvement discrète est représentative des écoulements compressibles ou incompressibles de fluides visqueux ou parfaits, de l’état de contrainte dans un milieu solide ou viscoélastique et de la propagation des ondes non linéaires.</p>

<p>La vision discrète de la mécanique est basée sur les idées fondatrices de Galilée, le principe de relativité et celui d’équivalence – qui postule l’égalité entre la masse liée à la gravité et la masse inertielle. À ces principes s’ajoutent la décomposition de Hodge-Helmholtz, le principe d’accumulation des contraintes et l’hypothèse de dualité des effets [&hellip;]</p>

<!-- This site is optimized with the Yoast SEO plugin v27.2 - https://yoast.com/product/yoast-seo-wordpress/ -->
<title>Mécanique discrète - ISTE Group</title>
<meta name="description" content="La vision discrète de la mécanique est basée sur les idées fondatrices de Galilée, le principe de relativité et celui d’équivalence – qui postule l’égalité entre la masse liée à la gravité et la masse inertielle." />
<meta name="robots" content="index, follow, max-snippet:-1, max-image-preview:large, max-video-preview:-1" />
<link rel="canonical" href="https://www.istegroup.com/fr/produit/mecanique-discrete/" />
<meta property="og:locale" content="en_US" />
<meta property="og:type" content="article" />
<meta property="og:title" content="Mécanique discrète - ISTE Group" />
<meta property="og:description" content="La vision discrète de la mécanique est basée sur les idées fondatrices de Galilée, le principe de relativité et celui d’équivalence – qui postule l’égalité entre la masse liée à la gravité et la masse inertielle." />
<meta property="og:url" content="https://www.istegroup.com/fr/produit/mecanique-discrete/" />
<meta property="og:site_name" content="ISTE Group" />
<meta property="article:modified_time" content="2024-01-03T13:42:29+00:00" />
<meta property="og:image" content="https://www.istegroup.com/wp-content/uploads/2018/07/Caltagirone_Front-scaled.jpg" />
	<meta property="og:image:width" content="1707" />
	<meta property="og:image:height" content="2560" />
	<meta property="og:image:type" content="image/jpeg" />
<meta name="twitter:card" content="summary_large_image" />
<meta name="twitter:label1" content="Est. reading time" />
	<meta name="twitter:data1" content="1 minute" />
<script type="application/ld+json" class="yoast-schema-graph">{"@context":"https://schema.org","@graph":[{"@type":"WebPage","@id":"https://www.istegroup.com/fr/produit/mecanique-discrete/","url":"https://www.istegroup.com/fr/produit/mecanique-discrete/","name":"Mécanique discrète - ISTE Group","isPartOf":{"@id":"https://www.istegroup.com/#website"},"primaryImageOfPage":{"@id":"https://www.istegroup.com/fr/produit/mecanique-discrete/#primaryimage"},"image":{"@id":"https://www.istegroup.com/fr/produit/mecanique-discrete/#primaryimage"},"thumbnailUrl":"https://www.istegroup.com/wp-content/uploads/2018/07/Caltagirone_Front-scaled.jpg","datePublished":"2018-07-09T14:17:22+00:00","dateModified":"2024-01-03T13:42:29+00:00","description":"La vision discrète de la mécanique est basée sur les idées fondatrices de Galilée, le principe de relativité et celui d’équivalence – qui postule l’égalité entre la masse liée à la gravité et la masse inertielle.","breadcrumb":{"@id":"https://www.istegroup.com/fr/produit/mecanique-discrete/#breadcrumb"},"inLanguage":"en-US","potentialAction":[{"@type":"ReadAction","target":["https://www.istegroup.com/fr/produit/mecanique-discrete/"]}]},{"@type":"ImageObject","inLanguage":"en-US","@id":"https://www.istegroup.com/fr/produit/mecanique-discrete/#primaryimage","url":"https://www.istegroup.com/wp-content/uploads/2018/07/Caltagirone_Front-scaled.jpg","contentUrl":"https://www.istegroup.com/wp-content/uploads/2018/07/Caltagirone_Front-scaled.jpg","width":1707,"height":2560,"caption":"Mécanique discrète ISTE Group"},{"@type":"BreadcrumbList","@id":"https://www.istegroup.com/fr/produit/mecanique-discrete/#breadcrumb","itemListElement":[{"@type":"ListItem","position":1,"name":"Home","item":"https://www.istegroup.com/"},{"@type":"ListItem","position":2,"name":"Shop","item":"https://www.istegroup.com/fr/nouveautes/"},{"@type":"ListItem","position":3,"name":"Mécanique discrète"}]},{"@type":"WebSite","@id":"https://www.istegroup.com/#website","url":"https://www.istegroup.com/","name":"ISTE Group","description":"Publishing Knowledge","potentialAction":[{"@type":"SearchAction","target":{"@type":"EntryPoint","urlTemplate":"https://www.istegroup.com/?s={search_term_string}"},"query-input":{"@type":"PropertyValueSpecification","valueRequired":true,"valueName":"search_term_string"}}],"inLanguage":"en-US"}]}</script>
<!-- / Yoast SEO plugin. -->

Mécanique discrète - ISTE Group

La vision discrète de la mécanique est basée sur les idées fondatrices de Galilée, le principe de relativité et celui d’équivalence – qui postule l’égalité entre la masse liée à la gravité et la masse inertielle.

Mécanique discrète ISTE Group
