{"id":13383,"date":"2018-06-28T13:03:29","date_gmt":"2018-06-28T11:03:29","guid":{"rendered":"https:\/\/iste.yhello.co\/?post_type=product&#038;p=13383"},"modified":"2024-01-03T13:42:25","modified_gmt":"2024-01-03T13:42:25","slug":"deixis-et-anaphore","status":"publish","type":"product","link":"https:\/\/www.istegroup.com\/en\/produit\/deixis-et-anaphore\/","title":{"rendered":"Deixis et anaphore"},"content":{"rendered":"<p>Il est difficile d\u2019identifier des concepts plus fondamentaux en philosophie du langage et en linguistique que ceux de deixis et anaphore. La deixis concerne les marqueurs linguistiques contextuels qui atteignent leur r\u00e9f\u00e9rent par le biais de la situation \u00e9nonciative, comme \u00ab je \u00bb, \u00ab tu \u00bb, \u00ab celui-ci \u00bb, \u00ab maintenant \u00bb, \u00ab ici \u00bb, etc. Les expressions anaphoriques atteignent leur r\u00e9f\u00e9rent par l\u2019identification d\u2019un ant\u00e9c\u00e9dent d\u00e9j\u00e0 mentionn\u00e9.<\/p>\n<p>Il s\u2019agit de deux types d\u2019op\u00e9rateurs qui \u00e9tablissent en un syst\u00e8me crois\u00e9, chacun \u00e0 leur mani\u00e8re, un pont entre la phrase et le discours. Comment fonctionnent ces deux syst\u00e8mes et quelles en sont les principales dimensions, voici les interrogations principales auxquelles cet ouvrage s\u2019est donn\u00e9 pour t\u00e2che de r\u00e9pondre.<\/p>\n<p><em>Deixis et anaphore<\/em>\u00a0retrace l\u2019\u00e9mergence et l\u2019histoire des notions de deixis et d\u2019anaphore \u00e0 travers l\u2019histoire de la pens\u00e9e occidentale en philosophie du langage et linguistique et les mani\u00e8res dont les approches contemporaines les envisagent.<\/p>\n","protected":false},"excerpt":{"rendered":"<p>Il est difficile d\u2019identifier des concepts plus fondamentaux en philosophie du langage et en linguistique que ceux de deixis et anaphore. La deixis concerne les marqueurs linguistiques contextuels qui atteignent leur r\u00e9f\u00e9rent par le biais de la situation \u00e9nonciative, comme \u00ab je \u00bb, \u00ab tu \u00bb, \u00ab celui-ci \u00bb, \u00ab maintenant \u00bb, \u00ab ici \u00bb, [&hellip;]<\/p>\n","protected":false},"featured_media":13389,"template":"","meta":{"_acf_changed":false,"_links_to":"","_links_to_target":""},"product_brand":[],"product_cat":[3262],"product_tag":[],"class_list":{"0":"post-13383","1":"product","2":"type-product","3":"status-publish","4":"has-post-thumbnail","6":"product_cat-non-classe","8":"first","9":"instock","10":"shipping-taxable","11":"purchasable","12":"product-type-variable"},"acf":[],"yoast_head":"<!-- This site is optimized with the Yoast SEO plugin v27.2 - https:\/\/yoast.com\/product\/yoast-seo-wordpress\/ -->\n<title>Deixis et anaphore - ISTE Group<\/title>\n<meta name=\"description\" content=\"Deixis et anaphore\u00a0retrace l\u2019\u00e9mergence et l\u2019histoire des notions de deixis et d\u2019anaphore \u00e0 travers l\u2019histoire de la pens\u00e9e occidentale en philosophie du langage et linguistique et les mani\u00e8res dont les approches contemporaines les envisagent.\" \/>\n<meta name=\"robots\" content=\"index, follow, max-snippet:-1, max-image-preview:large, max-video-preview:-1\" \/>\n<link rel=\"canonical\" href=\"https:\/\/www.istegroup.com\/en\/produit\/deixis-et-anaphore\/\" \/>\n<meta property=\"og:locale\" content=\"en_US\" \/>\n<meta property=\"og:type\" content=\"article\" \/>\n<meta property=\"og:title\" content=\"Deixis et anaphore - ISTE Group\" \/>\n<meta property=\"og:description\" content=\"Deixis et anaphore\u00a0retrace l\u2019\u00e9mergence et l\u2019histoire des notions de deixis et d\u2019anaphore \u00e0 travers l\u2019histoire de la pens\u00e9e occidentale en philosophie du langage et linguistique et les mani\u00e8res dont les approches contemporaines les envisagent.\" \/>\n<meta property=\"og:url\" content=\"https:\/\/www.istegroup.com\/en\/produit\/deixis-et-anaphore\/\" \/>\n<meta property=\"og:site_name\" content=\"ISTE Group\" \/>\n<meta property=\"article:modified_time\" content=\"2024-01-03T13:42:25+00:00\" \/>\n<meta property=\"og:image\" content=\"https:\/\/www.istegroup.com\/wp-content\/uploads\/2018\/06\/de-Saussure_Front-scaled.jpg\" \/>\n\t<meta property=\"og:image:width\" content=\"1705\" \/>\n\t<meta property=\"og:image:height\" content=\"2560\" \/>\n\t<meta property=\"og:image:type\" content=\"image\/jpeg\" \/>\n<meta name=\"twitter:card\" content=\"summary_large_image\" \/>\n<meta name=\"twitter:label1\" content=\"Est. reading time\" \/>\n\t<meta name=\"twitter:data1\" content=\"1 minute\" \/>\n<script type=\"application\/ld+json\" class=\"yoast-schema-graph\">{\"@context\":\"https:\/\/schema.org\",\"@graph\":[{\"@type\":\"WebPage\",\"@id\":\"https:\/\/www.istegroup.com\/en\/produit\/deixis-et-anaphore\/\",\"url\":\"https:\/\/www.istegroup.com\/en\/produit\/deixis-et-anaphore\/\",\"name\":\"Deixis et anaphore - ISTE Group\",\"isPartOf\":{\"@id\":\"https:\/\/www.istegroup.com\/#website\"},\"primaryImageOfPage\":{\"@id\":\"https:\/\/www.istegroup.com\/en\/produit\/deixis-et-anaphore\/#primaryimage\"},\"image\":{\"@id\":\"https:\/\/www.istegroup.com\/en\/produit\/deixis-et-anaphore\/#primaryimage\"},\"thumbnailUrl\":\"https:\/\/www.istegroup.com\/wp-content\/uploads\/2018\/06\/de-Saussure_Front-scaled.jpg\",\"datePublished\":\"2018-06-28T11:03:29+00:00\",\"dateModified\":\"2024-01-03T13:42:25+00:00\",\"description\":\"Deixis et anaphore\u00a0retrace l\u2019\u00e9mergence et l\u2019histoire des notions de deixis et d\u2019anaphore \u00e0 travers l\u2019histoire de la pens\u00e9e occidentale en philosophie du langage et linguistique et les mani\u00e8res dont les approches contemporaines les envisagent.\",\"breadcrumb\":{\"@id\":\"https:\/\/www.istegroup.com\/en\/produit\/deixis-et-anaphore\/#breadcrumb\"},\"inLanguage\":\"en-US\",\"potentialAction\":[{\"@type\":\"ReadAction\",\"target\":[\"https:\/\/www.istegroup.com\/en\/produit\/deixis-et-anaphore\/\"]}]},{\"@type\":\"ImageObject\",\"inLanguage\":\"en-US\",\"@id\":\"https:\/\/www.istegroup.com\/en\/produit\/deixis-et-anaphore\/#primaryimage\",\"url\":\"https:\/\/www.istegroup.com\/wp-content\/uploads\/2018\/06\/de-Saussure_Front-scaled.jpg\",\"contentUrl\":\"https:\/\/www.istegroup.com\/wp-content\/uploads\/2018\/06\/de-Saussure_Front-scaled.jpg\",\"width\":1705,\"height\":2560,\"caption\":\"Deixis et anaphore ISTE Group\"},{\"@type\":\"BreadcrumbList\",\"@id\":\"https:\/\/www.istegroup.com\/en\/produit\/deixis-et-anaphore\/#breadcrumb\",\"itemListElement\":[{\"@type\":\"ListItem\",\"position\":1,\"name\":\"Home\",\"item\":\"https:\/\/www.istegroup.com\/\"},{\"@type\":\"ListItem\",\"position\":2,\"name\":\"Shop\",\"item\":\"https:\/\/www.istegroup.com\/fr\/nouveautes\/\"},{\"@type\":\"ListItem\",\"position\":3,\"name\":\"Deixis et anaphore\"}]},{\"@type\":\"WebSite\",\"@id\":\"https:\/\/www.istegroup.com\/#website\",\"url\":\"https:\/\/www.istegroup.com\/\",\"name\":\"ISTE Group\",\"description\":\"Publishing Knowledge\",\"potentialAction\":[{\"@type\":\"SearchAction\",\"target\":{\"@type\":\"EntryPoint\",\"urlTemplate\":\"https:\/\/www.istegroup.com\/?s={search_term_string}\"},\"query-input\":{\"@type\":\"PropertyValueSpecification\",\"valueRequired\":true,\"valueName\":\"search_term_string\"}}],\"inLanguage\":\"en-US\"}]}<\/script>\n<!-- \/ Yoast SEO plugin. -->","yoast_head_json":{"title":"Deixis et anaphore - ISTE Group","description":"Deixis et anaphore\u00a0retrace l\u2019\u00e9mergence et l\u2019histoire des notions de deixis et d\u2019anaphore \u00e0 travers l\u2019histoire de la pens\u00e9e occidentale en philosophie du langage et linguistique et les mani\u00e8res dont les approches contemporaines les envisagent.","robots":{"index":"index","follow":"follow","max-snippet":"max-snippet:-1","max-image-preview":"max-image-preview:large","max-video-preview":"max-video-preview:-1"},"canonical":"https:\/\/www.istegroup.com\/en\/produit\/deixis-et-anaphore\/","og_locale":"en_US","og_type":"article","og_title":"Deixis et anaphore - ISTE Group","og_description":"Deixis et anaphore\u00a0retrace l\u2019\u00e9mergence et l\u2019histoire des notions de deixis et d\u2019anaphore \u00e0 travers l\u2019histoire de la pens\u00e9e occidentale en philosophie du langage et linguistique et les mani\u00e8res dont les approches contemporaines les envisagent.","og_url":"https:\/\/www.istegroup.com\/en\/produit\/deixis-et-anaphore\/","og_site_name":"ISTE Group","article_modified_time":"2024-01-03T13:42:25+00:00","og_image":[{"width":1705,"height":2560,"url":"https:\/\/www.istegroup.com\/wp-content\/uploads\/2018\/06\/de-Saussure_Front-scaled.jpg","type":"image\/jpeg"}],"twitter_card":"summary_large_image","twitter_misc":{"Est. reading time":"1 minute"},"schema":{"@context":"https:\/\/schema.org","@graph":[{"@type":"WebPage","@id":"https:\/\/www.istegroup.com\/en\/produit\/deixis-et-anaphore\/","url":"https:\/\/www.istegroup.com\/en\/produit\/deixis-et-anaphore\/","name":"Deixis et anaphore - ISTE Group","isPartOf":{"@id":"https:\/\/www.istegroup.com\/#website"},"primaryImageOfPage":{"@id":"https:\/\/www.istegroup.com\/en\/produit\/deixis-et-anaphore\/#primaryimage"},"image":{"@id":"https:\/\/www.istegroup.com\/en\/produit\/deixis-et-anaphore\/#primaryimage"},"thumbnailUrl":"https:\/\/www.istegroup.com\/wp-content\/uploads\/2018\/06\/de-Saussure_Front-scaled.jpg","datePublished":"2018-06-28T11:03:29+00:00","dateModified":"2024-01-03T13:42:25+00:00","description":"Deixis et anaphore\u00a0retrace l\u2019\u00e9mergence et l\u2019histoire des notions de deixis et d\u2019anaphore \u00e0 travers l\u2019histoire de la pens\u00e9e occidentale en philosophie du langage et linguistique et les mani\u00e8res dont les approches contemporaines les envisagent.","breadcrumb":{"@id":"https:\/\/www.istegroup.com\/en\/produit\/deixis-et-anaphore\/#breadcrumb"},"inLanguage":"en-US","potentialAction":[{"@type":"ReadAction","target":["https:\/\/www.istegroup.com\/en\/produit\/deixis-et-anaphore\/"]}]},{"@type":"ImageObject","inLanguage":"en-US","@id":"https:\/\/www.istegroup.com\/en\/produit\/deixis-et-anaphore\/#primaryimage","url":"https:\/\/www.istegroup.com\/wp-content\/uploads\/2018\/06\/de-Saussure_Front-scaled.jpg","contentUrl":"https:\/\/www.istegroup.com\/wp-content\/uploads\/2018\/06\/de-Saussure_Front-scaled.jpg","width":1705,"height":2560,"caption":"Deixis et anaphore ISTE Group"},{"@type":"BreadcrumbList","@id":"https:\/\/www.istegroup.com\/en\/produit\/deixis-et-anaphore\/#breadcrumb","itemListElement":[{"@type":"ListItem","position":1,"name":"Home","item":"https:\/\/www.istegroup.com\/"},{"@type":"ListItem","position":2,"name":"Shop","item":"https:\/\/www.istegroup.com\/fr\/nouveautes\/"},{"@type":"ListItem","position":3,"name":"Deixis et anaphore"}]},{"@type":"WebSite","@id":"https:\/\/www.istegroup.com\/#website","url":"https:\/\/www.istegroup.com\/","name":"ISTE Group","description":"Publishing Knowledge","potentialAction":[{"@type":"SearchAction","target":{"@type":"EntryPoint","urlTemplate":"https:\/\/www.istegroup.com\/?s={search_term_string}"},"query-input":{"@type":"PropertyValueSpecification","valueRequired":true,"valueName":"search_term_string"}}],"inLanguage":"en-US"}]}},"_links":{"self":[{"href":"https:\/\/www.istegroup.com\/en\/wp-json\/wp\/v2\/product\/13383","targetHints":{"allow":["GET"]}}],"collection":[{"href":"https:\/\/www.istegroup.com\/en\/wp-json\/wp\/v2\/product"}],"about":[{"href":"https:\/\/www.istegroup.com\/en\/wp-json\/wp\/v2\/types\/product"}],"wp:featuredmedia":[{"embeddable":true,"href":"https:\/\/www.istegroup.com\/en\/wp-json\/wp\/v2\/media\/13389"}],"wp:attachment":[{"href":"https:\/\/www.istegroup.com\/en\/wp-json\/wp\/v2\/media?parent=13383"}],"wp:term":[{"taxonomy":"product_brand","embeddable":true,"href":"https:\/\/www.istegroup.com\/en\/wp-json\/wp\/v2\/product_brand?post=13383"},{"taxonomy":"product_cat","embeddable":true,"href":"https:\/\/www.istegroup.com\/en\/wp-json\/wp\/v2\/product_cat?post=13383"},{"taxonomy":"product_tag","embeddable":true,"href":"https:\/\/www.istegroup.com\/en\/wp-json\/wp\/v2\/product_tag?post=13383"}],"curies":[{"name":"wp","href":"https:\/\/api.w.org\/{rel}","templated":true}]}}

<p>Il est difficile d’identifier des concepts plus fondamentaux en philosophie du langage et en linguistique que ceux de deixis et anaphore. La deixis concerne les marqueurs linguistiques contextuels qui atteignent leur référent par le biais de la situation énonciative, comme « je », « tu », « celui-ci », « maintenant », « ici », etc. Les expressions anaphoriques atteignent leur référent par l’identification d’un antécédent déjà mentionné.</p>
<p>Il s’agit de deux types d’opérateurs qui établissent en un système croisé, chacun à leur manière, un pont entre la phrase et le discours. Comment fonctionnent ces deux systèmes et quelles en sont les principales dimensions, voici les interrogations principales auxquelles cet ouvrage s’est donné pour tâche de répondre.</p>
<p><em>Deixis et anaphore</em> retrace l’émergence et l’histoire des notions de deixis et d’anaphore à travers l’histoire de la pensée occidentale en philosophie du langage et linguistique et les manières dont les approches contemporaines les envisagent.</p>

<p>Il est difficile d’identifier des concepts plus fondamentaux en philosophie du langage et en linguistique que ceux de deixis et anaphore. La deixis concerne les marqueurs linguistiques contextuels qui atteignent leur référent par le biais de la situation énonciative, comme « je », « tu », « celui-ci », « maintenant », « ici », [&hellip;]</p>

<!-- This site is optimized with the Yoast SEO plugin v27.2 - https://yoast.com/product/yoast-seo-wordpress/ -->
<title>Deixis et anaphore - ISTE Group</title>
<meta name="description" content="Deixis et anaphore retrace l’émergence et l’histoire des notions de deixis et d’anaphore à travers l’histoire de la pensée occidentale en philosophie du langage et linguistique et les manières dont les approches contemporaines les envisagent." />
<meta name="robots" content="index, follow, max-snippet:-1, max-image-preview:large, max-video-preview:-1" />
<link rel="canonical" href="https://www.istegroup.com/en/produit/deixis-et-anaphore/" />
<meta property="og:locale" content="en_US" />
<meta property="og:type" content="article" />
<meta property="og:title" content="Deixis et anaphore - ISTE Group" />
<meta property="og:description" content="Deixis et anaphore retrace l’émergence et l’histoire des notions de deixis et d’anaphore à travers l’histoire de la pensée occidentale en philosophie du langage et linguistique et les manières dont les approches contemporaines les envisagent." />
<meta property="og:url" content="https://www.istegroup.com/en/produit/deixis-et-anaphore/" />
<meta property="og:site_name" content="ISTE Group" />
<meta property="article:modified_time" content="2024-01-03T13:42:25+00:00" />
<meta property="og:image" content="https://www.istegroup.com/wp-content/uploads/2018/06/de-Saussure_Front-scaled.jpg" />
	<meta property="og:image:width" content="1705" />
	<meta property="og:image:height" content="2560" />
	<meta property="og:image:type" content="image/jpeg" />
<meta name="twitter:card" content="summary_large_image" />
<meta name="twitter:label1" content="Est. reading time" />
	<meta name="twitter:data1" content="1 minute" />
<script type="application/ld+json" class="yoast-schema-graph">{"@context":"https://schema.org","@graph":[{"@type":"WebPage","@id":"https://www.istegroup.com/en/produit/deixis-et-anaphore/","url":"https://www.istegroup.com/en/produit/deixis-et-anaphore/","name":"Deixis et anaphore - ISTE Group","isPartOf":{"@id":"https://www.istegroup.com/#website"},"primaryImageOfPage":{"@id":"https://www.istegroup.com/en/produit/deixis-et-anaphore/#primaryimage"},"image":{"@id":"https://www.istegroup.com/en/produit/deixis-et-anaphore/#primaryimage"},"thumbnailUrl":"https://www.istegroup.com/wp-content/uploads/2018/06/de-Saussure_Front-scaled.jpg","datePublished":"2018-06-28T11:03:29+00:00","dateModified":"2024-01-03T13:42:25+00:00","description":"Deixis et anaphore retrace l’émergence et l’histoire des notions de deixis et d’anaphore à travers l’histoire de la pensée occidentale en philosophie du langage et linguistique et les manières dont les approches contemporaines les envisagent.","breadcrumb":{"@id":"https://www.istegroup.com/en/produit/deixis-et-anaphore/#breadcrumb"},"inLanguage":"en-US","potentialAction":[{"@type":"ReadAction","target":["https://www.istegroup.com/en/produit/deixis-et-anaphore/"]}]},{"@type":"ImageObject","inLanguage":"en-US","@id":"https://www.istegroup.com/en/produit/deixis-et-anaphore/#primaryimage","url":"https://www.istegroup.com/wp-content/uploads/2018/06/de-Saussure_Front-scaled.jpg","contentUrl":"https://www.istegroup.com/wp-content/uploads/2018/06/de-Saussure_Front-scaled.jpg","width":1705,"height":2560,"caption":"Deixis et anaphore ISTE Group"},{"@type":"BreadcrumbList","@id":"https://www.istegroup.com/en/produit/deixis-et-anaphore/#breadcrumb","itemListElement":[{"@type":"ListItem","position":1,"name":"Home","item":"https://www.istegroup.com/"},{"@type":"ListItem","position":2,"name":"Shop","item":"https://www.istegroup.com/fr/nouveautes/"},{"@type":"ListItem","position":3,"name":"Deixis et anaphore"}]},{"@type":"WebSite","@id":"https://www.istegroup.com/#website","url":"https://www.istegroup.com/","name":"ISTE Group","description":"Publishing Knowledge","potentialAction":[{"@type":"SearchAction","target":{"@type":"EntryPoint","urlTemplate":"https://www.istegroup.com/?s={search_term_string}"},"query-input":{"@type":"PropertyValueSpecification","valueRequired":true,"valueName":"search_term_string"}}],"inLanguage":"en-US"}]}</script>
<!-- / Yoast SEO plugin. -->

Deixis et anaphore retrace l’émergence et l’histoire des notions de deixis et d’anaphore à travers l’histoire de la pensée occidentale en philosophie du langage et linguistique et les manières dont les approches contemporaines les envisagent.
