{"id":13331,"date":"2018-06-07T11:04:23","date_gmt":"2018-06-07T09:04:23","guid":{"rendered":"https:\/\/iste.yhello.co\/?post_type=product&#038;p=13331"},"modified":"2024-01-03T13:42:24","modified_gmt":"2024-01-03T13:42:24","slug":"les-sols-au-coeur-de-la-zone-critique-6","status":"publish","type":"product","link":"https:\/\/www.istegroup.com\/en\/produit\/les-sols-au-coeur-de-la-zone-critique-6\/","title":{"rendered":"Les sols au coeur de la zone critique 6"},"content":{"rendered":"<p>Les sols sont des milieux o\u00f9 \u00e9volue une myriade d\u2019organismes diff\u00e9rents, d\u00e9terminant une s\u00e9rie de fonctions, qui se traduisent en services \u00e9cosyst\u00e9miques essentiels pour l\u2019humanit\u00e9. Mieux connaitre ces organismes, leur biodiversit\u00e9, leurs interactions, ainsi que celles avec l\u2019environnement, repr\u00e9sente donc un enjeu majeur.<\/p>\n<p>L\u2019\u00e9cologie des sols plonge ses racines dans l\u2019histoire naturelle. Cette vision \u00e9cologique appliqu\u00e9e aux sols a la particularit\u00e9 d\u2019int\u00e9grer au moins partiellement les apports des sciences du sol (physique, chimie, biochimie). Par le renouvellement des m\u00e9thodes d\u2019observations et d\u2019analyses (notamment mol\u00e9culaires), le d\u00e9veloppement d\u2019approches exp\u00e9rimentales et de la mod\u00e9lisation, c\u2019est une \u00e9cologie connect\u00e9e avec les autres disciplines ax\u00e9es sur le sol qui \u00e9merge et qui commence \u00e0 influencer en retour l\u2019\u00e9cologie des milieux \u00e9pig\u00e9s.<\/p>\n<p><em>Les sols au coeur de la zone critique 6<\/em>\u00a0pr\u00e9sente la vision actualis\u00e9e des connaissances et des pistes de recherche en \u00e9cologie du sol en tant que syst\u00e8me complexe des meilleurs sp\u00e9cialistes fran\u00e7ais.<\/p>\n","protected":false},"excerpt":{"rendered":"<p>Les sols sont des milieux o\u00f9 \u00e9volue une myriade d\u2019organismes diff\u00e9rents, d\u00e9terminant une s\u00e9rie de fonctions, qui se traduisent en services \u00e9cosyst\u00e9miques essentiels pour l\u2019humanit\u00e9. Mieux connaitre ces organismes, leur biodiversit\u00e9, leurs interactions, ainsi que celles avec l\u2019environnement, repr\u00e9sente donc un enjeu majeur. L\u2019\u00e9cologie des sols plonge ses racines dans l\u2019histoire naturelle. Cette vision \u00e9cologique [&hellip;]<\/p>\n","protected":false},"featured_media":13339,"template":"","meta":{"_acf_changed":false,"_links_to":"","_links_to_target":""},"product_brand":[],"product_cat":[3262],"product_tag":[],"class_list":{"0":"post-13331","1":"product","2":"type-product","3":"status-publish","4":"has-post-thumbnail","6":"product_cat-non-classe","8":"first","9":"instock","10":"shipping-taxable","11":"purchasable","12":"product-type-variable"},"acf":[],"yoast_head":"<!-- This site is optimized with the Yoast SEO plugin v27.2 - https:\/\/yoast.com\/product\/yoast-seo-wordpress\/ -->\n<title>Les sols au coeur de la zone critique 6 - ISTE Group<\/title>\n<meta name=\"description\" content=\"Les sols au coeur de la zone critique 6\u00a0pr\u00e9sente la vision actualis\u00e9e des connaissances et des pistes de recherche en \u00e9cologie du sol en tant que syst\u00e8me complexe des meilleurs sp\u00e9cialistes fran\u00e7ais.\" \/>\n<meta name=\"robots\" content=\"index, follow, max-snippet:-1, max-image-preview:large, max-video-preview:-1\" \/>\n<link rel=\"canonical\" href=\"https:\/\/www.istegroup.com\/fr\/produit\/les-sols-au-coeur-de-la-zone-critique-6\/\" \/>\n<meta property=\"og:locale\" content=\"en_US\" \/>\n<meta property=\"og:type\" content=\"article\" \/>\n<meta property=\"og:title\" content=\"Les sols au coeur de la zone critique 6 - ISTE Group\" \/>\n<meta property=\"og:description\" content=\"Les sols au coeur de la zone critique 6\u00a0pr\u00e9sente la vision actualis\u00e9e des connaissances et des pistes de recherche en \u00e9cologie du sol en tant que syst\u00e8me complexe des meilleurs sp\u00e9cialistes fran\u00e7ais.\" \/>\n<meta property=\"og:url\" content=\"https:\/\/www.istegroup.com\/fr\/produit\/les-sols-au-coeur-de-la-zone-critique-6\/\" \/>\n<meta property=\"og:site_name\" content=\"ISTE Group\" \/>\n<meta property=\"article:modified_time\" content=\"2024-01-03T13:42:24+00:00\" \/>\n<meta property=\"og:image\" content=\"https:\/\/www.istegroup.com\/wp-content\/uploads\/2018\/06\/Lemanceau_Front-scaled.jpg\" \/>\n\t<meta property=\"og:image:width\" content=\"1714\" \/>\n\t<meta property=\"og:image:height\" content=\"2560\" \/>\n\t<meta property=\"og:image:type\" content=\"image\/jpeg\" \/>\n<meta name=\"twitter:card\" content=\"summary_large_image\" \/>\n<meta name=\"twitter:label1\" content=\"Est. reading time\" \/>\n\t<meta name=\"twitter:data1\" content=\"1 minute\" \/>\n<script type=\"application\/ld+json\" class=\"yoast-schema-graph\">{\"@context\":\"https:\/\/schema.org\",\"@graph\":[{\"@type\":\"WebPage\",\"@id\":\"https:\/\/www.istegroup.com\/fr\/produit\/les-sols-au-coeur-de-la-zone-critique-6\/\",\"url\":\"https:\/\/www.istegroup.com\/fr\/produit\/les-sols-au-coeur-de-la-zone-critique-6\/\",\"name\":\"Les sols au coeur de la zone critique 6 - ISTE Group\",\"isPartOf\":{\"@id\":\"https:\/\/www.istegroup.com\/#website\"},\"primaryImageOfPage\":{\"@id\":\"https:\/\/www.istegroup.com\/fr\/produit\/les-sols-au-coeur-de-la-zone-critique-6\/#primaryimage\"},\"image\":{\"@id\":\"https:\/\/www.istegroup.com\/fr\/produit\/les-sols-au-coeur-de-la-zone-critique-6\/#primaryimage\"},\"thumbnailUrl\":\"https:\/\/www.istegroup.com\/wp-content\/uploads\/2018\/06\/Lemanceau_Front-scaled.jpg\",\"datePublished\":\"2018-06-07T09:04:23+00:00\",\"dateModified\":\"2024-01-03T13:42:24+00:00\",\"description\":\"Les sols au coeur de la zone critique 6\u00a0pr\u00e9sente la vision actualis\u00e9e des connaissances et des pistes de recherche en \u00e9cologie du sol en tant que syst\u00e8me complexe des meilleurs sp\u00e9cialistes fran\u00e7ais.\",\"breadcrumb\":{\"@id\":\"https:\/\/www.istegroup.com\/fr\/produit\/les-sols-au-coeur-de-la-zone-critique-6\/#breadcrumb\"},\"inLanguage\":\"en-US\",\"potentialAction\":[{\"@type\":\"ReadAction\",\"target\":[\"https:\/\/www.istegroup.com\/fr\/produit\/les-sols-au-coeur-de-la-zone-critique-6\/\"]}]},{\"@type\":\"ImageObject\",\"inLanguage\":\"en-US\",\"@id\":\"https:\/\/www.istegroup.com\/fr\/produit\/les-sols-au-coeur-de-la-zone-critique-6\/#primaryimage\",\"url\":\"https:\/\/www.istegroup.com\/wp-content\/uploads\/2018\/06\/Lemanceau_Front-scaled.jpg\",\"contentUrl\":\"https:\/\/www.istegroup.com\/wp-content\/uploads\/2018\/06\/Lemanceau_Front-scaled.jpg\",\"width\":1714,\"height\":2560,\"caption\":\"\u00c9cologie\"},{\"@type\":\"BreadcrumbList\",\"@id\":\"https:\/\/www.istegroup.com\/fr\/produit\/les-sols-au-coeur-de-la-zone-critique-6\/#breadcrumb\",\"itemListElement\":[{\"@type\":\"ListItem\",\"position\":1,\"name\":\"Home\",\"item\":\"https:\/\/www.istegroup.com\/\"},{\"@type\":\"ListItem\",\"position\":2,\"name\":\"Shop\",\"item\":\"https:\/\/www.istegroup.com\/fr\/nouveautes\/\"},{\"@type\":\"ListItem\",\"position\":3,\"name\":\"Les sols au coeur de la zone critique 6\"}]},{\"@type\":\"WebSite\",\"@id\":\"https:\/\/www.istegroup.com\/#website\",\"url\":\"https:\/\/www.istegroup.com\/\",\"name\":\"ISTE Group\",\"description\":\"Publishing Knowledge\",\"potentialAction\":[{\"@type\":\"SearchAction\",\"target\":{\"@type\":\"EntryPoint\",\"urlTemplate\":\"https:\/\/www.istegroup.com\/?s={search_term_string}\"},\"query-input\":{\"@type\":\"PropertyValueSpecification\",\"valueRequired\":true,\"valueName\":\"search_term_string\"}}],\"inLanguage\":\"en-US\"}]}<\/script>\n<!-- \/ Yoast SEO plugin. -->","yoast_head_json":{"title":"Les sols au coeur de la zone critique 6 - ISTE Group","description":"Les sols au coeur de la zone critique 6\u00a0pr\u00e9sente la vision actualis\u00e9e des connaissances et des pistes de recherche en \u00e9cologie du sol en tant que syst\u00e8me complexe des meilleurs sp\u00e9cialistes fran\u00e7ais.","robots":{"index":"index","follow":"follow","max-snippet":"max-snippet:-1","max-image-preview":"max-image-preview:large","max-video-preview":"max-video-preview:-1"},"canonical":"https:\/\/www.istegroup.com\/fr\/produit\/les-sols-au-coeur-de-la-zone-critique-6\/","og_locale":"en_US","og_type":"article","og_title":"Les sols au coeur de la zone critique 6 - ISTE Group","og_description":"Les sols au coeur de la zone critique 6\u00a0pr\u00e9sente la vision actualis\u00e9e des connaissances et des pistes de recherche en \u00e9cologie du sol en tant que syst\u00e8me complexe des meilleurs sp\u00e9cialistes fran\u00e7ais.","og_url":"https:\/\/www.istegroup.com\/fr\/produit\/les-sols-au-coeur-de-la-zone-critique-6\/","og_site_name":"ISTE Group","article_modified_time":"2024-01-03T13:42:24+00:00","og_image":[{"width":1714,"height":2560,"url":"https:\/\/www.istegroup.com\/wp-content\/uploads\/2018\/06\/Lemanceau_Front-scaled.jpg","type":"image\/jpeg"}],"twitter_card":"summary_large_image","twitter_misc":{"Est. reading time":"1 minute"},"schema":{"@context":"https:\/\/schema.org","@graph":[{"@type":"WebPage","@id":"https:\/\/www.istegroup.com\/fr\/produit\/les-sols-au-coeur-de-la-zone-critique-6\/","url":"https:\/\/www.istegroup.com\/fr\/produit\/les-sols-au-coeur-de-la-zone-critique-6\/","name":"Les sols au coeur de la zone critique 6 - ISTE Group","isPartOf":{"@id":"https:\/\/www.istegroup.com\/#website"},"primaryImageOfPage":{"@id":"https:\/\/www.istegroup.com\/fr\/produit\/les-sols-au-coeur-de-la-zone-critique-6\/#primaryimage"},"image":{"@id":"https:\/\/www.istegroup.com\/fr\/produit\/les-sols-au-coeur-de-la-zone-critique-6\/#primaryimage"},"thumbnailUrl":"https:\/\/www.istegroup.com\/wp-content\/uploads\/2018\/06\/Lemanceau_Front-scaled.jpg","datePublished":"2018-06-07T09:04:23+00:00","dateModified":"2024-01-03T13:42:24+00:00","description":"Les sols au coeur de la zone critique 6\u00a0pr\u00e9sente la vision actualis\u00e9e des connaissances et des pistes de recherche en \u00e9cologie du sol en tant que syst\u00e8me complexe des meilleurs sp\u00e9cialistes fran\u00e7ais.","breadcrumb":{"@id":"https:\/\/www.istegroup.com\/fr\/produit\/les-sols-au-coeur-de-la-zone-critique-6\/#breadcrumb"},"inLanguage":"en-US","potentialAction":[{"@type":"ReadAction","target":["https:\/\/www.istegroup.com\/fr\/produit\/les-sols-au-coeur-de-la-zone-critique-6\/"]}]},{"@type":"ImageObject","inLanguage":"en-US","@id":"https:\/\/www.istegroup.com\/fr\/produit\/les-sols-au-coeur-de-la-zone-critique-6\/#primaryimage","url":"https:\/\/www.istegroup.com\/wp-content\/uploads\/2018\/06\/Lemanceau_Front-scaled.jpg","contentUrl":"https:\/\/www.istegroup.com\/wp-content\/uploads\/2018\/06\/Lemanceau_Front-scaled.jpg","width":1714,"height":2560,"caption":"\u00c9cologie"},{"@type":"BreadcrumbList","@id":"https:\/\/www.istegroup.com\/fr\/produit\/les-sols-au-coeur-de-la-zone-critique-6\/#breadcrumb","itemListElement":[{"@type":"ListItem","position":1,"name":"Home","item":"https:\/\/www.istegroup.com\/"},{"@type":"ListItem","position":2,"name":"Shop","item":"https:\/\/www.istegroup.com\/fr\/nouveautes\/"},{"@type":"ListItem","position":3,"name":"Les sols au coeur de la zone critique 6"}]},{"@type":"WebSite","@id":"https:\/\/www.istegroup.com\/#website","url":"https:\/\/www.istegroup.com\/","name":"ISTE Group","description":"Publishing Knowledge","potentialAction":[{"@type":"SearchAction","target":{"@type":"EntryPoint","urlTemplate":"https:\/\/www.istegroup.com\/?s={search_term_string}"},"query-input":{"@type":"PropertyValueSpecification","valueRequired":true,"valueName":"search_term_string"}}],"inLanguage":"en-US"}]}},"_links":{"self":[{"href":"https:\/\/www.istegroup.com\/en\/wp-json\/wp\/v2\/product\/13331","targetHints":{"allow":["GET"]}}],"collection":[{"href":"https:\/\/www.istegroup.com\/en\/wp-json\/wp\/v2\/product"}],"about":[{"href":"https:\/\/www.istegroup.com\/en\/wp-json\/wp\/v2\/types\/product"}],"wp:featuredmedia":[{"embeddable":true,"href":"https:\/\/www.istegroup.com\/en\/wp-json\/wp\/v2\/media\/13339"}],"wp:attachment":[{"href":"https:\/\/www.istegroup.com\/en\/wp-json\/wp\/v2\/media?parent=13331"}],"wp:term":[{"taxonomy":"product_brand","embeddable":true,"href":"https:\/\/www.istegroup.com\/en\/wp-json\/wp\/v2\/product_brand?post=13331"},{"taxonomy":"product_cat","embeddable":true,"href":"https:\/\/www.istegroup.com\/en\/wp-json\/wp\/v2\/product_cat?post=13331"},{"taxonomy":"product_tag","embeddable":true,"href":"https:\/\/www.istegroup.com\/en\/wp-json\/wp\/v2\/product_tag?post=13331"}],"curies":[{"name":"wp","href":"https:\/\/api.w.org\/{rel}","templated":true}]}}

<p>Les sols sont des milieux où évolue une myriade d’organismes différents, déterminant une série de fonctions, qui se traduisent en services écosystémiques essentiels pour l’humanité. Mieux connaitre ces organismes, leur biodiversité, leurs interactions, ainsi que celles avec l’environnement, représente donc un enjeu majeur.</p>
<p>L’écologie des sols plonge ses racines dans l’histoire naturelle. Cette vision écologique appliquée aux sols a la particularité d’intégrer au moins partiellement les apports des sciences du sol (physique, chimie, biochimie). Par le renouvellement des méthodes d’observations et d’analyses (notamment moléculaires), le développement d’approches expérimentales et de la modélisation, c’est une écologie connectée avec les autres disciplines axées sur le sol qui émerge et qui commence à influencer en retour l’écologie des milieux épigés.</p>
<p><em>Les sols au coeur de la zone critique 6</em> présente la vision actualisée des connaissances et des pistes de recherche en écologie du sol en tant que système complexe des meilleurs spécialistes français.</p>

<p>Les sols sont des milieux où évolue une myriade d’organismes différents, déterminant une série de fonctions, qui se traduisent en services écosystémiques essentiels pour l’humanité. Mieux connaitre ces organismes, leur biodiversité, leurs interactions, ainsi que celles avec l’environnement, représente donc un enjeu majeur. L’écologie des sols plonge ses racines dans l’histoire naturelle. Cette vision écologique [&hellip;]</p>

<!-- This site is optimized with the Yoast SEO plugin v27.2 - https://yoast.com/product/yoast-seo-wordpress/ -->
<title>Les sols au coeur de la zone critique 6 - ISTE Group</title>
<meta name="description" content="Les sols au coeur de la zone critique 6 présente la vision actualisée des connaissances et des pistes de recherche en écologie du sol en tant que système complexe des meilleurs spécialistes français." />
<meta name="robots" content="index, follow, max-snippet:-1, max-image-preview:large, max-video-preview:-1" />
<link rel="canonical" href="https://www.istegroup.com/fr/produit/les-sols-au-coeur-de-la-zone-critique-6/" />
<meta property="og:locale" content="en_US" />
<meta property="og:type" content="article" />
<meta property="og:title" content="Les sols au coeur de la zone critique 6 - ISTE Group" />
<meta property="og:description" content="Les sols au coeur de la zone critique 6 présente la vision actualisée des connaissances et des pistes de recherche en écologie du sol en tant que système complexe des meilleurs spécialistes français." />
<meta property="og:url" content="https://www.istegroup.com/fr/produit/les-sols-au-coeur-de-la-zone-critique-6/" />
<meta property="og:site_name" content="ISTE Group" />
<meta property="article:modified_time" content="2024-01-03T13:42:24+00:00" />
<meta property="og:image" content="https://www.istegroup.com/wp-content/uploads/2018/06/Lemanceau_Front-scaled.jpg" />
	<meta property="og:image:width" content="1714" />
	<meta property="og:image:height" content="2560" />
	<meta property="og:image:type" content="image/jpeg" />
<meta name="twitter:card" content="summary_large_image" />
<meta name="twitter:label1" content="Est. reading time" />
	<meta name="twitter:data1" content="1 minute" />
<script type="application/ld+json" class="yoast-schema-graph">{"@context":"https://schema.org","@graph":[{"@type":"WebPage","@id":"https://www.istegroup.com/fr/produit/les-sols-au-coeur-de-la-zone-critique-6/","url":"https://www.istegroup.com/fr/produit/les-sols-au-coeur-de-la-zone-critique-6/","name":"Les sols au coeur de la zone critique 6 - ISTE Group","isPartOf":{"@id":"https://www.istegroup.com/#website"},"primaryImageOfPage":{"@id":"https://www.istegroup.com/fr/produit/les-sols-au-coeur-de-la-zone-critique-6/#primaryimage"},"image":{"@id":"https://www.istegroup.com/fr/produit/les-sols-au-coeur-de-la-zone-critique-6/#primaryimage"},"thumbnailUrl":"https://www.istegroup.com/wp-content/uploads/2018/06/Lemanceau_Front-scaled.jpg","datePublished":"2018-06-07T09:04:23+00:00","dateModified":"2024-01-03T13:42:24+00:00","description":"Les sols au coeur de la zone critique 6 présente la vision actualisée des connaissances et des pistes de recherche en écologie du sol en tant que système complexe des meilleurs spécialistes français.","breadcrumb":{"@id":"https://www.istegroup.com/fr/produit/les-sols-au-coeur-de-la-zone-critique-6/#breadcrumb"},"inLanguage":"en-US","potentialAction":[{"@type":"ReadAction","target":["https://www.istegroup.com/fr/produit/les-sols-au-coeur-de-la-zone-critique-6/"]}]},{"@type":"ImageObject","inLanguage":"en-US","@id":"https://www.istegroup.com/fr/produit/les-sols-au-coeur-de-la-zone-critique-6/#primaryimage","url":"https://www.istegroup.com/wp-content/uploads/2018/06/Lemanceau_Front-scaled.jpg","contentUrl":"https://www.istegroup.com/wp-content/uploads/2018/06/Lemanceau_Front-scaled.jpg","width":1714,"height":2560,"caption":"Écologie"},{"@type":"BreadcrumbList","@id":"https://www.istegroup.com/fr/produit/les-sols-au-coeur-de-la-zone-critique-6/#breadcrumb","itemListElement":[{"@type":"ListItem","position":1,"name":"Home","item":"https://www.istegroup.com/"},{"@type":"ListItem","position":2,"name":"Shop","item":"https://www.istegroup.com/fr/nouveautes/"},{"@type":"ListItem","position":3,"name":"Les sols au coeur de la zone critique 6"}]},{"@type":"WebSite","@id":"https://www.istegroup.com/#website","url":"https://www.istegroup.com/","name":"ISTE Group","description":"Publishing Knowledge","potentialAction":[{"@type":"SearchAction","target":{"@type":"EntryPoint","urlTemplate":"https://www.istegroup.com/?s={search_term_string}"},"query-input":{"@type":"PropertyValueSpecification","valueRequired":true,"valueName":"search_term_string"}}],"inLanguage":"en-US"}]}</script>
<!-- / Yoast SEO plugin. -->

Les sols au coeur de la zone critique 6 présente la vision actualisée des connaissances et des pistes de recherche en écologie du sol en tant que système complexe des meilleurs spécialistes français.

Écologie
