{"version":"1.0","provider_name":"ISTE Group","provider_url":"https:\/\/www.istegroup.com\/en","author_name":"Marcio Marim","author_url":"https:\/\/www.istegroup.com\/en\/profile\/marcio-marim\/","title":"Sensible et communication - ISTE Group","type":"rich","width":600,"height":338,"html":"<blockquote class=\"wp-embedded-content\" data-secret=\"4i5lf7SphF\"><a href=\"https:\/\/www.istegroup.com\/en\/produit\/sensible-et-communication\/\">Sensible et communication<\/a><\/blockquote><iframe sandbox=\"allow-scripts\" security=\"restricted\" src=\"https:\/\/www.istegroup.com\/en\/produit\/sensible-et-communication\/embed\/#?secret=4i5lf7SphF\" width=\"600\" height=\"338\" title=\"&#8220;Sensible et communication&#8221; &#8212; ISTE Group\" data-secret=\"4i5lf7SphF\" frameborder=\"0\" marginwidth=\"0\" marginheight=\"0\" scrolling=\"no\" class=\"wp-embedded-content\"><\/iframe><script type=\"text\/javascript\">\n\/* <![CDATA[ *\/\n\/*! This file is auto-generated *\/\n!function(d,l){\"use strict\";l.querySelector&&d.addEventListener&&\"undefined\"!=typeof URL&&(d.wp=d.wp||{},d.wp.receiveEmbedMessage||(d.wp.receiveEmbedMessage=function(e){var t=e.data;if((t||t.secret||t.message||t.value)&&!\/[^a-zA-Z0-9]\/.test(t.secret)){for(var s,r,n,a=l.querySelectorAll('iframe[data-secret=\"'+t.secret+'\"]'),o=l.querySelectorAll('blockquote[data-secret=\"'+t.secret+'\"]'),c=new RegExp(\"^https?:$\",\"i\"),i=0;i<o.length;i++)o[i].style.display=\"none\";for(i=0;i<a.length;i++)s=a[i],e.source===s.contentWindow&&(s.removeAttribute(\"style\"),\"height\"===t.message?(1e3<(r=parseInt(t.value,10))?r=1e3:~~r<200&&(r=200),s.height=r):\"link\"===t.message&&(r=new URL(s.getAttribute(\"src\")),n=new URL(t.value),c.test(n.protocol))&&n.host===r.host&&l.activeElement===s&&(d.top.location.href=t.value))}},d.addEventListener(\"message\",d.wp.receiveEmbedMessage,!1),l.addEventListener(\"DOMContentLoaded\",function(){for(var e,t,s=l.querySelectorAll(\"iframe.wp-embedded-content\"),r=0;r<s.length;r++)(t=(e=s[r]).getAttribute(\"data-secret\"))||(t=Math.random().toString(36).substring(2,12),e.src+=\"#?secret=\"+t,e.setAttribute(\"data-secret\",t)),e.contentWindow.postMessage({message:\"ready\",secret:t},\"*\")},!1)))}(window,document);\n\/\/# sourceURL=https:\/\/www.istegroup.com\/wp-includes\/js\/wp-embed.min.js\n\/* ]]> *\/\n<\/script>\n","thumbnail_url":"https:\/\/www.istegroup.com\/wp-content\/uploads\/2017\/07\/7693992644_3669562948-1.jpg","thumbnail_width":300,"thumbnail_height":450,"description":"Le sensible marque le passage de l\u2019incantation \u00e0 l\u2019incarnation, du discours et des effets de langage \u00e0 la mise en forme, en sc\u00e8ne, en acte, de la communication. Cet ouvrage propose de mettre cette approche \u00e0 l\u2019\u00e9preuve, \u00e0 travers des valeurs, des discours, des univers d\u2019exp\u00e9rience qui, sous l\u2019attrait du sensible et de son pouvoir de figurativit\u00e9, donnent vie et \u00e2me \u00e0 la communication."}

Le sensible marque le passage de l’incantation à l’incarnation, du discours et des effets de langage à la mise en forme, en scène, en acte, de la communication. Cet ouvrage propose de mettre cette approche à l’épreuve, à travers des valeurs, des discours, des univers d’expérience qui, sous l’attrait du sensible et de son pouvoir de figurativité, donnent vie et âme à la communication.
